366
CXUS56 KPQR 281200
CF6SLE
PRELIMINARY LOCAL CLIMATOLOGICAL DATA (WS FORM: F-6)

                                          STATION:   SALEM OR
                                          MONTH:     MARCH
                                          YEAR:      2017
                                          LATITUDE:   44 55 N
                                          LONGITUDE: 123  0 W

  TEMPERATURE IN F:       :PCPN:    SNOW:  WIND      :SUNSHINE: SKY     :PK WND
================================================================================
1   2   3   4   5  6A  6B    7    8   9   10  11  12  13   14  15   16   17  18
                                     12Z  AVG MX 2MIN
DY MAX MIN AVG DEP HDD CDD  WTR  SNW DPTH SPD SPD DIR MIN PSBL S-S WX    SPD DR
================================================================================

 1  52  37  45   0  20   0    T    M    0  8.0 17 180   M    M   6 1      22 190
 2  50  34  42  -3  23   0 0.03    M    0  9.2 17 180   M    M   9 1      21 180
 3  51  41  46   1  19   0 0.47    M    0 14.2 26 180   M    M  10 1      33 170
 4  47  36  42  -3  23   0 0.19    M    0  8.5 20 190   M    M   8 1      27 190
 5  44  34  39  -6  26   0 0.24    M    0 14.9 29 180   M    M   7 1      38 180
 6  45  33  39  -7  26   0 0.60    M    M 12.0 20 190   M    M   9 18     27 200
 7  49  41  45  -1  20   0 0.74    M    M 14.5 30 190   M    M   8 1      41 170
 8  51  44  48   2  17   0 0.19    M    0  5.0 13 180   M    M  10 1      15 180
 9  58  51  55   9  10   0 0.33  0.0    0 11.9 25 180   M    M  10 1      36 200
10  62  45  54   8  11   0    T    M    0  8.3 23 200   M    M   4        30 200
11  58  40  49   3  16   0 0.21    M    0  7.7 22 230   M    M   7 1      31 240
12  64  45  55   9  10   0 0.00  0.0    0  5.5 14 180   M    M   4        17 160
13  58  51  55   8  10   0 0.15  0.0    0  7.6 17 170   M    M  10 1      24 200
14  59  53  56   9   9   0 0.85  0.0    0  8.9 18 170   M    M   8 1      25 190
15  56  45  51   4  14   0 0.84    M    0 10.4 24 180   M    M  10 1      32 170
16  56  35  46  -1  19   0 0.00  0.0    0  2.4 12 150   M    M   3 1      15 150
17  56  36  46  -1  19   0 0.17    M    0  4.3 13 310   M    M   7 1      14 160
18  58  39  49   2  16   0 0.41    M    0 10.7 28 190   M    M   8 1      34 190
19  57  32  45  -2  20   0 0.00  0.0    0  8.1 16 360   M    M   1        20  20
20  51  40  46  -2  19   0 0.22    M    0  4.8 12 290   M    M   9        13 290
21  64  45  55   7  10   0 0.12    M    0  6.5 18 180   M    M   9 1      24 180
22  55  39  47  -1  18   0 0.01    M    0 10.9 24 200   M    M   6        33 190
23  57  35  46  -2  19   0 0.33    M    0  7.1 20 190   M    M   5 18     24 180
24  55  43  49   1  16   0 0.69    M    0  9.5 24 190   M    M  10 1      30 180
25  54  43  49   1  16   0 0.02    M    0  7.0 22 260   M    M   8        25 260
26  53  43  48   0  17   0 0.49    M    0  9.2 20 180   M    M  10 1      26 190
27  56  44  50   2  15   0 0.11    M    0  9.5 21 230   M    M   9 1      26 210
================================================================================
SM 1476 1104       458   0  7.41     0.0 236.6          M      205
================================================================================
AV 54.7 40.9                               8.8 FASTST   M    M   8    MAX(MPH)
                                 MISC ---->  # 30 190               # 41  170
================================================================================
NOTES:
# LAST OF SEVERAL OCCURRENCES

COLUMN 17 PEAK WIND IN M.P.H.

PRELIMINARY LOCAL CLIMATOLOGICAL DATA (WS FORM: F-6) , PAGE 2

                                          STATION:  SALEM OR
                                          MONTH:    MARCH
                                          YEAR:     2017
                                          LATITUDE:   44 55 N
                                          LONGITUDE: 123  0 W

[TEMPERATURE DATA]      [PRECIPITATION DATA]       SYMBOLS USED IN COLUMN 16

AVERAGE MONTHLY: 47.8   TOTAL FOR MONTH:   7.41    1 = FOG OR MIST
DPTR FM NORMAL:   1.1   DPTR FM NORMAL:    3.89    2 = FOG REDUCING VISIBILITY
HIGHEST:    64 ON 21,12 GRTST 24HR  0.85 ON 14-14      TO 1/4 MILE OR LESS
LOWEST:     32 ON 19                               3 = THUNDER
                        SNOW, ICE PELLETS, HAIL    4 = ICE PELLETS
                        TOTAL MONTH:   0.0 INCH    5 = HAIL
                        GRTST 24HR     0.0         6 = FREEZING RAIN OR DRIZZLE
                        GRTST DEPTH:   0           7 = DUSTSTORM OR SANDSTORM:
                                                       VSBY 1/2 MILE OR LESS
                                                   8 = SMOKE OR HAZE
[NO. OF DAYS WITH]      [WEATHER - DAYS WITH]      9 = BLOWING SNOW
                                                   X = TORNADO
MAX 32 OR BELOW:   0    0.01 INCH OR MORE:  22
MAX 90 OR ABOVE:   0    0.10 INCH OR MORE:  19
MIN 32 OR BELOW:   1    0.50 INCH OR MORE:   5
MIN  0 OR BELOW:   0    1.00 INCH OR MORE:   0

[HDD (BASE 65) ]
TOTAL THIS MO.   458    CLEAR  (SCALE 0-3)   1
DPTR FM NORMAL   -38    PTCLDY (SCALE 4-7)  13
TOTAL FM JUL 1  3616    CLOUDY (SCALE 8-10) 13
DPTR FM NORMAL  -120

[CDD (BASE 65) ]
TOTAL THIS MO.     0
DPTR FM NORMAL     0    [PRESSURE DATA]
TOTAL FM JAN 1     0    HIGHEST SLP M ON M
DPTR FM NORMAL     0    LOWEST  SLP 29.55 ON  4

[REMARKS]
