000
CXUS55 KLOX 281655
CF6SMO
PRELIMINARY LOCAL CLIMATOLOGICAL DATA (WS FORM: F-6)

                                          STATION:   SANTA MONICA AIRPORT CA
                                          MONTH:     FEBRUARY
                                          YEAR:      2017
                                          LATITUDE:   34  0 N
                                          LONGITUDE: 118 27 W

  TEMPERATURE IN F:       :PCPN:    SNOW:  WIND      :SUNSHINE: SKY     :PK WND
================================================================================
1   2   3   4   5  6A  6B    7    8   9   10  11  12  13   14  15   16   17  18
                                     12Z  AVG MX 2MIN
DY MAX MIN AVG DEP HDD CDD  WTR  SNW DPTH SPD SPD DIR MIN PSBL S-S WX    SPD DR
================================================================================

 1  68  46  57   1   8   0 0.00  0.0    0  3.4 12 240   M    M   1 18     14 230
 2  63  50  57   1   8   0 0.00  0.0    0  3.5 12 230   M    M   7 18     14 240
 3  59  54  57   1   8   0 0.32  0.0    0  2.4  9  70   M    M  10 1      13 100
 4  61  53  57   1   8   0 0.00  0.0    0  3.5 13 240   M    M   7 12     17 260
 5  59  51  55  -1  10   0 0.01  0.0    0  2.5 12 220   M    M   8 18     14 220
 6  61  53  57   1   8   0 0.84  0.0    0  4.8 14  70   M    M  10 1      19  70
 7  61  57  59   3   6   0 0.34  0.0    0  4.4 13 240   M    M   8 1      18 240
 8  66  57  62   6   3   0 0.04  0.0    0  2.6  9 230   M    M   8 12     12 240
 9  64  55  60   4   5   0 0.00  0.0    0  3.1 10 230   M    M   7 12     13 210
10  62  55  59   3   6   0 0.28  0.0    0  2.1  9 240   M    M   5 18     15  80
11  62  53  58   2   7   0 0.08  0.0    0  4.2 12 200   M    M   7 1      15 210
12  70  48  59   3   6   0 0.00  0.0    0  3.8 12 200   M    M   1        13 200
13  71  53  62   6   3   0 0.00  0.0    0  3.5 10 180   M    M   0        12 180
14  69  54  62   5   3   0 0.00  0.0    0  4.3 12 230   M    M   4 1      17 220
15  70  50  60   3   5   0 0.00  0.0    0  3.5 12 250   M    M   2 12     16 250
16  62  51  57   0   8   0    T  0.0    0  3.9 14 230   M    M   7 128    18 240
17  58  52  55  -2  10   0 1.83  0.0    0 11.6 28 130   M    M  10 1      40 120
18  60  50  55  -2  10   0 0.23  0.0    0  4.4 13 260   M    M   7 1      19 270
19  60  49  55  -2  10   0 0.04    M    0  3.6 10 240   M    M   8 1      15  90
20  60  52  56  -1   9   0 0.09  0.0    0  4.0 12 100   M    M  10 1      14 110
21  61  50  56  -1   9   0 0.06    M    0  2.0  6 260   M    M  10         M  M
22  62  49  56  -1   9   0 0.00  0.0    M  5.3 15 250   M    M   1        22 240
23  58  50  54  -3  11   0 0.00  0.0    M 10.3 14 350   M    M   0        27 360
24  61  46  54  -3  11   0 0.00  0.0    M  5.6 15 240   M    M   0        23  10
25  59  41  50  -7  15   0 0.00  0.0    0  4.0 13 240   M    M   1        18 240
26  57  47  52  -5  13   0 0.07    M    0  5.1 12 140   M    M   9        16 140
27  58  50  54  -3  11   0 0.00  0.0    0  3.5  9 230   M    M   8        12 240
================================================================================
SM 1682 1376       220   0  4.23     0.0 115.0          M      156
================================================================================
AV 62.3 51.0                               4.3 FASTST   M    M   6    MAX(MPH)
                                 MISC ---->  # 28 130               # 40  120
================================================================================
NOTES:
# LAST OF SEVERAL OCCURRENCES

COLUMN 17 PEAK WIND IN M.P.H.

PRELIMINARY LOCAL CLIMATOLOGICAL DATA (WS FORM: F-6) , PAGE 2

                                          STATION:  SANTA MONICA AIRPORT CA
                                          MONTH:    FEBRUARY
                                          YEAR:     2017
                                          LATITUDE:   34  0 N
                                          LONGITUDE: 118 27 W

[TEMPERATURE DATA]      [PRECIPITATION DATA]       SYMBOLS USED IN COLUMN 16

AVERAGE MONTHLY: 56.6   TOTAL FOR MONTH:   4.23    1 = FOG OR MIST
DPTR FM NORMAL:   0.1   DPTR FM NORMAL:    1.05    2 = FOG REDUCING VISIBILITY
HIGHEST:    71 ON 13    GRTST 24HR  2.02 ON 17-18      TO 1/4 MILE OR LESS
LOWEST:     41 ON 25                               3 = THUNDER
                        SNOW, ICE PELLETS, HAIL    4 = ICE PELLETS
                        TOTAL MONTH:   0.0 INCH    5 = HAIL
                        GRTST 24HR     0.0         6 = FREEZING RAIN OR DRIZZLE
                        GRTST DEPTH:   0           7 = DUSTSTORM OR SANDSTORM:
                                                       VSBY 1/2 MILE OR LESS
                                                   8 = SMOKE OR HAZE
[NO. OF DAYS WITH]      [WEATHER - DAYS WITH]      9 = BLOWING SNOW
                                                   X = TORNADO
MAX 32 OR BELOW:   0    0.01 INCH OR MORE:  13
MAX 90 OR ABOVE:   0    0.10 INCH OR MORE:   6
MIN 32 OR BELOW:   0    0.50 INCH OR MORE:   2
MIN  0 OR BELOW:   0    1.00 INCH OR MORE:   1

[HDD (BASE 65) ]
TOTAL THIS MO.   220    CLEAR  (SCALE 0-3)   8
DPTR FM NORMAL   -12    PTCLDY (SCALE 4-7)  10
TOTAL FM JUL 1   848    CLOUDY (SCALE 8-10)  9
DPTR FM NORMAL  -156

[CDD (BASE 65) ]
TOTAL THIS MO.     0
DPTR FM NORMAL     0    [PRESSURE DATA]
TOTAL FM JAN 1     0    HIGHEST SLP M ON M
DPTR FM NORMAL    -9    LOWEST  SLP 29.72 ON 19

[REMARKS]
