000
CXUS54 KMAF 261100
CF6SNK
PRELIMINARY LOCAL CLIMATOLOGICAL DATA (WS FORM: F-6)

                                          STATION:   Snyder Winston Field
                                          MONTH:     MAY
                                          YEAR:      2015
                                          LATITUDE:   32 41 N
                                          LONGITUDE: 100 57 W

  TEMPERATURE IN F:       :PCPN:    SNOW:  WIND      :SUNSHINE: SKY     :PK WND
================================================================================
1   2   3   4   5  6A  6B    7    8   9   10  11  12  13   14  15   16   17  18
                                     12Z  AVG MX 2MIN
DY MAX MIN AVG DEP HDD CDD  WTR  SNW DPTH SPD SPD DIR MIN PSBL S-S WX    SPD DR
================================================================================

 1  81  52  67   M   0   2 0.00  0.0    0  7.6 10 140   M    M   0         M  M
 2  83  54  69   M   0   4 0.00  0.0    0 10.8 16 170   M    M   0        28 170
 3  84  53  69   M   0   4 0.00  0.0    0 10.5 18 150   M    M   0        29 130
 4  80  61  71   M   0   6 0.02  0.0    0 14.1 25 120   M    M   4        33 120
 5  72  58  65   M   0   0 0.56  0.0    0 11.5 20 140   M    M   7        28 130
 6  84  64  74   M   0   9 0.00  0.0    0 13.5 21 170   M    M   4 1      29 170
 7  86  57  72   M   0   7 0.00  0.0    0 12.9 22 150   M    M   7 1      27  20
 8  91  56  74   M   0   9 0.00  0.0    0 13.8 23 180   M    M   4 1      31  10
 9  85  65  75   M   0  10 0.04  0.0    0  7.6 14 300   M    M   4        21 280
10  80  55  68   M   0   3 0.00  0.0    0  6.9 14  20   M    M   1        18  20
11  67  52  60   M   5   0 0.00  0.0    0 13.3 21  50   M    M   1        30  50
12  67  52  60   M   5   0 0.16  0.0    0 10.7 18  80   M    M   9        21  70
13  78  59  69   M   0   4 0.46  0.0    0 11.5 20 230   M    M   6        24 230
14  80  61  71   M   0   6 0.19  0.0    0 10.7 16 150   M    M   5        23 180
15  84  60  72   M   0   7 0.00  0.0    0 10.7 22 180   M    M   1        27 180
16  87  65  76   M   0  11 0.00  0.0    0 13.8 27 160   M    M   5 8      33 160
17  82  56  69   M   0   4 0.00  0.0    0  8.2 17 240   M    M   1        22 210
18  87  58  73   M   0   8 0.10  0.0    0 10.0 17 100   M    M   2 1      23 110
19  83  64  74   M   0   9 0.10  0.0    0 15.7 32 120   M    M   3        47 120
20  70  53  62   M   3   0 0.03  0.0    0 13.5 21  30   M    M   8 1      25  30
21  61  49  55   M  10   0 0.83    M    0 13.9 18  40   M    M  10 1      24  30
22  68  55  62   M   3   0 0.10  0.0    0  6.2 12  70   M    M  10 1      18  60
23  82  61  72   M   0   7 0.08  0.0    0 15.2 27 170   M    M   6        35 180
24  84  59  72   M   0   7 0.00  0.0    0  8.9 18 250   M    M   2        22 240
25  75  55  65   M   0   0 1.17  0.0    0 10.5 30 360   M    M   2 1      43 360
================================================================================
SM 1981 1434        26 117  3.84     0.0 282.0          M      102
================================================================================
AV 79.2 57.4                              11.3 FASTST   M    M   4    MAX(MPH)
                                 MISC ---->    32   M                 47    M
================================================================================
NOTES:
# LAST OF SEVERAL OCCURRENCES

COLUMN 17 PEAK WIND IN M.P.H.

PRELIMINARY LOCAL CLIMATOLOGICAL DATA (WS FORM: F-6) , PAGE 2

                                          STATION:  Snyder Winston Field
                                          MONTH:    MAY
                                          YEAR:     2015
                                          LATITUDE:   32 41 N
                                          LONGITUDE: 100 57 W

[TEMPERATURE DATA]      [PRECIPITATION DATA]       SYMBOLS USED IN COLUMN 16

AVERAGE MONTHLY: 68.3   TOTAL FOR MONTH:   3.84    1 = FOG OR MIST
DPTR FM NORMAL:     M   DPTR FM NORMAL:       M    2 = FOG REDUCING VISIBILITY
HIGHEST:    91 ON  8    GRTST 24HR  1.17 ON 25-25      TO 1/4 MILE OR LESS
LOWEST:     49 ON 21                               3 = THUNDER
                        SNOW, ICE PELLETS, HAIL    4 = ICE PELLETS
                        TOTAL MONTH:   0.0 INCH    5 = HAIL
                        GRTST 24HR     0.0         6 = FREEZING RAIN OR DRIZZLE
                        GRTST DEPTH:   0           7 = DUSTSTORM OR SANDSTORM:
                                                       VSBY 1/2 MILE OR LESS
                                                   8 = SMOKE OR HAZE
[NO. OF DAYS WITH]      [WEATHER - DAYS WITH]      9 = BLOWING SNOW
                                                   X = TORNADO
MAX 32 OR BELOW:   0    0.01 INCH OR MORE:  13
MAX 90 OR ABOVE:   1    0.10 INCH OR MORE:   9
MIN 32 OR BELOW:   0    0.50 INCH OR MORE:   3
MIN  0 OR BELOW:   0    1.00 INCH OR MORE:   1

[HDD (BASE 65) ]
TOTAL THIS MO.    26    CLEAR  (SCALE 0-3)  11
DPTR FM NORMAL     M    PTCLDY (SCALE 4-7)  10
TOTAL FM JUL 1  2448    CLOUDY (SCALE 8-10)  4
DPTR FM NORMAL     M

[CDD (BASE 65) ]
TOTAL THIS MO.   117
DPTR FM NORMAL     M    [PRESSURE DATA]
TOTAL FM JAN 1   231    HIGHEST SLP M ON M
DPTR FM NORMAL     M    LOWEST  SLP M ON M

[REMARKS]
