000
CXUS54 KMAF 011100
CF6SNK
PRELIMINARY LOCAL CLIMATOLOGICAL DATA (WS FORM: F-6)

                                          STATION:   Snyder Winston Field
                                          MONTH:     JUNE
                                          YEAR:      2015
                                          LATITUDE:   32 41 N
                                          LONGITUDE: 100 57 W

  TEMPERATURE IN F:       :PCPN:    SNOW:  WIND      :SUNSHINE: SKY     :PK WND
================================================================================
1   2   3   4   5  6A  6B    7    8   9   10  11  12  13   14  15   16   17  18
                                     12Z  AVG MX 2MIN
DY MAX MIN AVG DEP HDD CDD  WTR  SNW DPTH SPD SPD DIR MIN PSBL S-S WX    SPD DR
================================================================================

 1  85  62  74   M   0   9 0.00  0.0    0  8.5 15 150   M    M   0        18 150
 2  86  65  76   M   0  11 0.00  0.0    0 10.6 18 160   M    M   1        22 160
 3  88  64  76   M   0  11 0.00  0.0    0 11.8 16 150   M    M   0        24 160
 4  87  64  76   M   0  11 0.00  0.0    0 10.9 16 140   M    M   1        23 140
 5  86  63  75   M   0  10 0.00  0.0    0  8.9 17 120   M    M   2        17 190
 6  86  64  75   M   0  10 0.00  0.0    0  8.5 13 170   M    M   1        18 160
 7  86  65  76   M   0  11 0.00  0.0    0  8.6 14 180   M    M   0        16 150
 8  87  67  77   M   0  12 0.00  0.0    0  5.0 10 240   M    M   0         M  M
 9  90  67  79   M   0  14 0.00  0.0    0  6.1 10 220   M    M   0         M  M
10  92  68  80   M   0  15 0.00  0.0    0  9.4 13 160   M    M   0        21 160
11  93  68  81   M   0  16 0.00  0.0    0 12.5 20 150   M    M   0        25 150
12  86  68  77   M   0  12 0.95  0.0    0 12.2 25 110   M    M   5        28 140
13  89  65  77   M   0  12 0.00  0.0    0  9.5 15 130   M    M   5        23  20
14  87  64  76   M   0  11 0.15  0.0    0  6.2 14 130   M    M   3        17 130
15  81  65  73   M   0   8 0.09  0.0    0  5.3 15  90   M    M   6        23  90
16  82  67  75   M   0  10 0.00  0.0    0  8.2 20  90   M    M   6        25  90
17  83  69  76   M   0  11 0.00  0.0    0  6.2 10 360   M    M   5 8       M  M
18  90  68  79   M   0  14 0.00  0.0    0  4.4  8 140   M    M   1         M  M
19  89  68  79   M   0  14 0.00  0.0    0  7.7 12 160   M    M   0         M  M
20  87  66  77   M   0  12 0.00  0.0    0 12.7 20 160   M    M   2        27 180
21  88  69  79   M   0  14 0.00  0.0    0 10.5 16 180   M    M   4 8      22 170
22  86  69  78   M   0  13 0.00  0.0    0 12.3 18 160   M    M   6        27 160
23  88  66  77   M   0  12 0.00  0.0    0  8.6 18 160   M    M   1 18     21 160
24  89  67  78   M   0  13 0.00  0.0    0  8.5 14 170   M    M   1        18 180
25  90  67  79   M   0  14 0.00  0.0    0  9.8 15 150   M    M   2        20 180
26  89  69  79   M   0  14 0.00  0.0    0  6.5 12 210   M    M   2         M  M
27  87  68  78   M   0  13 0.00  0.0    0  7.4 14  40   M    M   2        18  50
28  89  66  78   M   0  13 0.00  0.0    0  3.7  9 160   M    M   0        16 170
29  93  66  80   M   0  15 0.00  0.0    0  5.5  9 120   M    M   2         M  M
30  86  64  75   M   0  10 1.07  0.0    0  8.0 22  10   M    M   3        31  10
================================================================================
SM 2625 1988         0 365  2.26     0.0 254.0          M       61
================================================================================
AV 87.5 66.3                               8.5 FASTST   M    M   2    MAX(MPH)
                                 MISC ---->    25   M                 31    M
================================================================================
NOTES:
# LAST OF SEVERAL OCCURRENCES

COLUMN 17 PEAK WIND IN M.P.H.

PRELIMINARY LOCAL CLIMATOLOGICAL DATA (WS FORM: F-6) , PAGE 2

                                          STATION:  Snyder Winston Field
                                          MONTH:    JUNE
                                          YEAR:     2015
                                          LATITUDE:   32 41 N
                                          LONGITUDE: 100 57 W

[TEMPERATURE DATA]      [PRECIPITATION DATA]       SYMBOLS USED IN COLUMN 16

AVERAGE MONTHLY: 76.9   TOTAL FOR MONTH:   2.26    1 = FOG OR MIST
DPTR FM NORMAL:     M   DPTR FM NORMAL:       M    2 = FOG REDUCING VISIBILITY
HIGHEST:    93 ON 29,11 GRTST 24HR  1.07 ON 30-30      TO 1/4 MILE OR LESS
LOWEST:     62 ON  1                               3 = THUNDER
                        SNOW, ICE PELLETS, HAIL    4 = ICE PELLETS
                        TOTAL MONTH:   0.0 INCH    5 = HAIL
                        GRTST 24HR     0.0         6 = FREEZING RAIN OR DRIZZLE
                        GRTST DEPTH:   0           7 = DUSTSTORM OR SANDSTORM:
                                                       VSBY 1/2 MILE OR LESS
                                                   8 = SMOKE OR HAZE
[NO. OF DAYS WITH]      [WEATHER - DAYS WITH]      9 = BLOWING SNOW
                                                   X = TORNADO
MAX 32 OR BELOW:   0    0.01 INCH OR MORE:   4
MAX 90 OR ABOVE:   6    0.10 INCH OR MORE:   3
MIN 32 OR BELOW:   0    0.50 INCH OR MORE:   2
MIN  0 OR BELOW:   0    1.00 INCH OR MORE:   1

[HDD (BASE 65) ]
TOTAL THIS MO.     0    CLEAR  (SCALE 0-3)  22
DPTR FM NORMAL     M    PTCLDY (SCALE 4-7)   8
TOTAL FM JUL 1  2449    CLOUDY (SCALE 8-10)  0
DPTR FM NORMAL     M

[CDD (BASE 65) ]
TOTAL THIS MO.   365
DPTR FM NORMAL     M    [PRESSURE DATA]
TOTAL FM JAN 1   627    HIGHEST SLP M ON M
DPTR FM NORMAL     M    LOWEST  SLP M ON M

[REMARKS]
#FINAL-06-15#
