000
CXUS55 KPIH 311200
CF6SNT

PRELIMINARY LOCAL CLIMATOLOGICAL DATA (WS FORM: F-6)

                                          STATION:   STANLEY_ID
                                          MONTH:     AUGUST
                                          YEAR:      2015
                                          LATITUDE:   44 10 N
                                          LONGITUDE: 114 56 W

  TEMPERATURE IN F:       :PCPN:    SNOW:  WIND      :SUNSHINE: SKY     :PK WND
================================================================================
1   2   3   4   5  6A  6B    7    8   9   10  11  12  13   14  15   16   17  18
                                     12Z  AVG MX 2MIN
DY MAX MIN AVG DEP HDD CDD  WTR  SNW DPTH SPD SPD DIR MIN PSBL S-S WX    SPD DR
================================================================================

 1  90  34  62   3   3   0 0.00    M    M  4.0 13 290   M    M   0        19 350
 2  91  38  65   6   0   0 0.00    M    M  3.3 18 160   M    M   0        27 140
 3  79  44  62   3   3   0 0.00    M    M  3.6 15 250   M    M   0        22 240
 4  81  44  63   4   2   0 0.00    M    M  5.9 16 140   M    M   0        23 200
 5  67  41  54  -4  11   0 0.09    M    M  4.9 20 130   M    M   0        31 130
 6  73  38  56  -2   9   0 0.00    M    M  3.9 17 180   M    M   0        25 180
 7  77  32  55  -3  10   0 0.00    M    M  3.3 12 330   M    M   0        18 210
 8  69  41  55  -3  10   0 0.30    M    M  3.5 17  30   M    M   0        26 330
 9  77  40  59   1   6   0 0.01    M    M  3.6 16 140   M    M   0        22 150
10  81  40  61   3   4   0 0.00    M    M  6.1 24 160   M    M   0        36 160
11  86  40  63   5   2   0 0.00    M    M  5.9 17 150   M    M   0        24 150
12  85  49  67  10   0   2 0.00    M    M  5.3 15 200   M    M   0        22 190
13  88  41  65   8   0   0 0.00    M    M  4.8 18 160   M    M   0        25 150
14  86  52  69  12   0   4 0.02    M    M  8.4 24 180   M    M   0        40 180
15  77  35  56  -1   9   0 0.00    M    M  4.1 12 350   M    M   0        17  30
16  76  30  53  -3  12   0 0.00    M    M  3.9 12 260   M    M   0        19 260
17  76  30  53  -3  12   0 0.00    M    M  4.7 17 330   M    M   0        23 330
18  76  30  53  -3  12   0 0.00    M    M  3.9 14 360   M    M   0        20 350
19  77  32  55  -1  10   0 0.00    M    M  3.2 13 310   M    M   0        20 310
20  80  33  57   2   8   0 0.00    M    M  4.3 14 300   M    M   0        20 310
21  78  33  56   1   9   0 0.00    M    M  4.3 17 320   M    M   0        25 310
22  76  32  54  -1  11   0 0.00    M    M  3.8 12 340   M    M   0        17  40
23  83  28  56   2   9   0 0.00    M    M  2.9 14 290   M    M   0        19 300
24  86  34  60   6   5   0 0.00    M    M  3.5 16 190   M    M   0        21 170
25  87  38  63   9   2   0 0.00    M    M  3.9 14 210   M    M   0        22 220
26  87  35  61   7   4   0 0.00    M    M  5.8 24 260   M    M   0        36 270
27  81  41  61   8   4   0 0.00    M    M  3.6 14 270   M    M   0        22 260
28  84  34  59   6   6   0 0.00    M    M  2.9 17 190   M    M   0        26 250
29  80  52  66  13   0   1 0.00    M    M  5.7 18 180   M    M   0        26 140
30  68  38  53   1  12   0 0.15    M    M  6.5 18 260   M    M   0        27 260
================================================================================
SM 2402 1129       185   7  0.57    M    133.5          M        0
================================================================================
AV 80.1 37.6                               4.4 FASTST   M    M   0    MAX(MPH)
                                 MISC ---->  # 24 160               # 40  180
================================================================================
NOTES:
# LAST OF SEVERAL OCCURRENCES

COLUMN 17 PEAK WIND IN M.P.H.

PRELIMINARY LOCAL CLIMATOLOGICAL DATA (WS FORM: F-6) , PAGE 2

                                          STATION:  STANLEY_ID
                                          MONTH:    AUGUST
                                          YEAR:     2015
                                          LATITUDE:   44 10 N
                                          LONGITUDE: 114 56 W

[TEMPERATURE DATA]      [PRECIPITATION DATA]       SYMBOLS USED IN COLUMN 16

AVERAGE MONTHLY: 58.8   TOTAL FOR MONTH:   0.57    1 = FOG OR MIST
DPTR FM NORMAL:   2.6   DPTR FM NORMAL:   -0.08    2 = FOG REDUCING VISIBILITY
HIGHEST:    91 ON  2    GRTST 24HR  0.30 ON  8- 8      TO 1/4 MILE OR LESS
LOWEST:     28 ON 23                               3 = THUNDER
                        SNOW, ICE PELLETS, HAIL    4 = ICE PELLETS
                        TOTAL MONTH:    M          5 = HAIL
                        GRTST 24HR    M  ON   M    6 = FREEZING RAIN OR DRIZZLE
                        GRTST DEPTH:  M  ON   M    7 = DUSTSTORM OR SANDSTORM:
                                                       VSBY 1/2 MILE OR LESS
                                                   8 = SMOKE OR HAZE
[NO. OF DAYS WITH]      [WEATHER - DAYS WITH]      9 = BLOWING SNOW
                                                   X = TORNADO
MAX 32 OR BELOW:   0    0.01 INCH OR MORE:   5
MAX 90 OR ABOVE:   2    0.10 INCH OR MORE:   2
MIN 32 OR BELOW:   7    0.50 INCH OR MORE:   0
MIN  0 OR BELOW:   0    1.00 INCH OR MORE:   0

[HDD (BASE 65) ]
TOTAL THIS MO.   185    CLEAR  (SCALE 0-3)  30
DPTR FM NORMAL   -81    PTCLDY (SCALE 4-7)   0
TOTAL FM JUL 1   401    CLOUDY (SCALE 8-10)  0
DPTR FM NORMAL  -106

[CDD (BASE 65) ]
TOTAL THIS MO.     7
DPTR FM NORMAL     7    [PRESSURE DATA]
TOTAL FM JAN 1    25    HIGHEST SLP M ON M
DPTR FM NORMAL    22    LOWEST  SLP 29.67 ON 21

[REMARKS]
