000
CXUS55 KCYS 301000
CF6SNY
PRELIMINARY LOCAL CLIMATOLOGICAL DATA (WS FORM: F-6)

                                          STATION:   SIDNEY NEBRASKA AIRPORT
                                          MONTH:     SEPTEMBER
                                          YEAR:      2014
                                          LATITUDE:   41  5 N
                                          LONGITUDE: 102 59 W

  TEMPERATURE IN F:       :PCPN:    SNOW:  WIND      :SUNSHINE: SKY     :PK WND
================================================================================
1   2   3   4   5  6A  6B    7    8   9   10  11  12  13   14  15   16   17  18
                                     12Z  AVG MX 2MIN
DY MAX MIN AVG DEP HDD CDD  WTR  SNW DPTH SPD SPD DIR MIN PSBL S-S WX    SPD DR
================================================================================

 1  80  47  64  -6   1   0 0.00    M    M  9.2 25 360   M    M   3        31 360
 2  87  42  65  -5   0   0 0.00    M    M 10.2 23 200   M    M   0        30 190
 3  99  62  81  12   0  16 0.00    M    M 12.1 25 210   M    M   0        34 210
 4  77  56  67  -2   0   2    T    M    M 14.6 25 340   M    M   1        33 340
 5  63  49  56 -12   9   0 0.37    M    M  6.9 21 140   M    M   7 1      25 130
 6  77  49  63  -5   2   0 0.00    M    M  8.6 16 170   M    M   2        22 180
 7  86  50  68   0   0   3 0.00    M    M  8.9 20 190   M    M   0        25 180
 8  91  50  71   4   0   6 0.00    M    M  8.5 20 320   M    M   0 8      24 330
 9  78  52  65  -2   0   0    T    M    M 12.1 26 320   M    M   5 8      32 320
10  67  45  56 -10   9   0 0.01    M    M 12.9 22  10   M    M   6 13     27 360
11  45  33  39 -27  26   0 0.25    M    M 13.9 22  50   M    M   8 13     27  50
12  49  33  41 -24  24   0 0.04    M    M  8.3 16 200   M    M   6 1      21 200
13  74  35  55 -10  10   0 0.00    M    M  8.8 18 200   M    M   0 1      22 210
14  79  43  61  -3   4   0    T    M    M  7.1 20  20   M    M   3 12     24  30
15  68  40  54 -10  11   0 0.00    M    M 10.6 18 170   M    M   4        24 160
16  87  50  69   6   0   4 0.00    M    M 10.1 20 320   M    M   0 1      23 320
17  91  47  69   6   0   4 0.00    M    M  7.4 16 310   M    M   1        19 330
18  90  55  73  11   0   8 0.00    M    M 10.2 20 160   M    M   2 12     24 160
19  92  56  74  12   0   9 0.00    M    M  9.0 26 310   M    M   1 3      41 280
20  84  54  69   8   0   4 0.00    M    M  9.2 16  10   M    M   1        20 360
21  77  48  63   2   2   0 0.00    M    M  7.7 16 140   M    M   7        27 160
22  82  56  69   9   0   4 0.19    M    M 14.9 28 320   M    M   4 13     35 320
23  86  53  70  10   0   5 0.00    M    M 11.8 22 280   M    M   2        33 300
24  87  50  69  10   0   4 0.00    M    M  6.9 13 290   M    M   0        14 290
25  90  49  70  11   0   5 0.00    M    M 11.9 23 150   M    M   0        28 160
26  89  48  69  11   0   4 0.00    M    M 11.8 21 170   M    M   0        26 160
27  86  46  66   8   0   1 0.00    M    M  8.5 17 140   M    M   0        22 140
28  81  48  65   8   0   0 0.07    M    M 10.8 24 150   M    M   3 3      31 140
29  74  49  62   5   3   0 2.07    M    M 10.1 37 220   M    M   7 13     46 220
================================================================================
SM 2316 1395       101  79  3.00    M    293.0          M       73
================================================================================
AV 79.9 48.1                              10.1 FASTST   M    M   3    MAX(MPH)
                                 MISC ---->  # 37 220               # 46  220
================================================================================
NOTES:
# LAST OF SEVERAL OCCURRENCES

COLUMN 17 PEAK WIND IN M.P.H.

PRELIMINARY LOCAL CLIMATOLOGICAL DATA (WS FORM: F-6) , PAGE 2

                                          STATION:  SIDNEY NEBRASKA AIRPORT
                                          MONTH:    SEPTEMBER
                                          YEAR:     2014
                                          LATITUDE:   41  5 N
                                          LONGITUDE: 102 59 W

[TEMPERATURE DATA]      [PRECIPITATION DATA]       SYMBOLS USED IN COLUMN 16

AVERAGE MONTHLY: 64.0   TOTAL FOR MONTH:   3.00    1 = FOG OR MIST
DPTR FM NORMAL:   0.3   DPTR FM NORMAL:    1.78    2 = FOG REDUCING VISIBILITY
HIGHEST:    99 ON  3    GRTST 24HR  2.07 ON 29-29      TO 1/4 MILE OR LESS
LOWEST:     33 ON 12,11                            3 = THUNDER
                        SNOW, ICE PELLETS, HAIL    4 = ICE PELLETS
                        TOTAL MONTH:    M          5 = HAIL
                        GRTST 24HR    M  ON   M    6 = FREEZING RAIN OR DRIZZLE
                        GRTST DEPTH:  M  ON   M    7 = DUSTSTORM OR SANDSTORM:
                                                       VSBY 1/2 MILE OR LESS
                                                   8 = SMOKE OR HAZE
[NO. OF DAYS WITH]      [WEATHER - DAYS WITH]      9 = BLOWING SNOW
                                                   X = TORNADO
MAX 32 OR BELOW:   0    0.01 INCH OR MORE:   7
MAX 90 OR ABOVE:   6    0.10 INCH OR MORE:   4
MIN 32 OR BELOW:   0    0.50 INCH OR MORE:   1
MIN  0 OR BELOW:   0    1.00 INCH OR MORE:   1

[HDD (BASE 65) ]
TOTAL THIS MO.   101    CLEAR  (SCALE 0-3)  20
DPTR FM NORMAL   -19    PTCLDY (SCALE 4-7)   9
TOTAL FM JUL 1   113    CLOUDY (SCALE 8-10)  0
DPTR FM NORMAL   -18

[CDD (BASE 65) ]
TOTAL THIS MO.    79
DPTR FM NORMAL    -5    [PRESSURE DATA]
TOTAL FM JAN 1   637    HIGHEST SLP M ON M
DPTR FM NORMAL  -189    LOWEST  SLP 29.60 ON  3

[REMARKS]
