000
CXUS54 KLZK 291330
CF6SRC
PRELIMINARY LOCAL CLIMATOLOGICAL DATA (WS FORM: F-6)

                                          STATION:   Searcy Airport
                                          MONTH:     MARCH
                                          YEAR:      2015
                                          LATITUDE:   35 12 N
                                          LONGITUDE:  91 44 W

  TEMPERATURE IN F:       :PCPN:    SNOW:  WIND      :SUNSHINE: SKY     :PK WND
================================================================================
1   2   3   4   5  6A  6B    7    8   9   10  11  12  13   14  15   16   17  18
                                     12Z  AVG MX 2MIN
DY MAX MIN AVG DEP HDD CDD  WTR  SNW DPTH SPD SPD DIR MIN PSBL S-S WX    SPD DR
================================================================================

 1  42  30  36 -10  29   0 0.14  0.0    0  5.4  9  10   M    M  10 1       M  M
 2  38  33  36 -11  29   0    T    M    0 11.0 17  50   M    M  10 1      24  50
 3  61  33  47   0  18   0 0.01    M    0  4.5 15 180   M    M   9 12      M  M
 4  52  23  38 -10  27   0 1.61    M    0 12.0 22  10   M    M  10 1      33  10
 5  37  20  29 -19  36   0 0.16    M    M 10.4 18  20   M    M   3 1      25  20
 6  41  11  26 -22  39   0 0.00  0.0    0  3.8  9 170   M    M   0         M  M
 7  54  19  37 -11  28   0 0.00  0.0    0  4.0 10 180   M    M   0         M  M
 8  49  26  38 -11  27   0 0.07  0.0    0  2.5  8 190   M    M   7 12      M  M
 9  48  41  45  -4  20   0 0.70    M    0  5.1 14  60   M    M  10 12      M  M
10  57  47  52   2  13   0 0.26    M    0  4.5  9  50   M    M  10 1       M  M
11  69  50  60  10   5   0 0.00  0.0    0  5.2 12  80   M    M   5         M  M
12  57  49  53   3  12   0 1.32  0.0    0  8.6 15  70   M    M   8 1      22  60
13  66  58  62  12   3   0 1.25  0.0    0  5.4  9 150   M    M  10 1       M  M
14  61  56  59   8   6   0 0.14  0.0    0  5.9 14  10   M    M   9 12     17  30
15  71  46  59   8   6   0 0.00  0.0    0  4.8 13  60   M    M   1         M  M
16  76  44  60   8   5   0 0.00  0.0    0  4.7 13 200   M    M   2 1      21 200
17  75  46  61   9   4   0 0.00  0.0    0  8.9 21  50   M    M   1 1      28  50
18  54  41  48  -4  17   0 1.10    M    0 11.8 17  40   M    M   9 1      25  40
19  52  41  47  -5  18   0    T    M    0  4.8  9  20   M    M   9 1       M  M
20  63  46  55   2  10   0 0.04    M    0  5.4 10  10   M    M   6 1       M  M
21  60  43  52  -1  13   0 0.00  0.0    0  1.5  5 160   M    M   1 1       M  M
22  59  47  53   0  12   0 0.23    M    0  4.5 13  20   M    M   8 1      17  20
23  74  42  58   4   7   0 0.00  0.0    0  3.2  8 180   M    M   0 1       M  M
24  74  44  59   5   6   0 0.00  0.0    0  8.8 22 180   M    M   1 1      28 160
25  77  53  65  11   0   0 0.00  0.0    0  8.9 20 160   M    M   2        25 160
26   M   M   M   M   M   M 0.24    M    0  7.2 15 350   M    M   6 1      29 350
27  54  35  45 -10  20   0    T    M    0  5.5 17 340   M    M   7        22 340
28  46  34  40 -15  25   0 0.00  0.0    0  7.2 14  90   M    M   7         M  M
================================================================================
SM 1567 1058       435   0  7.27     0.0 175.5          M      161
================================================================================
AV 58.0 39.2                               6.3 FASTST   M    M   6    MAX(MPH)
                                 MISC ---->    22   M                 33    M
================================================================================
NOTES:
# LAST OF SEVERAL OCCURRENCES

COLUMN 17 PEAK WIND IN M.P.H.

PRELIMINARY LOCAL CLIMATOLOGICAL DATA (WS FORM: F-6) , PAGE 2

                                          STATION:  Searcy Airport
                                          MONTH:    MARCH
                                          YEAR:     2015
                                          LATITUDE:   35 12 N
                                          LONGITUDE:  91 44 W

[TEMPERATURE DATA]      [PRECIPITATION DATA]       SYMBOLS USED IN COLUMN 16

AVERAGE MONTHLY: 48.6   TOTAL FOR MONTH:   7.27    1 = FOG OR MIST
DPTR FM NORMAL:  -2.3   DPTR FM NORMAL:    2.97    2 = FOG REDUCING VISIBILITY
HIGHEST:    77 ON 25    GRTST 24HR  1.61 ON  4- 4      TO 1/4 MILE OR LESS
LOWEST:     11 ON  6                               3 = THUNDER
                        SNOW, ICE PELLETS, HAIL    4 = ICE PELLETS
                        TOTAL MONTH:   0.0 INCH    5 = HAIL
                        GRTST 24HR     0.0         6 = FREEZING RAIN OR DRIZZLE
                        GRTST DEPTH:   0           7 = DUSTSTORM OR SANDSTORM:
                                                       VSBY 1/2 MILE OR LESS
                                                   8 = SMOKE OR HAZE
[NO. OF DAYS WITH]      [WEATHER - DAYS WITH]      9 = BLOWING SNOW
                                                   X = TORNADO
MAX 32 OR BELOW:   0    0.01 INCH OR MORE:  14
MAX 90 OR ABOVE:   0    0.10 INCH OR MORE:  11
MIN 32 OR BELOW:   6    0.50 INCH OR MORE:   5
MIN  0 OR BELOW:   0    1.00 INCH OR MORE:   4

[HDD (BASE 65) ]
TOTAL THIS MO.   435    CLEAR  (SCALE 0-3)   9
DPTR FM NORMAL    32    PTCLDY (SCALE 4-7)   8
TOTAL FM JUL 1  3456    CLOUDY (SCALE 8-10) 11
DPTR FM NORMAL   169

[CDD (BASE 65) ]
TOTAL THIS MO.     0
DPTR FM NORMAL     0    [PRESSURE DATA]
TOTAL FM JAN 1     0    HIGHEST SLP M ON M
DPTR FM NORMAL     0    LOWEST  SLP M ON M

[REMARKS]
