000
CXUS54 KEPZ 191200
CF6SRR
PRELIMINARY LOCAL CLIMATOLOGICAL DATA (WS FORM: F-6)

                                          STATION:   RUIDOSO        AWOS
                                          MONTH:     AUGUST
                                          YEAR:      2017
                                          LATITUDE:   33 28 N
                                          LONGITUDE: 105 32 W

  TEMPERATURE IN F:       :PCPN:    SNOW:  WIND      :SUNSHINE: SKY     :PK WND
================================================================================
1   2   3   4   5  6A  6B    7    8   9   10  11  12  13   14  15   16   17  18
                                     12Z  AVG MX 2MIN
DY MAX MIN AVG DEP HDD CDD  WTR  SNW DPTH SPD SPD DIR MIN PSBL S-S WX    SPD DR
================================================================================

 1  72  57  65   M   0   0    M    M    M  6.3 16 110   M    M   9 3      23 110
 2  75  54  65   M   0   0 0.00  0.0    0  5.3 13 130   M    M   2 3      18 140
 3  81  55  68   M   0   3 0.01  0.0    0  6.8 16 120   M    M   3 3      24 120
 4  77  57  67   M   0   2 0.00  0.0    0  5.2 13 190   M    M   5 38      M  M
 5  82  57  70   M   0   5 0.00  0.0    0  8.1 18 260   M    M   2        25 260
 6  82  59  71   M   0   6 0.00  0.0    0  8.2 14  80   M    M   3 3      24 310
 7  77  57  67   M   0   2 0.00  0.0    0  6.5 22 230   M    M   8 13     24 150
 8  72  57  65   M   0   0 0.00  0.0    0  9.1 17 140   M    M   5 13     16 130
 9  79  57  68   M   0   3 0.00  0.0    0  6.4 20 150   M    M   3 13     25 150
10  77  59  68   M   0   3 0.00  0.0    0  4.7 10 100   M    M   3 3      21 320
11  75  55  65   M   0   0 0.01  0.0    0  7.1 15 190   M    M   3 3      21 190
12  77  55  66   M   0   1    T  0.0    0  5.8 12 310   M    M   4 13     22 310
13  79  59  69   M   0   4 0.00  0.0    0  8.0 17 160   M    M   2 3      25 160
14  81  61  71   M   0   6 0.01  0.0    0  7.4 16 140   M    M   4 3      30 140
15  79  59  69   M   0   4 0.00  0.0    0 10.5 22 220   M    M   4 3      33 220
16  81  57  69   M   0   4 0.00  0.0    0  8.9 15 300   M    M   0        22 270
17  82  55  69   M   0   4 0.00  0.0    0  6.9 15 220   M    M   0        21 220
18  82  59  71   M   0   6 0.00  0.0    0  7.0 21 190   M    M   1 3      27 210
================================================================================
SM 1410 1029         0  53  0.03     0.0 128.2          M       61
================================================================================
AV 78.3 57.2                               7.1 FASTST   M    M   3    MAX(MPH)
                                 MISC ---->  # 22 230               # 33  220
================================================================================
NOTES:
# LAST OF SEVERAL OCCURRENCES

COLUMN 17 PEAK WIND IN M.P.H.

PRELIMINARY LOCAL CLIMATOLOGICAL DATA (WS FORM: F-6) , PAGE 2

                                          STATION:  RUIDOSO        AWOS
                                          MONTH:    AUGUST
                                          YEAR:     2017
                                          LATITUDE:   33 28 N
                                          LONGITUDE: 105 32 W

[TEMPERATURE DATA]      [PRECIPITATION DATA]       SYMBOLS USED IN COLUMN 16

AVERAGE MONTHLY: 67.8   TOTAL FOR MONTH:   0.03    1 = FOG OR MIST
DPTR FM NORMAL:     M   DPTR FM NORMAL:       M    2 = FOG REDUCING VISIBILITY
HIGHEST:    82 ON 18,17 GRTST 24HR  0.01 ON 14-14      TO 1/4 MILE OR LESS
LOWEST:     54 ON  2                               3 = THUNDER
                        SNOW, ICE PELLETS, HAIL    4 = ICE PELLETS
                        TOTAL MONTH:   0.0 INCH    5 = HAIL
                        GRTST 24HR     0.0         6 = FREEZING RAIN OR DRIZZLE
                        GRTST DEPTH:   0           7 = DUSTSTORM OR SANDSTORM:
                                                       VSBY 1/2 MILE OR LESS
                                                   8 = SMOKE OR HAZE
[NO. OF DAYS WITH]      [WEATHER - DAYS WITH]      9 = BLOWING SNOW
                                                   X = TORNADO
MAX 32 OR BELOW:   0    0.01 INCH OR MORE:   3
MAX 90 OR ABOVE:   0    0.10 INCH OR MORE:   0
MIN 32 OR BELOW:   0    0.50 INCH OR MORE:   0
MIN  0 OR BELOW:   0    1.00 INCH OR MORE:   0

[HDD (BASE 65) ]
TOTAL THIS MO.     0    CLEAR  (SCALE 0-3)   9
DPTR FM NORMAL     M    PTCLDY (SCALE 4-7)   8
TOTAL FM JUL 1     0    CLOUDY (SCALE 8-10)  1
DPTR FM NORMAL     M

[CDD (BASE 65) ]
TOTAL THIS MO.    53
DPTR FM NORMAL     M    [PRESSURE DATA]
TOTAL FM JAN 1   341    HIGHEST SLP M ON M
DPTR FM NORMAL     M    LOWEST  SLP M ON M

[REMARKS]
