000
CXUS54 KEPZ 011200
CF6SRR
PRELIMINARY LOCAL CLIMATOLOGICAL DATA (WS FORM: F-6)

                                          STATION:   RUIDOSO        AWOS
                                          MONTH:     AUGUST
                                          YEAR:      2014
                                          LATITUDE:   33 28 N
                                          LONGITUDE: 105 32 W

  TEMPERATURE IN F:       :PCPN:    SNOW:  WIND      :SUNSHINE: SKY     :PK WND
================================================================================
1   2   3   4   5  6A  6B    7    8   9   10  11  12  13   14  15   16   17  18
                                     12Z  AVG MX 2MIN
DY MAX MIN AVG DEP HDD CDD  WTR  SNW DPTH SPD SPD DIR MIN PSBL S-S WX    SPD DR
================================================================================

 1  63  55  59   M   6   0 0.05  0.0    0  6.9 13 160   M    M   9 1      20 360
 2  64  55  60   M   5   0 0.00  0.0    0  6.4 14 130   M    M   9 1      18 130
 3  68  54  61   M   4   0 0.02  0.0    0  5.5 12 130   M    M   8        16 120
 4  72  57  65   M   0   0 0.02  0.0    0  4.5 13 260   M    M   5        20 260
 5  72  57  65   M   0   0 0.01  0.0    0  4.0 16 150   M    M   3        20 150
 6  79  57  68   M   0   3 0.00  0.0    0  6.1 21 170   M    M   2 3      24 170
 7  75  59  67   M   0   2 0.05  0.0    0  7.6 16 240   M    M   4 3      28  70
 8  72  57  65   M   0   0 0.00  0.0    0  5.5 15 150   M    M   4 3      18 150
 9  73  57  65   M   0   0    T  0.0    0  4.3 14 230   M    M   1 3      18 230
10  72  57  65   M   0   0 0.00  0.0    0  5.8 16  90   M    M   3 3      22  90
11  72  55  64   M   1   0 0.01  0.0    0  7.0 16 120   M    M   2 3       M  M
12  72  55  64   M   1   0 0.00  0.0    0  6.9 17 170   M    M   2 3      25 170
13  72  57  65   M   0   0 0.01  0.0    0  4.6 13 170   M    M   4        17 170
14  79  59  69   M   0   4 0.03  0.0    0  2.6  6 220   M    M   3 3       M  M
15  77  57  67   M   0   2 0.05  0.0    0   M   M   M   M    M   3 3       M  M
16  81  57  69   M   0   4 0.11  0.0    0   M   M   M   M    M   1 3       M  M
17  77  55  66   M   0   1 0.00  0.0    0   M   M   M   M    M   1         M  M
18  77  57  67   M   0   2 0.00  0.0    0  5.8  6 270   M    M   0         M  M
19  81  57  69   M   0   4 0.00  0.0    0  5.6 13 240   M    M   2        16 120
20  73  57  65   M   0   0 0.05  0.0    0  6.7 13 330   M    M   3 3      18 330
21  79  57  68   M   0   3 0.00  0.0    0  4.9  9 230   M    M   2         M  M
22  70  55  63   M   2   0    T  0.0    0 10.1 27 230   M    M   4        33 230
23  77  55  66   M   0   1 0.00  0.0    0  8.8 17 230   M    M   2        27 220
24  81  55  68   M   0   3 0.00  0.0    0  8.5 16 240   M    M   0        23 170
25  77  57  67   M   0   2 0.00  0.0    0  7.1 18 200   M    M   3 3      23 200
26  73  57  65   M   0   0 0.05  0.0    0  5.1 22 140   M    M   7 3      25 140
27  73  55  64   M   1   0 0.07  0.0    0  6.6 10 320   M    M   4        17 320
28  75  55  65   M   0   0 0.00  0.0    0  9.3 20 320   M    M   0        28 310
29  75  55  65   M   0   0 0.00  0.0    0  7.5 12 250   M    M   1         M  M
30  81  55  68   M   0   3 0.00  0.0    0  6.0 16 230   M    M   2        24 270
31  82  59  71   M   0   6 0.00  0.0    0 10.3 20 230   M    M   0        30 220
================================================================================
SM 2314 1746        20  40  0.53     0.0 180.0          M       94
================================================================================
AV 74.6 56.3                               6.4 FASTST   M    M   3    MAX(MPH)
                                 MISC ---->  # 27 230                 33    M
================================================================================
NOTES:
# LAST OF SEVERAL OCCURRENCES

COLUMN 17 PEAK WIND IN M.P.H.

PRELIMINARY LOCAL CLIMATOLOGICAL DATA (WS FORM: F-6) , PAGE 2

                                          STATION:  RUIDOSO        AWOS
                                          MONTH:    AUGUST
                                          YEAR:     2014
                                          LATITUDE:   33 28 N
                                          LONGITUDE: 105 32 W

[TEMPERATURE DATA]      [PRECIPITATION DATA]       SYMBOLS USED IN COLUMN 16

AVERAGE MONTHLY: 65.5   TOTAL FOR MONTH:   0.53    1 = FOG OR MIST
DPTR FM NORMAL:     M   DPTR FM NORMAL:       M    2 = FOG REDUCING VISIBILITY
HIGHEST:    82 ON 31    GRTST 24HR  0.11 ON 16-16      TO 1/4 MILE OR LESS
LOWEST:     54 ON  3                               3 = THUNDER
                        SNOW, ICE PELLETS, HAIL    4 = ICE PELLETS
                        TOTAL MONTH:   0.0 INCH    5 = HAIL
                        GRTST 24HR     0.0         6 = FREEZING RAIN OR DRIZZLE
                        GRTST DEPTH:   0           7 = DUSTSTORM OR SANDSTORM:
                                                       VSBY 1/2 MILE OR LESS
                                                   8 = SMOKE OR HAZE
[NO. OF DAYS WITH]      [WEATHER - DAYS WITH]      9 = BLOWING SNOW
                                                   X = TORNADO
MAX 32 OR BELOW:   0    0.01 INCH OR MORE:  13
MAX 90 OR ABOVE:   0    0.10 INCH OR MORE:   1
MIN 32 OR BELOW:   0    0.50 INCH OR MORE:   0
MIN  0 OR BELOW:   0    1.00 INCH OR MORE:   0

[HDD (BASE 65) ]
TOTAL THIS MO.    20    CLEAR  (SCALE 0-3)  19
DPTR FM NORMAL     M    PTCLDY (SCALE 4-7)  10
TOTAL FM JUL 1    25    CLOUDY (SCALE 8-10)  2
DPTR FM NORMAL     M

[CDD (BASE 65) ]
TOTAL THIS MO.    40
DPTR FM NORMAL     M    [PRESSURE DATA]
TOTAL FM JAN 1   393    HIGHEST SLP M ON M
DPTR FM NORMAL     M    LOWEST  SLP M ON M

[REMARKS]
#FINAL-08-14#
