000
CXUS54 KEPZ 191200
CF6SRR
PRELIMINARY LOCAL CLIMATOLOGICAL DATA (WS FORM: F-6)

                                          STATION:   RUIDOSO        AWOS
                                          MONTH:     OCTOBER
                                          YEAR:      2017
                                          LATITUDE:   33 28 N
                                          LONGITUDE: 105 32 W

  TEMPERATURE IN F:       :PCPN:    SNOW:  WIND      :SUNSHINE: SKY     :PK WND
================================================================================
1   2   3   4   5  6A  6B    7    8   9   10  11  12  13   14  15   16   17  18
                                     12Z  AVG MX 2MIN
DY MAX MIN AVG DEP HDD CDD  WTR  SNW DPTH SPD SPD DIR MIN PSBL S-S WX    SPD DR
================================================================================

 1  72  50  61   M   4   0 0.00  0.0    0 11.4 27 230   M    M   3        37 230
 2  73  55  64   M   1   0 0.00  0.0    0 14.0 22 210   M    M   0 3      33 210
 3  77  48  63   M   2   0 0.00  0.0    0 10.6 15 130   M    M   3 3      22  90
 4  70  57  64   M   1   0    M  0.0    0  9.9 14 140   M    M   8 123    20 110
 5  68  55  62   M   3   0 0.14  0.0    0  6.9 13 190   M    M   8 123    25 340
 6  75  54  65   M   0   0 0.00  0.0    0 10.5 22 240   M    M   3        29 240
 7  72  46  59   M   6   0 0.00  0.0    0  8.4 15 290   M    M   0        24 290
 8  73  46  60   M   5   0 0.00  0.0    0 11.9 27 280   M    M   0        35 220
 9  66  36  51   M  14   0 0.00  0.0    0 11.8 27 240   M    M   5 3      35 240
10  55  32  44   M  21   0 0.00  0.0    0  7.0 12 140   M    M   4 3      18 140
11  72  37  55   M  10   0 0.00  0.0    0  6.2 14 220   M    M   1 3       M  M
12  73  50  62   M   3   0 0.00  0.0    0 11.6 22 230   M    M   0 3      24 230
13  72  55  64   M   1   0 0.00  0.0    0  8.2 13 200   M    M   6        21 240
14  75  55  65   M   0   0 0.00  0.0    0  9.4 16 230   M    M   1        28 290
15  61  36  49   M  16   0 0.00  0.0    0  7.3 14 190   M    M   0         M  M
16  68  37  53   M  12   0 0.00  0.0    0  5.8 10 230   M    M   0         M  M
17  72  45  59   M   6   0 0.00  0.0    0 10.3 17 350   M    M   0 3      23 350
18  73  48  61   M   4   0 0.00  0.0    0  7.3 14 320   M    M   0 3      18 320
================================================================================
SM 1267  842       109   0  0.14     0.0 168.5          M       42
================================================================================
AV 70.4 46.8                               9.4 FASTST   M    M   2    MAX(MPH)
                                 MISC ---->  # 27 230               # 37  230
================================================================================
NOTES:
# LAST OF SEVERAL OCCURRENCES

COLUMN 17 PEAK WIND IN M.P.H.

PRELIMINARY LOCAL CLIMATOLOGICAL DATA (WS FORM: F-6) , PAGE 2

                                          STATION:  RUIDOSO        AWOS
                                          MONTH:    OCTOBER
                                          YEAR:     2017
                                          LATITUDE:   33 28 N
                                          LONGITUDE: 105 32 W

[TEMPERATURE DATA]      [PRECIPITATION DATA]       SYMBOLS USED IN COLUMN 16

AVERAGE MONTHLY: 58.6   TOTAL FOR MONTH:   0.14    1 = FOG OR MIST
DPTR FM NORMAL:     M   DPTR FM NORMAL:       M    2 = FOG REDUCING VISIBILITY
HIGHEST:    77 ON  3    GRTST 24HR  0.14 ON  5- 5      TO 1/4 MILE OR LESS
LOWEST:     32 ON 10                               3 = THUNDER
                        SNOW, ICE PELLETS, HAIL    4 = ICE PELLETS
                        TOTAL MONTH:   0.0 INCH    5 = HAIL
                        GRTST 24HR     0.0         6 = FREEZING RAIN OR DRIZZLE
                        GRTST DEPTH:   0           7 = DUSTSTORM OR SANDSTORM:
                                                       VSBY 1/2 MILE OR LESS
                                                   8 = SMOKE OR HAZE
[NO. OF DAYS WITH]      [WEATHER - DAYS WITH]      9 = BLOWING SNOW
                                                   X = TORNADO
MAX 32 OR BELOW:   0    0.01 INCH OR MORE:   1
MAX 90 OR ABOVE:   0    0.10 INCH OR MORE:   1
MIN 32 OR BELOW:   1    0.50 INCH OR MORE:   0
MIN  0 OR BELOW:   0    1.00 INCH OR MORE:   0

[HDD (BASE 65) ]
TOTAL THIS MO.   109    CLEAR  (SCALE 0-3)  13
DPTR FM NORMAL     M    PTCLDY (SCALE 4-7)   5
TOTAL FM JUL 1   178    CLOUDY (SCALE 8-10)  0
DPTR FM NORMAL     M

[CDD (BASE 65) ]
TOTAL THIS MO.     0
DPTR FM NORMAL     M    [PRESSURE DATA]
TOTAL FM JAN 1   415    HIGHEST SLP M ON M
DPTR FM NORMAL     M    LOWEST  SLP M ON M

[REMARKS]
