000
CXUS54 KEWX 240910
CF6SSF
PRELIMINARY LOCAL CLIMATOLOGICAL DATA (WS FORM: F-6)

                                          STATION:   SAN ANTONIO STINSON FIELD
                                          MONTH:     APRIL
                                          YEAR:      2014
                                          LATITUDE:   29 19 N
                                          LONGITUDE:  98 29 W

  TEMPERATURE IN F:       :PCPN:    SNOW:  WIND      :SUNSHINE: SKY     :PK WND
================================================================================
1   2   3   4   5  6A  6B    7    8   9   10  11  12  13   14  15   16   17  18
                                     12Z  AVG MX 2MIN
DY MAX MIN AVG DEP HDD CDD  WTR  SNW DPTH SPD SPD DIR MIN PSBL S-S WX    SPD DR
================================================================================

 1  90  68  79  12   0  14 0.00    M    M 11.5 22 130   M    M   8        27 140
 2  91  71  81  14   0  16    T    M    M 11.5 20 140   M    M   7 1      25 160
 3  87  71  79  12   0  14 0.00    M    M  8.5 16 160   M    M   7 138    21 140
 4  78  62  70   2   0   5    T    M    M 12.9 25  20   M    M   3 13     32 360
 5  68  59  64  -4   1   0    T    M    M  8.7 17  50   M    M   8        25  50
 6  70  52  61  -7   4   0    T    M    M  8.5 16 360   M    M   7 18     21  10
 7  77  43  60  -8   5   0    T    M    M  5.6 28 300   M    M   1 3      37 290
 8  84  49  67  -1   0   2    M    M    M  7.2 22 360   M    M   0        29 340
 9  89  45  67  -2   0   2    M    M    M  7.0 20 150   M    M   0        26 150
10  93  53  73   4   0   8    M    M    M  9.1 23 140   M    M   1 1      29 150
11  92  56  74   5   0   9    M    M    M  8.7 22 130   M    M   1        27 140
12  89  64  77   8   0  12    M    M    M 13.0 24 130   M    M   7        32 140
13  89  69  79   9   0  14    M    M    M  9.9 17 160   M    M   5        23 130
14  75  51  63  -7   2   0    M    M    M 12.9 29  20   M    M   6 38     38  20
15  66  44  55 -15  10   0    M    M    M  5.5 14  20   M    M   0        20  20
16  77  40  59 -11   6   0    M    M    M  8.7 21 140   M    M   0        27 140
17  71  58  65  -5   0   0    M    M    M  6.9 14 100   M    M   8 18     19  80
18  82  61  72   1   0   7 0.00    M    M  5.3 14 110   M    M   4 18     23  80
19  83  55  69  -2   0   4 0.00    M    M  7.7 17 130   M    M   2 18     24 160
20  77  67  72   1   0   7    T    M    M  8.3 15 150   M    M  10 1      20 150
21  83  67  75   4   0  10 0.00    M    M  5.9 14 160   M    M   7        17 170
22  93  62  78   6   0  13 0.00    M    M  5.9 17  20   M    M   0 1      23  70
23  93  64  79   7   0  14 0.00    M    M 10.6 25 140   M    M   2        31 150
================================================================================
SM 1897 1331        28 151    T     M    199.8          M       94
================================================================================
AV 82.5 57.9                               8.7 FASTST   M    M   4    MAX(MPH)
                                 MISC ---->  # 29  20               # 38   20
================================================================================
NOTES:
# LAST OF SEVERAL OCCURRENCES

COLUMN 17 PEAK WIND IN M.P.H.

PRELIMINARY LOCAL CLIMATOLOGICAL DATA (WS FORM: F-6) , PAGE 2

                                          STATION:  SAN ANTONIO STINSON FIELD
                                          MONTH:    APRIL
                                          YEAR:     2014
                                          LATITUDE:   29 19 N
                                          LONGITUDE:  98 29 W

[TEMPERATURE DATA]      [PRECIPITATION DATA]       SYMBOLS USED IN COLUMN 16

AVERAGE MONTHLY: 70.2   TOTAL FOR MONTH:      T    1 = FOG OR MIST
DPTR FM NORMAL:   0.8   DPTR FM NORMAL:   -1.66    2 = FOG REDUCING VISIBILITY
HIGHEST:    93 ON 23,22 GRTST 24HR    T  ON 20-20      TO 1/4 MILE OR LESS
LOWEST:     40 ON 16                               3 = THUNDER
                        SNOW, ICE PELLETS, HAIL    4 = ICE PELLETS
                        TOTAL MONTH:    M          5 = HAIL
                        GRTST 24HR    M  ON   M    6 = FREEZING RAIN OR DRIZZLE
                        GRTST DEPTH:  M  ON   M    7 = DUSTSTORM OR SANDSTORM:
                                                       VSBY 1/2 MILE OR LESS
                                                   8 = SMOKE OR HAZE
[NO. OF DAYS WITH]      [WEATHER - DAYS WITH]      9 = BLOWING SNOW
                                                   X = TORNADO
MAX 32 OR BELOW:   0    0.01 INCH OR MORE:   0
MAX 90 OR ABOVE:   6    0.10 INCH OR MORE:   0
MIN 32 OR BELOW:   0    0.50 INCH OR MORE:   0
MIN  0 OR BELOW:   0    1.00 INCH OR MORE:   0

[HDD (BASE 65) ]
TOTAL THIS MO.    28    CLEAR  (SCALE 0-3)  10
DPTR FM NORMAL     0    PTCLDY (SCALE 4-7)  11
TOTAL FM JUL 1  1517    CLOUDY (SCALE 8-10)  2
DPTR FM NORMAL   109

[CDD (BASE 65) ]
TOTAL THIS MO.   151
DPTR FM NORMAL    24    [PRESSURE DATA]
TOTAL FM JAN 1   278    HIGHEST SLP M ON M
DPTR FM NORMAL    49    LOWEST  SLP 29.61 ON 13

[REMARKS]
