000
CXUS52 KJAX 010800
CF6SSI
PRELIMINARY LOCAL CLIMATOLOGICAL DATA (WS FORM: F-6)

                                          STATION:   ST SIMONS ISLAND GA
                                          MONTH:     APRIL
                                          YEAR:      2016
                                          LATITUDE:   31  9 N
                                          LONGITUDE:  81 23 W

  TEMPERATURE IN F:       :PCPN:    SNOW:  WIND      :SUNSHINE: SKY     :PK WND
================================================================================
1   2   3   4   5  6A  6B    7    8   9   10  11  12  13   14  15   16   17  18
                                     12Z  AVG MX 2MIN
DY MAX MIN AVG DEP HDD CDD  WTR  SNW DPTH SPD SPD DIR MIN PSBL S-S WX    SPD DR
================================================================================

 1  80  67  74  11   0   9 0.32  0.0    0  7.8 15 270   M    M   2 13     25 120
 2  77  60  69   5   0   4 0.95  0.0    0  9.7 22 230   M    M   6 1      28 280
 3  70  53  62  -2   3   0 0.00  0.0    0  9.1 18 330   M    M   0         M  M
 4  73  53  63  -1   2   0 0.00  0.0    0  5.7 15 130   M    M   0        33 330
 5  75  56  66   2   0   1 0.00  0.0    0 12.2 21  70   M    M   0        32  70
 6  71  60  66   2   0   1 0.00  0.0    0 12.9 20  70   M    M   1        27 140
 7  79  62  71   6   0   6 0.08  0.0    0  9.7 18 250   M    M   3 1      27 250
 8  78  59  69   4   0   4 0.00  0.0    0  9.4 18 270   M    M   0 8      27 280
 9  73  50  62  -3   3   0 0.00  0.0    0  7.5 18 300   M    M   0         M  M
10  67  46  57  -8   8   0 0.00  0.0    0 11.2 22  50   M    M   4        33  60
11  75  66  71   6   0   6 0.00  0.0    0 12.0 18 140   M    M   5         M  M
12  74  62  68   2   0   3 0.13  0.0    0  4.5 14 140   M    M   6 1       M  M
13  69  61  65  -1   0   0 0.02  0.0    0 11.6 22  30   M    M   9 12     30  80
14  67  57  62  -4   3   0 0.10  0.0    0 15.4 26  50   M    M   9 1      36  60
15  69  62  66   0   0   1 0.09  0.0    0 16.6 24  30   M    M  10 1      36  60
16  66  62  64  -2   1   0 0.00  0.0    0 16.2 25  30   M    M   9        40  60
17  68  53  61  -6   4   0 0.00  0.0    0 13.0 24  50   M    M   1        33  30
18  73  49  61  -6   4   0 0.00  0.0    0  5.6 16  60   M    M   0        27 110
19  77  49  63  -4   2   0 0.00  0.0    0  3.2  9 110   M    M   0        20 130
20  77  55  66  -2   0   1 0.00  0.0    0  5.6 13 140   M    M   0 1      24 270
21  78  66  72   4   0   7 0.00  0.0    0  9.1 15 130   M    M   2        28 150
22  78  65  72   4   0   7 0.79  0.0    0  6.7 26 220   M    M   3 13     31 230
23  82  63  73   5   0   8 0.00  0.0    0  6.1 17 360   M    M   7 3      23 360
24  75  58  67  -1   0   2 0.00  0.0    0  7.7 18  50   M    M   0 1      29  60
25  76  67  72   3   0   7 0.00  0.0    0  8.1 15 100   M    M   0        26 120
26  77  63  70   1   0   5 0.00  0.0    0  8.6 16 140   M    M   0        22  50
27  79  68  74   5   0   9    T  0.0    0  8.7 17 170   M    M   3        26 180
28  82  69  76   6   0  11 0.17  0.0    0  6.9 17 250   M    M   2 13     23 250
29  84  69  77   7   0  12 0.00  0.0    0  7.6 12 130   M    M   2 1      25 230
30  81  70  76   6   0  11 0.00  0.0    0  7.8 15 100   M    M   3 12     25  60
================================================================================
SM 2250 1800        30 115  2.65     0.0 276.2          M       87
================================================================================
AV 75.0 60.0                               9.2 FASTST   M    M   3    MAX(MPH)
                                 MISC ---->  # 26  50               # 40   60
================================================================================
NOTES:
# LAST OF SEVERAL OCCURRENCES

COLUMN 17 PEAK WIND IN M.P.H.

PRELIMINARY LOCAL CLIMATOLOGICAL DATA (WS FORM: F-6) , PAGE 2

                                          STATION:  ST SIMONS ISLAND GA
                                          MONTH:    APRIL
                                          YEAR:     2016
                                          LATITUDE:   31  9 N
                                          LONGITUDE:  81 23 W

[TEMPERATURE DATA]      [PRECIPITATION DATA]       SYMBOLS USED IN COLUMN 16

AVERAGE MONTHLY: 67.5   TOTAL FOR MONTH:   2.65    1 = FOG OR MIST
DPTR FM NORMAL:   1.0   DPTR FM NORMAL:    0.16    2 = FOG REDUCING VISIBILITY
HIGHEST:    84 ON 29    GRTST 24HR  1.27 ON  1- 2      TO 1/4 MILE OR LESS
LOWEST:     46 ON 10                               3 = THUNDER
                        SNOW, ICE PELLETS, HAIL    4 = ICE PELLETS
                        TOTAL MONTH:   0.0 INCH    5 = HAIL
                        GRTST 24HR     0.0         6 = FREEZING RAIN OR DRIZZLE
                        GRTST DEPTH:   0           7 = DUSTSTORM OR SANDSTORM:
                                                       VSBY 1/2 MILE OR LESS
                                                   8 = SMOKE OR HAZE
[NO. OF DAYS WITH]      [WEATHER - DAYS WITH]      9 = BLOWING SNOW
                                                   X = TORNADO
MAX 32 OR BELOW:   0    0.01 INCH OR MORE:   9
MAX 90 OR ABOVE:   0    0.10 INCH OR MORE:   6
MIN 32 OR BELOW:   0    0.50 INCH OR MORE:   2
MIN  0 OR BELOW:   0    1.00 INCH OR MORE:   0

[HDD (BASE 65) ]
TOTAL THIS MO.    30    CLEAR  (SCALE 0-3)  21
DPTR FM NORMAL   -26    PTCLDY (SCALE 4-7)   5
TOTAL FM JUL 1  1017    CLOUDY (SCALE 8-10)  4
DPTR FM NORMAL  -467

[CDD (BASE 65) ]
TOTAL THIS MO.   115
DPTR FM NORMAL    12    [PRESSURE DATA]
TOTAL FM JAN 1   207    HIGHEST SLP 30.36 ON 17
DPTR FM NORMAL    64    LOWEST  SLP 29.75 ON  2

[REMARKS]
#FINAL-04-16#
