000
CXUS53 KMPX 230700
CF6STC
PRELIMINARY LOCAL CLIMATOLOGICAL DATA (WS FORM: F-6)

                                          STATION:   ST CLOUD MN
                                          MONTH:     MAY
                                          YEAR:      2015
                                          LATITUDE:   45 32 N
                                          LONGITUDE:  94  4 W

  TEMPERATURE IN F:       :PCPN:    SNOW:  WIND      :SUNSHINE: SKY     :PK WND
================================================================================
1   2   3   4   5  6A  6B    7    8   9   10  11  12  13   14  15   16   17  18
                                     12Z  AVG MX 2MIN
DY MAX MIN AVG DEP HDD CDD  WTR  SNW DPTH SPD SPD DIR MIN PSBL S-S WX    SPD DR
================================================================================

 1  69  46  58   6   7   0 0.02  0.0    0  6.7 16 160   M    M   5        23 160
 2  79  39  59   7   6   0 0.00  0.0    0  7.9 20 290   M    M   0 18     23 210
 3  79  44  62  10   3   0 0.04  0.0    0  8.3 26 340   M    M   3 1      35 350
 4  69  37  53   0  12   0 0.00  0.0    0  5.8 15 360   M    M   0        21 360
 5  74  47  61   8   4   0    T  0.0    0 11.1 26 150   M    M   4        32 150
 6  75  55  65  11   0   0 0.39  0.0    0 10.3 28 190   M    M   7 138    35 180
 7  71  49  60   6   5   0 0.57  0.0    0 11.5 22 280   M    M   9 13     26 280
 8  59  43  51  -3  14   0 0.00  0.0    0  8.3 17 310   M    M   6        22 310
 9  63  38  51  -3  14   0 0.00  0.0    0  7.6 16  60   M    M   1        24  60
10  49  40  45 -10  20   0 0.71  0.0    0 10.7 21  60   M    M   9 13     32  70
11  49  39  44 -11  21   0 0.09  0.0    0 10.1 20 310   M    M   9 1      26 310
12  56  35  46  -9  19   0 0.00  0.0    0 11.1 21 310   M    M   6        28 300
13  64  42  53  -3  12   0 0.02  0.0    0 11.1 23 150   M    M   6        32 160
14  58  48  53  -3  12   0 0.45  0.0    0  8.0 15 130   M    M   9 1      24 120
15  63  50  57   1   8   0 0.00  0.0    0  4.2 10 330   M    M   8 12     12 340
16  72  52  62   5   3   0 1.48  0.0    0  7.9 31 180   M    M   8 13     38 180
17  74  43  59   2   6   0 1.41  0.0    0 17.4 31 240   M    M   9 138    45 240
18  47  37  42 -15  23   0 0.01  0.0    0 16.8 30 250   M    M  10 1      38 240
19  57  30  44 -14  21   0    T  0.0    0  6.3 15 340   M    M   3        21 360
20  63  31  47 -11  18   0 0.00  0.0    0  3.7 14 240   M    M   0 1      19 220
21  71  41  56  -2   9   0 0.00  0.0    0  7.0 18 360   M    M   1        26  10
22  74  37  56  -2   9   0 0.00  0.0    0  1.7 10 150   M    M   0        15 240
================================================================================
SM 1435  923       246   0  5.19     0.0 193.5          M      113
================================================================================
AV 65.2 42.0                               8.8 FASTST   M    M   5    MAX(MPH)
                                 MISC ---->  # 31 180               # 45  240
================================================================================
NOTES:
# LAST OF SEVERAL OCCURRENCES

COLUMN 17 PEAK WIND IN M.P.H.

PRELIMINARY LOCAL CLIMATOLOGICAL DATA (WS FORM: F-6) , PAGE 2

                                          STATION:  ST CLOUD MN
                                          MONTH:    MAY
                                          YEAR:     2015
                                          LATITUDE:   45 32 N
                                          LONGITUDE:  94  4 W

[TEMPERATURE DATA]      [PRECIPITATION DATA]       SYMBOLS USED IN COLUMN 16

AVERAGE MONTHLY: 53.6   TOTAL FOR MONTH:   5.19    1 = FOG OR MIST
DPTR FM NORMAL:  -1.6   DPTR FM NORMAL:    3.13    2 = FOG REDUCING VISIBILITY
HIGHEST:    79 ON  3, 2 GRTST 24HR  2.89 ON 16-17      TO 1/4 MILE OR LESS
LOWEST:     30 ON 19                               3 = THUNDER
                        SNOW, ICE PELLETS, HAIL    4 = ICE PELLETS
                        TOTAL MONTH:   0.0 INCH    5 = HAIL
                        GRTST 24HR     0.0         6 = FREEZING RAIN OR DRIZZLE
                        GRTST DEPTH:   0           7 = DUSTSTORM OR SANDSTORM:
                                                       VSBY 1/2 MILE OR LESS
                                                   8 = SMOKE OR HAZE
[NO. OF DAYS WITH]      [WEATHER - DAYS WITH]      9 = BLOWING SNOW
                                                   X = TORNADO
MAX 32 OR BELOW:   0    0.01 INCH OR MORE:  11
MAX 90 OR ABOVE:   0    0.10 INCH OR MORE:   6
MIN 32 OR BELOW:   2    0.50 INCH OR MORE:   4
MIN  0 OR BELOW:   0    1.00 INCH OR MORE:   2

[HDD (BASE 65) ]
TOTAL THIS MO.   246    CLEAR  (SCALE 0-3)   7
DPTR FM NORMAL    16    PTCLDY (SCALE 4-7)   9
TOTAL FM JUL 1  8056    CLOUDY (SCALE 8-10)  6
DPTR FM NORMAL  -341

[CDD (BASE 65) ]
TOTAL THIS MO.     0
DPTR FM NORMAL   -14    [PRESSURE DATA]
TOTAL FM JAN 1     0    HIGHEST SLP M ON M
DPTR FM NORMAL   -16    LOWEST  SLP 29.47 ON 17

[REMARKS]
