000
CXUS53 KMPX 241000
CF6STC
PRELIMINARY LOCAL CLIMATOLOGICAL DATA (WS FORM: F-6)

                                          STATION:   ST CLOUD MN
                                          MONTH:     OCTOBER
                                          YEAR:      2014
                                          LATITUDE:   45 32 N
                                          LONGITUDE:  94  4 W

  TEMPERATURE IN F:       :PCPN:    SNOW:  WIND      :SUNSHINE: SKY     :PK WND
================================================================================
1   2   3   4   5  6A  6B    7    8   9   10  11  12  13   14  15   16   17  18
                                     12Z  AVG MX 2MIN
DY MAX MIN AVG DEP HDD CDD  WTR  SNW DPTH SPD SPD DIR MIN PSBL S-S WX    SPD DR
================================================================================

 1  59  52  56   4   9   0 0.01  0.0    0  9.4 16 150   M    M   9 18     21 140
 2  59  47  53   1  12   0 0.27  0.0    0  3.8 13 300   M    M   9 128    15 320
 3  51  39  45  -6  20   0 0.05  0.0    0 22.3 36 300   M    M   9 1      47 290
 4  51  34  43  -8  22   0 0.00  0.0    0 16.1 29 310   M    M   5        37 310
 5  51  32  42  -8  23   0 0.00  0.0    0 10.3 21 290   M    M   6        27 280
 6  65  35  50   0  15   0 0.00  0.0    0 11.9 24 270   M    M   4 8      33 270
 7  61  40  51   2  14   0 0.00  0.0    0 11.7 30 290   M    M   4        37 290
 8  57  35  46  -3  19   0 0.00  0.0    0  9.1 22 310   M    M   2 8      27 310
 9  56  30  43  -6  22   0 0.00  0.0    0  3.9 14 310   M    M   0        20 330
10  54  29  42  -6  23   0 0.00  0.0    0  4.3 16 310   M    M   0        21 310
11  59  27  43  -5  22   0 0.00  0.0    0  6.9 18 180   M    M   0 1      24 170
12  65  39  52   5  13   0 0.00  0.0    0 12.4 25 160   M    M   0        31 150
13  54  48  51   4  14   0 0.12  0.0    0  6.6 14 360   M    M   5 1      21  10
14  66  40  53   6  12   0 0.00  0.0    0  9.4 21 360   M    M   2        29 360
15  69  33  51   5  14   0 0.00  0.0    0  2.2  8  80   M    M   0 1      10 100
16  73  38  56  10   9   0 0.00  0.0    0 12.1 25 300   M    M   1        32 310
17  58  46  52   6  13   0 0.00  0.0    0 13.9 29 310   M    M   8        33 310
18  54  34  44  -1  21   0 0.00  0.0    0  6.2 13 330   M    M   5        18 340
19  73  37  55  10  10   0 0.00  0.0    0 10.9 21 280   M    M   0        25 300
20  66  38  52   8  13   0 0.00  0.0    0  5.9 16 340   M    M   0        21 310
21  60  36  48   4  17   0 0.00  0.0    0  8.7 18 130   M    M   0        24 130
22  63  43  53  10  12   0 0.02  0.0    0 14.1 26 150   M    M   3        31 150
23  71  43  57  14   8   0 0.08  0.0    0  5.3 10 180   M    M   5 12     13 200
================================================================================
SM 1395  875       357   0  0.55     0.0 217.4          M       77
================================================================================
AV 60.7 38.0                               9.5 FASTST   M    M   3    MAX(MPH)
                                 MISC ---->  # 36 300               # 47  290
================================================================================
NOTES:
# LAST OF SEVERAL OCCURRENCES

COLUMN 17 PEAK WIND IN M.P.H.

PRELIMINARY LOCAL CLIMATOLOGICAL DATA (WS FORM: F-6) , PAGE 2

                                          STATION:  ST CLOUD MN
                                          MONTH:    OCTOBER
                                          YEAR:     2014
                                          LATITUDE:   45 32 N
                                          LONGITUDE:  94  4 W

[TEMPERATURE DATA]      [PRECIPITATION DATA]       SYMBOLS USED IN COLUMN 16

AVERAGE MONTHLY: 49.3   TOTAL FOR MONTH:   0.55    1 = FOG OR MIST
DPTR FM NORMAL:   1.9   DPTR FM NORMAL:   -1.44    2 = FOG REDUCING VISIBILITY
HIGHEST:    73 ON 19,16 GRTST 24HR  0.32 ON  2- 3      TO 1/4 MILE OR LESS
LOWEST:     27 ON 11                               3 = THUNDER
                        SNOW, ICE PELLETS, HAIL    4 = ICE PELLETS
                        TOTAL MONTH:   0.0 INCH    5 = HAIL
                        GRTST 24HR     0.0         6 = FREEZING RAIN OR DRIZZLE
                        GRTST DEPTH:   0           7 = DUSTSTORM OR SANDSTORM:
                                                       VSBY 1/2 MILE OR LESS
                                                   8 = SMOKE OR HAZE
[NO. OF DAYS WITH]      [WEATHER - DAYS WITH]      9 = BLOWING SNOW
                                                   X = TORNADO
MAX 32 OR BELOW:   0    0.01 INCH OR MORE:   6
MAX 90 OR ABOVE:   0    0.10 INCH OR MORE:   2
MIN 32 OR BELOW:   4    0.50 INCH OR MORE:   0
MIN  0 OR BELOW:   0    1.00 INCH OR MORE:   0

[HDD (BASE 65) ]
TOTAL THIS MO.   357    CLEAR  (SCALE 0-3)  11
DPTR FM NORMAL   -50    PTCLDY (SCALE 4-7)   9
TOTAL FM JUL 1   518    CLOUDY (SCALE 8-10)  3
DPTR FM NORMAL  -175

[CDD (BASE 65) ]
TOTAL THIS MO.     0
DPTR FM NORMAL     0    [PRESSURE DATA]
TOTAL FM JAN 1   597    HIGHEST SLP M ON M
DPTR FM NORMAL   134    LOWEST  SLP 29.40 ON  6

[REMARKS]
