000
CXUS53 KMPX 260756
CF6STP
PRELIMINARY LOCAL CLIMATOLOGICAL DATA (WS FORM: F-6)

                                          STATION:   ST PAUL MN
                                          MONTH:     SEPTEMBER
                                          YEAR:      2017
                                          LATITUDE:   44 55 N
                                          LONGITUDE:  93  4 W

  TEMPERATURE IN F:       :PCPN:    SNOW:  WIND      :SUNSHINE: SKY     :PK WND
================================================================================
1   2   3   4   5  6A  6B    7    8   9   10  11  12  13   14  15   16   17  18
                                     12Z  AVG MX 2MIN
DY MAX MIN AVG DEP HDD CDD  WTR  SNW DPTH SPD SPD DIR MIN PSBL S-S WX    SPD DR
================================================================================

 1  71  53  62  -6   3   0    T    M    M 10.8 17 160   M    M   3 8      35 110
 2  81  60  71   3   0   6 0.01    M    M  8.0 23 280   M    M   6 18     31 280
 3  84  57  71   3   0   6 0.00    M    M  4.6 15 220   M    M   0        20 220
 4  75  54  65  -2   0   0 0.09    M    M 10.6 38 330   M    M   3 18     50 310
 5  64  50  57 -10   8   0    T    M    M 12.5 31 320   M    M   5        41 310
 6  65  48  57  -9   8   0 0.00    M    M  6.2 13  20   M    M   6        18 320
 7  74  47  61  -5   4   0    T    M    M  4.8 14 240   M    M   4        19 220
 8  68  51  60  -6   5   0 0.00    M    M  8.6 18 120   M    M   1        26 100
 9  73  52  63  -2   2   0 0.00    M    M 10.1 20 140   M    M   1        26 110
10  79  60  70   5   0   5 0.00    M    M 12.0 23 140   M    M   5 3      28 130
11  81  59  70   5   0   5 0.00    M    M  5.0 15 150   M    M   0 1      18 150
12  84  60  72   8   0   7 0.00    M    M  6.1 13 150   M    M   0 12     16 130
13  86  62  74  10   0   9 0.00    M    M  7.7 16 150   M    M   0        23 160
14  89  64  77  14   0  12 0.00    M    M  8.0 16 140   M    M   0 1      21 180
15  82  68  75  12   0  10    T    M    M  8.5 15 140   M    M   0 3      20 140
16  77  58  68   6   0   3    T    M    M 10.9 23 160   M    M   6        32 170
17  66  52  59  -3   6   0 0.00    M    M  8.1 18 310   M    M   1        23 320
18  59  54  57  -5   8   0 0.33    M    M  8.6 16 130   M    M   9 1      23 140
19  80  59  70   9   0   5 0.00    M    M 11.9 24 140   M    M   5        32 140
20  75  55  65   4   0   0 0.27    M    M  8.4 21 150   M    M   4 13     28 180
21  81  51  66   6   0   1 0.00    M    M  9.5 23 120   M    M   1 1      27 110
22  92  72  82  22   0  17    T    M    M 13.6 24 140   M    M   0        32 140
23  88  71  80  21   0  15 0.00    M    M  7.5 15 130   M    M   1        19 130
24  89  66  78  19   0  13 0.01    M    M  8.4 22 150   M    M   2        29 140
25  70  58  64   6   1   0 0.77    M    M  8.0 15 350   M    M  10 13     17 350
================================================================================
SM 1933 1441        45 114  1.48    M    218.4          M       73
================================================================================
AV 77.3 57.6                               8.7 FASTST   M    M   3    MAX(MPH)
                                 MISC ---->  # 38 330               # 50  310
================================================================================
NOTES:
# LAST OF SEVERAL OCCURRENCES

COLUMN 17 PEAK WIND IN M.P.H.

PRELIMINARY LOCAL CLIMATOLOGICAL DATA (WS FORM: F-6) , PAGE 2

                                          STATION:  ST PAUL MN
                                          MONTH:    SEPTEMBER
                                          YEAR:     2017
                                          LATITUDE:   44 55 N
                                          LONGITUDE:  93  4 W

[TEMPERATURE DATA]      [PRECIPITATION DATA]       SYMBOLS USED IN COLUMN 16

AVERAGE MONTHLY: 67.5   TOTAL FOR MONTH:   1.48    1 = FOG OR MIST
DPTR FM NORMAL:   3.9   DPTR FM NORMAL:   -1.35    2 = FOG REDUCING VISIBILITY
HIGHEST:    92 ON 22    GRTST 24HR  0.77 ON 25-25      TO 1/4 MILE OR LESS
LOWEST:     47 ON  7                               3 = THUNDER
                        SNOW, ICE PELLETS, HAIL    4 = ICE PELLETS
                        TOTAL MONTH:    M          5 = HAIL
                        GRTST 24HR    M  ON   M    6 = FREEZING RAIN OR DRIZZLE
                        GRTST DEPTH:  M  ON   M    7 = DUSTSTORM OR SANDSTORM:
                                                       VSBY 1/2 MILE OR LESS
                                                   8 = SMOKE OR HAZE
[NO. OF DAYS WITH]      [WEATHER - DAYS WITH]      9 = BLOWING SNOW
                                                   X = TORNADO
MAX 32 OR BELOW:   0    0.01 INCH OR MORE:   6
MAX 90 OR ABOVE:   1    0.10 INCH OR MORE:   3
MIN 32 OR BELOW:   0    0.50 INCH OR MORE:   1
MIN  0 OR BELOW:   0    1.00 INCH OR MORE:   0

[HDD (BASE 65) ]
TOTAL THIS MO.    45    CLEAR  (SCALE 0-3)  15
DPTR FM NORMAL   -49    PTCLDY (SCALE 4-7)   8
TOTAL FM JUL 1    55    CLOUDY (SCALE 8-10)  2
DPTR FM NORMAL   -52

[CDD (BASE 65) ]
TOTAL THIS MO.   114
DPTR FM NORMAL    55    [PRESSURE DATA]
TOTAL FM JAN 1   656    HIGHEST SLP M ON M
DPTR FM NORMAL  -103    LOWEST  SLP 29.44 ON 19

[REMARKS]
