000
CXUS55 KFSD 210905
CF6SUX
PRELIMINARY LOCAL CLIMATOLOGICAL DATA (WS FORM: F-6)

                                          STATION:   SIOUX CITY IA
                                          MONTH:     OCTOBER
                                          YEAR:      2014
                                          LATITUDE:   42 24 N
                                          LONGITUDE:  96 23 W

  TEMPERATURE IN F:       :PCPN:    SNOW:  WIND      :SUNSHINE: SKY     :PK WND
================================================================================
1   2   3   4   5  6A  6B    7    8   9   10  11  12  13   14  15   16   17  18
                                     12Z  AVG MX 2MIN
DY MAX MIN AVG DEP HDD CDD  WTR  SNW DPTH SPD SPD DIR MIN PSBL S-S WX    SPD DR
================================================================================

 1  80  57  69  12   0   4 0.02  0.0    0  3.7 13 180   M    M   2 13     18 180
 2  64  46  55  -1  10   0 0.28    M    0  9.1 22 330   M    M   7 1      30 330
 3  52  32  42 -14  23   0    T  0.0    0 19.4 38 330   M    M   5        48 330
 4  53  32  43 -13  22   0 0.00  0.0    0  8.9 23 330   M    M   2        27 330
 5  68  37  53  -2  12   0 0.12  0.0    0  8.1 26 320   M    M   6 1      35 330
 6  70  41  56   1   9   0    T  0.0    0  7.6 20 290   M    M   3        27 270
 7  72  47  60   6   5   0 0.00  0.0    0 11.7 29 330   M    M   1        37 320
 8  72  36  54   0  11   0 0.11  0.0    0  4.8 13  60   M    M   3 38     16  70
 9  63  44  54   0  11   0    T  0.0    0  7.5 17  80   M    M   5        21  70
10  58  33  46  -7  19   0 0.00  0.0    0  4.3 10  40   M    M   1 18     15  40
11  62  29  46  -7  19   0 0.00  0.0    0  5.7 14 170   M    M   0 12     19 160
12  68  36  52   0  13   0 0.01  0.0    0  9.6 21 160   M    M   2 1      28 150
13  60  50  55   3  10   0 0.06  0.0    0 14.0 24 360   M    M   6 1      31 340
14  68  38  53   1  12   0 0.00  0.0    0 11.7 28 360   M    M   0        33 360
15  72  32  52   1  13   0 0.00  0.0    0  5.4  9 130   M    M   0        13 160
16  77  42  60   9   5   0 0.00  0.0    0 10.5 23 310   M    M   0        33 310
17  63  42  53   3  12   0 0.00  0.0    0 16.9 31 340   M    M   6        40 330
18  59  41  50   0  15   0 0.00  0.0    0  5.8 17  10   M    M   5 8      21  20
19  76  39  58   8   7   0 0.00  0.0    0  7.3 17 220   M    M   0        23 220
20  73  37  55   6  10   0 0.00  0.0    0  4.4 13 340   M    M   0        17 330
================================================================================
SM 1330  791       238   4  0.60     0.0 176.4          M       54
================================================================================
AV 66.5 39.5                               8.8 FASTST   M    M   3    MAX(MPH)
                                 MISC ---->  # 38 330               # 48  330
================================================================================
NOTES:
# LAST OF SEVERAL OCCURRENCES

COLUMN 17 PEAK WIND IN M.P.H.

PRELIMINARY LOCAL CLIMATOLOGICAL DATA (WS FORM: F-6) , PAGE 2

                                          STATION:  SIOUX CITY IA
                                          MONTH:    OCTOBER
                                          YEAR:     2014
                                          LATITUDE:   42 24 N
                                          LONGITUDE:  96 23 W

[TEMPERATURE DATA]      [PRECIPITATION DATA]       SYMBOLS USED IN COLUMN 16

AVERAGE MONTHLY: 53.0   TOTAL FOR MONTH:   0.60    1 = FOG OR MIST
DPTR FM NORMAL:   0.0   DPTR FM NORMAL:   -0.96    2 = FOG REDUCING VISIBILITY
HIGHEST:    80 ON  1    GRTST 24HR  0.35 ON 30- 1      TO 1/4 MILE OR LESS
LOWEST:     29 ON 11                               3 = THUNDER
                        SNOW, ICE PELLETS, HAIL    4 = ICE PELLETS
                        TOTAL MONTH:   0.0 INCH    5 = HAIL
                        GRTST 24HR     0.0         6 = FREEZING RAIN OR DRIZZLE
                        GRTST DEPTH:   0           7 = DUSTSTORM OR SANDSTORM:
                                                       VSBY 1/2 MILE OR LESS
                                                   8 = SMOKE OR HAZE
[NO. OF DAYS WITH]      [WEATHER - DAYS WITH]      9 = BLOWING SNOW
                                                   X = TORNADO
MAX 32 OR BELOW:   0    0.01 INCH OR MORE:   6
MAX 90 OR ABOVE:   0    0.10 INCH OR MORE:   3
MIN 32 OR BELOW:   4    0.50 INCH OR MORE:   0
MIN  0 OR BELOW:   0    1.00 INCH OR MORE:   0

[HDD (BASE 65) ]
TOTAL THIS MO.   238    CLEAR  (SCALE 0-3)  13
DPTR FM NORMAL   -12    PTCLDY (SCALE 4-7)   7
TOTAL FM JUL 1   350    CLOUDY (SCALE 8-10)  0
DPTR FM NORMAL   -47

[CDD (BASE 65) ]
TOTAL THIS MO.     4
DPTR FM NORMAL    -4    [PRESSURE DATA]
TOTAL FM JAN 1   862    HIGHEST SLP M ON M
DPTR FM NORMAL    -7    LOWEST  SLP 29.57 ON 12

[REMARKS]
