000
CXUS54 KEPZ 281200
CF6SVC
PRELIMINARY LOCAL CLIMATOLOGICAL DATA (WS FORM: F-6)

                                          STATION:   SILVER CITY
                                          MONTH:     MAY
                                          YEAR:      2016
                                          LATITUDE:   32 37 N
                                          LONGITUDE: 108 10 W

  TEMPERATURE IN F:       :PCPN:    SNOW:  WIND      :SUNSHINE: SKY     :PK WND
================================================================================
1   2   3   4   5  6A  6B    7    8   9   10  11  12  13   14  15   16   17  18
                                     12Z  AVG MX 2MIN
DY MAX MIN AVG DEP HDD CDD  WTR  SNW DPTH SPD SPD DIR MIN PSBL S-S WX    SPD DR
================================================================================

 1  66  36  51   M  14   0 0.00  0.0    0 10.2 22 180   M    M   0 8      31 210
 2  66  32  49   M  16   0 0.00  0.0    0  6.8 14 130   M    M   0        27  90
 3  75  37  56   M   9   0 0.00  0.0    0  7.2 15  90   M    M   0        20 190
 4  77  45  61   M   4   0 0.00  0.0    0  9.0 18 130   M    M   0        27 120
 5  82  54  68   M   0   3 0.00  0.0    0 13.5 23 160   M    M   0        48 160
 6  81  43  62   M   3   0 0.00  0.0    0 13.3 33 230   M    M   0        43 230
 7  68  39  54   M  11   0 0.00  0.0    0 11.2 18 290   M    M   0        27 250
 8  66  37  52   M  13   0 0.00  0.0    0 13.5 23 280   M    M   0        35 260
 9  72  39  56   M   9   0 0.00  0.0    0 15.0 24 290   M    M   0        33 290
10  77  43  60   M   5   0 0.00  0.0    0 13.0 22 290   M    M   0        29 290
11  81  46  64   M   1   0 0.00  0.0    0 10.5 16 310   M    M   0        25 280
12  84  48  66   M   0   1 0.00  0.0    0  6.7 20 200   M    M   0        25 200
13  84  50  67   M   0   2 0.00  0.0    0  9.5 25  10   M    M   0 8      44 210
14  81  55  68   M   0   3 0.00  0.0    0  9.4 20 150   M    M   0        25 140
15  82  54  68   M   0   3 0.00  0.0    0 12.8 23 220   M    M   0        36 250
16  81  48  65   M   0   0 0.00  0.0    0 13.5 22 280   M    M   0        45 270
17  72  48  60   M   5   0 0.04    M    0  9.9 16  60   M    M   0 3      23 190
18  66  48  57   M   8   0 0.11    M    0 10.2 30 350   M    M   0 3      35 180
19  73  39  56   M   9   0 0.00  0.0    0  6.9 14 300   M    M   0 8      28 300
20  82  46  64   M   1   0 0.00  0.0    0  9.9 23 190   M    M   0        28 220
21  81  45  63   M   2   0 0.00  0.0    0 12.1 17 220   M    M   0        29 240
22  81  45  63   M   2   0 0.00  0.0    0 11.6 24 240   M    M   0        29 240
23  81  46  64   M   1   0 0.00  0.0    0 10.6 17 270   M    M   0 8      29 240
24  81  43  62   M   3   0 0.00  0.0    0  9.6 21 270   M    M   0        31 260
25  81  46  64   M   1   0 0.00  0.0    0 11.4 25 220   M    M   0        43 220
26  72  41  57   M   8   0 0.00  0.0    0 13.4 24 280   M    M   0        37 280
27  75  39  57   M   8   0 0.00  0.0    0 12.2 20 280   M    M   0        30 320
================================================================================
SM 2068 1192       133  12  0.15     0.0 292.9          M        0
================================================================================
AV 76.6 44.1                              10.8 FASTST   M    M   0    MAX(MPH)
                                 MISC ---->    33   M                 48    M
================================================================================
NOTES:
# LAST OF SEVERAL OCCURRENCES

COLUMN 17 PEAK WIND IN M.P.H.

PRELIMINARY LOCAL CLIMATOLOGICAL DATA (WS FORM: F-6) , PAGE 2

                                          STATION:  SILVER CITY
                                          MONTH:    MAY
                                          YEAR:     2016
                                          LATITUDE:   32 37 N
                                          LONGITUDE: 108 10 W

[TEMPERATURE DATA]      [PRECIPITATION DATA]       SYMBOLS USED IN COLUMN 16

AVERAGE MONTHLY: 60.4   TOTAL FOR MONTH:   0.15    1 = FOG OR MIST
DPTR FM NORMAL:     M   DPTR FM NORMAL:       M    2 = FOG REDUCING VISIBILITY
HIGHEST:    84 ON 13,12 GRTST 24HR  0.11 ON 18-18      TO 1/4 MILE OR LESS
LOWEST:     32 ON  2                               3 = THUNDER
                        SNOW, ICE PELLETS, HAIL    4 = ICE PELLETS
                        TOTAL MONTH:   0.0 INCH    5 = HAIL
                        GRTST 24HR     0.0         6 = FREEZING RAIN OR DRIZZLE
                        GRTST DEPTH:   0           7 = DUSTSTORM OR SANDSTORM:
                                                       VSBY 1/2 MILE OR LESS
                                                   8 = SMOKE OR HAZE
[NO. OF DAYS WITH]      [WEATHER - DAYS WITH]      9 = BLOWING SNOW
                                                   X = TORNADO
MAX 32 OR BELOW:   0    0.01 INCH OR MORE:   2
MAX 90 OR ABOVE:   0    0.10 INCH OR MORE:   1
MIN 32 OR BELOW:   1    0.50 INCH OR MORE:   0
MIN  0 OR BELOW:   0    1.00 INCH OR MORE:   0

[HDD (BASE 65) ]
TOTAL THIS MO.   133    CLEAR  (SCALE 0-3)  27
DPTR FM NORMAL     M    PTCLDY (SCALE 4-7)   0
TOTAL FM JUL 1  3783    CLOUDY (SCALE 8-10)  0
DPTR FM NORMAL     M

[CDD (BASE 65) ]
TOTAL THIS MO.    12
DPTR FM NORMAL     M    [PRESSURE DATA]
TOTAL FM JAN 1    12    HIGHEST SLP M ON M
DPTR FM NORMAL     M    LOWEST  SLP M ON M

[REMARKS]
