570
CXUS54 KOUN 210700
CF6SWO
PRELIMINARY LOCAL CLIMATOLOGICAL DATA (WS FORM: F-6)

                                          STATION:   STILLWATER
                                          MONTH:     NOVEMBER
                                          YEAR:      2017
                                          LATITUDE:   36 10 N
                                          LONGITUDE:  97  5 W

  TEMPERATURE IN F:       :PCPN:    SNOW:  WIND      :SUNSHINE: SKY     :PK WND
================================================================================
1   2   3   4   5  6A  6B    7    8   9   10  11  12  13   14  15   16   17  18
                                     12Z  AVG MX 2MIN
DY MAX MIN AVG DEP HDD CDD  WTR  SNW DPTH SPD SPD DIR MIN PSBL S-S WX    SPD DR
================================================================================

 1  73  38  56   1   9   0 0.00  0.0    0 10.8 21 200   M    M   1        26 190
 2  78  51  65  10   0   0 0.00  0.0    0  8.1 22 360   M    M   2        30  10
 3  53  48  51  -3  14   0 0.00  0.0    0  5.0 13  10   M    M  10 18     16  10
 4  72  49  61   7   4   0 0.00  0.0    0  4.3 12 140   M    M   5 12     14 130
 5  67  43  55   2  10   0 0.00  0.0    0  8.8 18 360   M    M   4 1      24 310
 6  49  41  45  -8  20   0 0.00  0.0    0  8.8 16  20   M    M   9        19  10
 7  47  42  45  -7  20   0 0.00  0.0    0 10.5 20  20   M    M  10 18     23 360
 8  55  31  43  -9  22   0 0.00  0.0    0  5.9 15  20   M    M   4        19  40
 9  61  27  44  -8  21   0 0.00  0.0    0  2.6  9  80   M    M   0 1      11  80
10  63  33  48  -3  17   0 0.00  0.0    0  8.9 18 180   M    M   0        22 200
11  57  50  54   3  11   0    T  0.0    0 12.5 25 160   M    M  10 18     32 170
12  56  50  53   3  12   0 0.00  0.0    0  8.3 18  10   M    M  10        22  10
13  60  48  54   4  11   0    T  0.0    0  7.3 14 180   M    M  10        17 180
14  62  56  59  10   6   0    T  0.0    0 10.8 18 160   M    M   9 18     24 170
15  68  39  54   5  11   0 0.00  0.0    0  8.5 23  10   M    M   3 1      28  10
16  66  31  49   1  16   0    T  0.0    0  8.7 17 170   M    M   6        23 160
17  82  58  70  22   0   5    T  0.0    0 14.8 24 210   M    M   4 1      35 220
18  77  38  58  10   7   0    T  0.0    0 15.1 31 360   M    M   4        45 330
19  61  26  44  -3  21   0 0.00  0.0    0  6.6 14 180   M    M   0        19 210
20  66  36  51   4  14   0 0.00  0.0    0 12.7 29 190   M    M   0        38 190
================================================================================
SM 1273  835       246   5    T      0.0 179.0          M      101
================================================================================
AV 63.7 41.8                               9.0 FASTST   M    M   5    MAX(MPH)
                                 MISC ---->  # 31 360               # 45  330
================================================================================
NOTES:
# LAST OF SEVERAL OCCURRENCES

COLUMN 17 PEAK WIND IN M.P.H.

PRELIMINARY LOCAL CLIMATOLOGICAL DATA (WS FORM: F-6) , PAGE 2

                                          STATION:  STILLWATER
                                          MONTH:    NOVEMBER
                                          YEAR:     2017
                                          LATITUDE:   36 10 N
                                          LONGITUDE:  97  5 W

[TEMPERATURE DATA]      [PRECIPITATION DATA]       SYMBOLS USED IN COLUMN 16

AVERAGE MONTHLY: 52.7   TOTAL FOR MONTH:      T    1 = FOG OR MIST
DPTR FM NORMAL:   1.8   DPTR FM NORMAL:   -1.82    2 = FOG REDUCING VISIBILITY
HIGHEST:    82 ON 17    GRTST 24HR    T  ON 18-18      TO 1/4 MILE OR LESS
LOWEST:     26 ON 19                               3 = THUNDER
                        SNOW, ICE PELLETS, HAIL    4 = ICE PELLETS
                        TOTAL MONTH:   0.0 INCH    5 = HAIL
                        GRTST 24HR     0.0         6 = FREEZING RAIN OR DRIZZLE
                        GRTST DEPTH:   0           7 = DUSTSTORM OR SANDSTORM:
                                                       VSBY 1/2 MILE OR LESS
                                                   8 = SMOKE OR HAZE
[NO. OF DAYS WITH]      [WEATHER - DAYS WITH]      9 = BLOWING SNOW
                                                   X = TORNADO
MAX 32 OR BELOW:   0    0.01 INCH OR MORE:   0
MAX 90 OR ABOVE:   0    0.10 INCH OR MORE:   0
MIN 32 OR BELOW:   4    0.50 INCH OR MORE:   0
MIN  0 OR BELOW:   0    1.00 INCH OR MORE:   0

[HDD (BASE 65) ]
TOTAL THIS MO.   246    CLEAR  (SCALE 0-3)   6
DPTR FM NORMAL   -42    PTCLDY (SCALE 4-7)   7
TOTAL FM JUL 1   433    CLOUDY (SCALE 8-10)  7
DPTR FM NORMAL   -65

[CDD (BASE 65) ]
TOTAL THIS MO.     5
DPTR FM NORMAL     3    [PRESSURE DATA]
TOTAL FM JAN 1  2048    HIGHEST SLP M ON M
DPTR FM NORMAL   142    LOWEST  SLP 29.48 ON 18

[REMARKS]
