000
CXUS54 KEWX 210910
CF6T82
PRELIMINARY LOCAL CLIMATOLOGICAL DATA (WS FORM: F-6)

                                          STATION:   FREDERICKSBURG
                                          MONTH:     FEBRUARY
                                          YEAR:      2017
                                          LATITUDE:   30 15 N
                                          LONGITUDE:  98 55 W

  TEMPERATURE IN F:       :PCPN:    SNOW:  WIND      :SUNSHINE: SKY     :PK WND
================================================================================
1   2   3   4   5  6A  6B    7    8   9   10  11  12  13   14  15   16   17  18
                                     12Z  AVG MX 2MIN
DY MAX MIN AVG DEP HDD CDD  WTR  SNW DPTH SPD SPD DIR MIN PSBL S-S WX    SPD DR
================================================================================

 1  81  42  62   M   3   0 0.00    M    M  5.8 13 250   M    M   0        18 250
 2  75  37  56   M   9   0 0.00    M    M  5.8 13 360   M    M   2        17 360
 3  54  41  48   M  17   0 0.00    M    M  7.1 10  30   M    M   9        16  60
 4  53  43  48   M  17   0 0.00    M    M  3.5  9  60   M    M  10 1       M  M
 5  72  53  63   M   2   0 0.00    M    M  6.4 17 210   M    M  10 1      23 210
 6  75  56  66   M   0   1 0.00    M    M 10.2 18 200   M    M  10        23 200
 7  79  47  63   M   2   0 0.00    M    M  4.4 15 300   M    M   3 12     23 300
 8  81  40  61   M   4   0 0.00    M    M  5.5 18  10   M    M   0        23 300
 9  72  35  54   M  11   0 0.00    M    M  6.3 13  20   M    M   0        23  10
10  73  43  58   M   7   0 0.00    M    M  8.7 18 210   M    M   4        24 200
11  80  58  69   M   0   4 0.00    M    M  9.2 15 200   M    M   4 1      21 220
12  77  53  65   M   0   0 0.00    M    M  3.9 14  40   M    M   6 12     16  50
13  70  56  63   M   2   0 0.00    M    M  7.6 13  50   M    M  10        22  50
14  68  43  56   M   9   0 2.47    M    M 12.1 20 330   M    M  10 3      27 320
15  58  36  47   M  18   0 0.00    M    M 12.9 23 330   M    M   4        35 330
16  64  31  48   M  17   0 0.00    M    M  3.7 14 200   M    M   0        17 200
17  72  44  58   M   7   0 0.00    M    M  8.3 17 200   M    M   2        24 220
18  81  41  61   M   4   0 0.00    M    M  3.6  9 180   M    M   1 12      M  M
19  78  51  65   M   0   0 0.00    M    M  8.3 16 170   M    M   7 1      25 170
20  71  52  62   M   3   0 0.27    M    M  6.5 18 320   M    M   4 3      20 260
================================================================================
SM 1434  902       132   5  2.74    M    139.8          M       96
================================================================================
AV 71.7 45.1                               7.0 FASTST   M    M   5    MAX(MPH)
                                 MISC ---->  # 23 330               # 35  330
================================================================================
NOTES:
# LAST OF SEVERAL OCCURRENCES

COLUMN 17 PEAK WIND IN M.P.H.

PRELIMINARY LOCAL CLIMATOLOGICAL DATA (WS FORM: F-6) , PAGE 2

                                          STATION:  FREDERICKSBURG
                                          MONTH:    FEBRUARY
                                          YEAR:     2017
                                          LATITUDE:   30 15 N
                                          LONGITUDE:  98 55 W

[TEMPERATURE DATA]      [PRECIPITATION DATA]       SYMBOLS USED IN COLUMN 16

AVERAGE MONTHLY: 58.4   TOTAL FOR MONTH:   2.74    1 = FOG OR MIST
DPTR FM NORMAL:     M   DPTR FM NORMAL:       M    2 = FOG REDUCING VISIBILITY
HIGHEST:    81 ON 18, 8 GRTST 24HR  2.47 ON 14-14      TO 1/4 MILE OR LESS
LOWEST:     31 ON 16                               3 = THUNDER
                        SNOW, ICE PELLETS, HAIL    4 = ICE PELLETS
                        TOTAL MONTH:    M          5 = HAIL
                        GRTST 24HR    M  ON   M    6 = FREEZING RAIN OR DRIZZLE
                        GRTST DEPTH:  M  ON   M    7 = DUSTSTORM OR SANDSTORM:
                                                       VSBY 1/2 MILE OR LESS
                                                   8 = SMOKE OR HAZE
[NO. OF DAYS WITH]      [WEATHER - DAYS WITH]      9 = BLOWING SNOW
                                                   X = TORNADO
MAX 32 OR BELOW:   0    0.01 INCH OR MORE:   2
MAX 90 OR ABOVE:   0    0.10 INCH OR MORE:   2
MIN 32 OR BELOW:   1    0.50 INCH OR MORE:   1
MIN  0 OR BELOW:   0    1.00 INCH OR MORE:   1

[HDD (BASE 65) ]
TOTAL THIS MO.   132    CLEAR  (SCALE 0-3)   8
DPTR FM NORMAL     M    PTCLDY (SCALE 4-7)   6
TOTAL FM JUL 1  1139    CLOUDY (SCALE 8-10)  6
DPTR FM NORMAL     M

[CDD (BASE 65) ]
TOTAL THIS MO.     5
DPTR FM NORMAL     M    [PRESSURE DATA]
TOTAL FM JAN 1    10    HIGHEST SLP M ON M
DPTR FM NORMAL     M    LOWEST  SLP M ON M

[REMARKS]
