000
CXUS54 KEWX 280910
CF6T82
PRELIMINARY LOCAL CLIMATOLOGICAL DATA (WS FORM: F-6)

                                          STATION:   FREDERICKSBURG
                                          MONTH:     MARCH
                                          YEAR:      2015
                                          LATITUDE:   30 15 N
                                          LONGITUDE:  98 55 W

  TEMPERATURE IN F:       :PCPN:    SNOW:  WIND      :SUNSHINE: SKY     :PK WND
================================================================================
1   2   3   4   5  6A  6B    7    8   9   10  11  12  13   14  15   16   17  18
                                     12Z  AVG MX 2MIN
DY MAX MIN AVG DEP HDD CDD  WTR  SNW DPTH SPD SPD DIR MIN PSBL S-S WX    SPD DR
================================================================================

 1  41  32  37   M  28   0 0.00    M    M  2.5  8  20   M    M  10 1       M  M
 2  42  35  39   M  26   0 0.00    M    M  5.4  7  30   M    M  10 1       M  M
 3  62  40  51   M  14   0 0.02    M    0  4.8 15 210   M    M  10 12     22 200
 4  63  41  52   M  13   0 0.06    M    0  4.5 21  10   M    M  10 12     27  10
 5  41  27  34   M  31   0 0.11    M    0 15.2 22  10   M    M   7 1      31 360
 6  54  19  37   M  28   0 0.00  0.0    0  1.6  9  10   M    M   0         M  M
 7  59  34  47   M  18   0 0.00  0.0    0  2.3  9 170   M    M   8         M  M
 8  55  45  50   M  15   0 0.08    M    0  6.2 12 210   M    M  10 1      17 190
 9  55  49  52   M  13   0 0.13    M    0  2.4  6  90   M    M  10 1       M  M
10  60  49  55   M  10   0 0.05    M    0  5.8 14 330   M    M   9        18 350
11  59  38  49   M  16   0 0.01    M    0  5.2 12 360   M    M   6        17  20
12  70  39  55   M  10   0 0.02    M    0  3.8 14  10   M    M   3 1      18  10
13  72  40  56   M   9   0 0.00  0.0    0  3.3 14  10   M    M   2        17  10
14  72  44  58   M   7   0 0.00  0.0    0  5.2 13 360   M    M   3        20  10
15  69  43  56   M   9   0 0.00  0.0    0  3.6 12 360   M    M   1        17 360
16  72  44  58   M   7   0 0.00  0.0    0  2.3  8 160   M    M   4         M  M
17  67  57  62   M   3   0 0.00  0.0    0  5.1 12 220   M    M  10 1       M  M
18  73  56  65   M   0   0 0.01  0.0    0  4.8 15 200   M    M   8 1      21 200
19  76  60  68   M   0   3 0.00  0.0    0  6.6 13 200   M    M   7         M  M
20  73  55  64   M   1   0 0.11    M    0  4.6 10  10   M    M   8 1       M  M
21  60  53  57   M   8   0 0.23  0.0    0  4.9  9  50   M    M  10 1       M  M
22  72  52  62   M   3   0    M  0.0    0  3.3  9 310   M    M   8 1       M  M
23  80  46  63   M   2   0 0.08    M    0  2.6  8 190   M    M   2 12      M  M
24  81  59  70   M   0   5 0.00  0.0    0  8.0 17 200   M    M   2        20 220
25  81  58  70   M   0   5 0.00  0.0    0  8.6 14 200   M    M   3        18 170
26  74  49  62   M   3   0 0.04    M    0 14.0 24 350   M    M   5        32  10
27  76  35  56   M   9   0 0.00    M    0  5.1 16  10   M    M   0        22  10
================================================================================
SM 1759 1199       283  13  0.95     0.0 141.7          M      166
================================================================================
AV 65.1 44.4                               5.2 FASTST   M    M   6    MAX(MPH)
                                 MISC ---->    24   M                 32    M
================================================================================
NOTES:
# LAST OF SEVERAL OCCURRENCES

COLUMN 17 PEAK WIND IN M.P.H.

PRELIMINARY LOCAL CLIMATOLOGICAL DATA (WS FORM: F-6) , PAGE 2

                                          STATION:  FREDERICKSBURG
                                          MONTH:    MARCH
                                          YEAR:     2015
                                          LATITUDE:   30 15 N
                                          LONGITUDE:  98 55 W

[TEMPERATURE DATA]      [PRECIPITATION DATA]       SYMBOLS USED IN COLUMN 16

AVERAGE MONTHLY: 54.8   TOTAL FOR MONTH:   0.95    1 = FOG OR MIST
DPTR FM NORMAL:     M   DPTR FM NORMAL:       M    2 = FOG REDUCING VISIBILITY
HIGHEST:    81 ON 25,24 GRTST 24HR  0.23 ON 21-21      TO 1/4 MILE OR LESS
LOWEST:     19 ON  6                               3 = THUNDER
                        SNOW, ICE PELLETS, HAIL    4 = ICE PELLETS
                        TOTAL MONTH:   0.0 INCH    5 = HAIL
                        GRTST 24HR     0.0         6 = FREEZING RAIN OR DRIZZLE
                        GRTST DEPTH:   0           7 = DUSTSTORM OR SANDSTORM:
                                                       VSBY 1/2 MILE OR LESS
                                                   8 = SMOKE OR HAZE
[NO. OF DAYS WITH]      [WEATHER - DAYS WITH]      9 = BLOWING SNOW
                                                   X = TORNADO
MAX 32 OR BELOW:   0    0.01 INCH OR MORE:  13
MAX 90 OR ABOVE:   0    0.10 INCH OR MORE:   4
MIN 32 OR BELOW:   3    0.50 INCH OR MORE:   0
MIN  0 OR BELOW:   0    1.00 INCH OR MORE:   0

[HDD (BASE 65) ]
TOTAL THIS MO.   283    CLEAR  (SCALE 0-3)   9
DPTR FM NORMAL     M    PTCLDY (SCALE 4-7)   9
TOTAL FM JUL 1  2130    CLOUDY (SCALE 8-10)  9
DPTR FM NORMAL     M

[CDD (BASE 65) ]
TOTAL THIS MO.    13
DPTR FM NORMAL     M    [PRESSURE DATA]
TOTAL FM JAN 1    14    HIGHEST SLP M ON M
DPTR FM NORMAL     M    LOWEST  SLP M ON M

[REMARKS]
