000
CXUS54 KBMX 271216
CF6TCL
PRELIMINARY LOCAL CLIMATOLOGICAL DATA (WS FORM: F-6)

                                          STATION:   TUSCALOOSA
                                          MONTH:     JUNE
                                          YEAR:      2017
                                          LATITUDE:   33 13 N
                                          LONGITUDE:  87 37 W

  TEMPERATURE IN F:       :PCPN:    SNOW:  WIND      :SUNSHINE: SKY     :PK WND
================================================================================
1   2   3   4   5  6A  6B    7    8   9   10  11  12  13   14  15   16   17  18
                                     12Z  AVG MX 2MIN
DY MAX MIN AVG DEP HDD CDD  WTR  SNW DPTH SPD SPD DIR MIN PSBL S-S WX    SPD DR
================================================================================

 1  83  65  74  -2   0   9 0.04  0.0    0  1.7 15 140   M    M   5 1      19 150
 2  85  70  78   2   0  13 0.41  0.0    0  2.8 13  40   M    M   7 13     16  80
 3  85  67  76   0   0  11    T  0.0    0  4.5 15 190   M    M   3 1      20 210
 4  86  72  79   3   0  14    T  0.0    0  4.1 13 230   M    M   5        17 230
 5  83  71  77   1   0  12 0.99  0.0    0  4.8  8 170   M    M   8 13      M  M
 6  79  71  75  -2   0  10 0.02  0.0    0  4.3 12  40   M    M   6         M  M
 7  85  65  75  -2   0  10 0.00  0.0    0 10.6 21 360   M    M   0        26  20
 8  82  60  71  -6   0   6 0.00  0.0    0  5.4 12 290   M    M   1        16 310
 9  84  58  71  -6   0   6 0.00  0.0    0  2.2 10 250   M    M   1 1      14 240
10  89  61  75  -2   0  10 0.00  0.0    0  3.5 13 160   M    M   2 1      18 150
11  92  66  79   1   0  14 0.00  0.0    0  5.1 15 200   M    M   3        20 200
12  91  72  82   4   0  17 0.14  0.0    0  4.9 22 160   M    M   3 13     36 150
13  89  70  80   2   0  15 0.00  0.0    0  3.1 13 170   M    M   4        15 180
14  89  70  80   2   0  15    T  0.0    0  2.8  9 230   M    M   3 12     12 170
15  90  68  79   1   0  14 1.51  0.0    0  3.6 36 260   M    M   1 13     56 260
16  88  68  78  -1   0  13    T  0.0    0  3.0 20 260   M    M   5 3      27 280
17  88  66  77  -2   0  12 0.00  0.0    0  4.5 10 190   M    M   2 12     15 170
18  91  71  81   2   0  16 0.16  0.0    0  5.7 28 170   M    M   7 138    36 180
19  87  71  79   0   0  14 2.07  0.0    0  3.5 17  60   M    M   3 13     21  30
20  83  73  78  -1   0  13 0.18  0.0    0  3.2 13 150   M    M   7 1      17 130
21  75  72  74  -6   0   9 1.57  0.0    0  7.4 15  90   M    M   8 1      20  90
22  81  74  78  -2   0  13 2.73  0.0    0  9.3 16 170   M    M  10 13     24 150
23  87  73  80   0   0  15 1.72  0.0    0 10.0 22 180   M    M   8 138    30 180
24  86  73  80   0   0  15 0.34  0.0    0  5.7 17 310   M    M   4 13     23 300
25  81  64  73  -7   0   8 0.00  0.0    0  5.8 16 360   M    M   0        20 340
26  87  60  74  -6   0   9 0.00  0.0    0  3.9 15  40   M    M   0 1      19  20
================================================================================
SM 2226 1771         0 313 11.88     0.0 125.4          M      106
================================================================================
AV 85.6 68.1                               4.8 FASTST   M    M   4    MAX(MPH)
                                 MISC ---->  # 36 260               # 56  260
================================================================================
NOTES:
# LAST OF SEVERAL OCCURRENCES

COLUMN 17 PEAK WIND IN M.P.H.

PRELIMINARY LOCAL CLIMATOLOGICAL DATA (WS FORM: F-6) , PAGE 2

                                          STATION:  TUSCALOOSA
                                          MONTH:    JUNE
                                          YEAR:     2017
                                          LATITUDE:   33 13 N
                                          LONGITUDE:  87 37 W

[TEMPERATURE DATA]      [PRECIPITATION DATA]       SYMBOLS USED IN COLUMN 16

AVERAGE MONTHLY: 76.9   TOTAL FOR MONTH:  11.88    1 = FOG OR MIST
DPTR FM NORMAL:  -1.2   DPTR FM NORMAL:    7.78    2 = FOG REDUCING VISIBILITY
HIGHEST:    92 ON 11    GRTST 24HR  3.33 ON 21-22      TO 1/4 MILE OR LESS
LOWEST:     58 ON  9                               3 = THUNDER
                        SNOW, ICE PELLETS, HAIL    4 = ICE PELLETS
                        TOTAL MONTH:   0.0 INCH    5 = HAIL
                        GRTST 24HR     0.0         6 = FREEZING RAIN OR DRIZZLE
                        GRTST DEPTH:   0           7 = DUSTSTORM OR SANDSTORM:
                                                       VSBY 1/2 MILE OR LESS
                                                   8 = SMOKE OR HAZE
[NO. OF DAYS WITH]      [WEATHER - DAYS WITH]      9 = BLOWING SNOW
                                                   X = TORNADO
MAX 32 OR BELOW:   0    0.01 INCH OR MORE:  13
MAX 90 OR ABOVE:   4    0.10 INCH OR MORE:  11
MIN 32 OR BELOW:   0    0.50 INCH OR MORE:   6
MIN  0 OR BELOW:   0    1.00 INCH OR MORE:   5

[HDD (BASE 65) ]
TOTAL THIS MO.     0    CLEAR  (SCALE 0-3)   8
DPTR FM NORMAL     0    PTCLDY (SCALE 4-7)  16
TOTAL FM JUL 1  1605    CLOUDY (SCALE 8-10)  2
DPTR FM NORMAL  -916

[CDD (BASE 65) ]
TOTAL THIS MO.   313
DPTR FM NORMAL   -27    [PRESSURE DATA]
TOTAL FM JAN 1   710    HIGHEST SLP M ON M
DPTR FM NORMAL    59    LOWEST  SLP 29.77 ON  7

[REMARKS]
