031
CXUS54 KBMX 231216
CF6TCL
PRELIMINARY LOCAL CLIMATOLOGICAL DATA (WS FORM: F-6)

                                          STATION:   TUSCALOOSA
                                          MONTH:     APRIL
                                          YEAR:      2017
                                          LATITUDE:   33 13 N
                                          LONGITUDE:  87 37 W

  TEMPERATURE IN F:       :PCPN:    SNOW:  WIND      :SUNSHINE: SKY     :PK WND
================================================================================
1   2   3   4   5  6A  6B    7    8   9   10  11  12  13   14  15   16   17  18
                                     12Z  AVG MX 2MIN
DY MAX MIN AVG DEP HDD CDD  WTR  SNW DPTH SPD SPD DIR MIN PSBL S-S WX    SPD DR
================================================================================

 1  82  48  65   5   0   0 0.00  0.0    0  5.4 13  30   M    M   0        17  30
 2  84  49  67   7   0   2 0.99  0.0    0  5.6 24 290   M    M   2 13     35 280
 3  76  57  67   7   0   2 2.70  0.0    0  9.7 24 190   M    M   3 13     33 200
 4  83  52  68   8   0   3 0.00  0.0    0  3.5 13 180   M    M   0 1      19 180
 5  85  55  70  10   0   5 1.83  0.0    0 10.5 29 260   M    M   5 13     40 290
 6  65  50  58  -3   7   0 0.00  0.0    0 11.5 24 290   M    M   2        38 290
 7  69  41  55  -6  10   0 0.00  0.0    0  6.2 17 320   M    M   0        23 310
 8  73  38  56  -5   9   0 0.00  0.0    0  1.8  9 200   M    M   0        12 160
 9  78  43  61   0   4   0 0.00  0.0    0  5.2 15 180   M    M   0        20 180
10  78  49  64   2   1   0 0.00  0.0    0  4.4 15 190   M    M   0        21 190
11  80  55  68   6   0   3 0.00  0.0    0  3.1 13 180   M    M   0 1      17 190
12  83  59  71   9   0   6 0.13  0.0    0  2.6 13 270   M    M   2 1      21 360
13  86  54  70   8   0   5 0.00  0.0    0  1.9  8 250   M    M   1 1      11  40
14  85  58  72   9   0   7 0.00  0.0    0  2.5 14 180   M    M   1 1      19 190
15  83  57  70   7   0   5 0.00  0.0    0  5.8 17 200   M    M   1        23 210
16  83  56  70   7   0   5 0.00  0.0    0  3.8 15 170   M    M   1 1      20 170
17  84  60  72   9   0   7 0.02  0.0    0  3.4 21 260   M    M   3 13     27 260
18  85  61  73   9   0   8 0.00  0.0    0  3.6 15 190   M    M   2 1      20 170
19  86  58  72   8   0   7 0.00  0.0    0  4.0 16 210   M    M   0 1      20 200
20  87  59  73   9   0   8 0.00  0.0    0  3.9 15 200   M    M   0 1      21 190
21  87  60  74   9   0   9 0.00  0.0    0  5.9 17 190   M    M   1 1      26 160
22  84  60  72   7   0   7 0.24  0.0    0  6.5 17 170   M    M   3 13     23 190
================================================================================
SM 1786 1179        31  89  5.91     0.0 110.8          M       27
================================================================================
AV 81.2 53.6                               5.0 FASTST   M    M   1    MAX(MPH)
                                 MISC ---->  # 29 260               # 40  290
================================================================================
NOTES:
# LAST OF SEVERAL OCCURRENCES

COLUMN 17 PEAK WIND IN M.P.H.

PRELIMINARY LOCAL CLIMATOLOGICAL DATA (WS FORM: F-6) , PAGE 2

                                          STATION:  TUSCALOOSA
                                          MONTH:    APRIL
                                          YEAR:     2017
                                          LATITUDE:   33 13 N
                                          LONGITUDE:  87 37 W

[TEMPERATURE DATA]      [PRECIPITATION DATA]       SYMBOLS USED IN COLUMN 16

AVERAGE MONTHLY: 67.4   TOTAL FOR MONTH:   5.91    1 = FOG OR MIST
DPTR FM NORMAL:   5.3   DPTR FM NORMAL:    2.77    2 = FOG REDUCING VISIBILITY
HIGHEST:    87 ON 21,20 GRTST 24HR  3.69 ON  2- 3      TO 1/4 MILE OR LESS
LOWEST:     38 ON  8                               3 = THUNDER
                        SNOW, ICE PELLETS, HAIL    4 = ICE PELLETS
                        TOTAL MONTH:   0.0 INCH    5 = HAIL
                        GRTST 24HR     0.0         6 = FREEZING RAIN OR DRIZZLE
                        GRTST DEPTH:   0           7 = DUSTSTORM OR SANDSTORM:
                                                       VSBY 1/2 MILE OR LESS
                                                   8 = SMOKE OR HAZE
[NO. OF DAYS WITH]      [WEATHER - DAYS WITH]      9 = BLOWING SNOW
                                                   X = TORNADO
MAX 32 OR BELOW:   0    0.01 INCH OR MORE:   6
MAX 90 OR ABOVE:   0    0.10 INCH OR MORE:   5
MIN 32 OR BELOW:   0    0.50 INCH OR MORE:   3
MIN  0 OR BELOW:   0    1.00 INCH OR MORE:   2

[HDD (BASE 65) ]
TOTAL THIS MO.    31    CLEAR  (SCALE 0-3)  19
DPTR FM NORMAL   -72    PTCLDY (SCALE 4-7)   3
TOTAL FM JUL 1  1570    CLOUDY (SCALE 8-10)  0
DPTR FM NORMAL  -917

[CDD (BASE 65) ]
TOTAL THIS MO.    89
DPTR FM NORMAL    50    [PRESSURE DATA]
TOTAL FM JAN 1   158    HIGHEST SLP M ON M
DPTR FM NORMAL    96    LOWEST  SLP 29.64 ON  3

[REMARKS]
