000
CXUS54 KBMX 221111
CF6TCL
PRELIMINARY LOCAL CLIMATOLOGICAL DATA (WS FORM: F-6)

                                          STATION:   TUSCALOOSA
                                          MONTH:     AUGUST
                                          YEAR:      2017
                                          LATITUDE:   33 13 N
                                          LONGITUDE:  87 37 W

  TEMPERATURE IN F:       :PCPN:    SNOW:  WIND      :SUNSHINE: SKY     :PK WND
================================================================================
1   2   3   4   5  6A  6B    7    8   9   10  11  12  13   14  15   16   17  18
                                     12Z  AVG MX 2MIN
DY MAX MIN AVG DEP HDD CDD  WTR  SNW DPTH SPD SPD DIR MIN PSBL S-S WX    SPD DR
================================================================================

 1  90  65  78  -4   0  13 0.00  0.0    0  1.6 10 100   M    M   1        15 100
 2  84  70  77  -5   0  12 0.00  0.0    0  2.2 10 200   M    M   0 1      13 210
 3  92  72  82   0   0  17 0.00  0.0    0  5.0 15 170   M    M   2        19 170
 4  89  71  80  -2   0  15 0.10  0.0    0  3.0  8 290   M    M   4 13      M  M
 5  92  69  81  -1   0  16 0.00  0.0    0  2.3  9  30   M    M   1 1      12 250
 6  85  73  79  -3   0  14 0.78  0.0    0  6.1 21 230   M    M   4 138    30 230
 7  85  73  79  -3   0  14 0.85  0.0    0  5.0 15 190   M    M   7 13     20 190
 8  75  72  74  -8   0   9 2.21  0.0    0  3.1 12  30   M    M   9 1      13  30
 9  86  72  79  -3   0  14 0.01  0.0    0  3.2 10 100   M    M   7 13     14 120
10  89  73  81  -1   0  16 0.01  0.0    0  3.6 17 190   M    M   7        22 190
11  87  74  81  -1   0  16 0.17  0.0    0  3.7  9 200   M    M   6 1      13 200
12  91  74  83   1   0  18    T  0.0    0  2.6 10 210   M    M   5 12     13 200
13  93  73  83   1   0  18 0.00  0.0    0  2.1  8 230   M    M   1 1      14  60
14  91  75  83   1   0  18 0.44  0.0    0  3.5 29 320   M    M   1 13     40 320
15  89  74  82   0   0  17 1.28  0.0    0  4.5 20  20   M    M   5 138    23  30
16  90  74  82   0   0  17 0.00  0.0    0  4.5 10 260   M    M   5 13     13 260
17  92  73  83   1   0  18 0.00  0.0    0  4.5 15 230   M    M   4        19 230
18  92  73  83   2   0  18 0.00  0.0    0  3.9 12 310   M    M   2 1      15 300
19  93  72  83   2   0  18    T  0.0    0  1.8 12 180   M    M   2 13     14  30
20  94  73  84   3   0  19 0.00  0.0    0  1.9 18 170   M    M   1 13     27 170
21  94  74  84   3   0  19 0.00  0.0    0  1.2  8 150   M    M   0 1      12  80
================================================================================
SM 1873 1519         0 336  5.85     0.0  69.3          M       74
================================================================================
AV 89.2 72.3                               3.3 FASTST   M    M   4    MAX(MPH)
                                 MISC ---->  # 29 320               # 40  320
================================================================================
NOTES:
# LAST OF SEVERAL OCCURRENCES

COLUMN 17 PEAK WIND IN M.P.H.

PRELIMINARY LOCAL CLIMATOLOGICAL DATA (WS FORM: F-6) , PAGE 2

                                          STATION:  TUSCALOOSA
                                          MONTH:    AUGUST
                                          YEAR:     2017
                                          LATITUDE:   33 13 N
                                          LONGITUDE:  87 37 W

[TEMPERATURE DATA]      [PRECIPITATION DATA]       SYMBOLS USED IN COLUMN 16

AVERAGE MONTHLY: 80.8   TOTAL FOR MONTH:   5.85    1 = FOG OR MIST
DPTR FM NORMAL:  -1.0   DPTR FM NORMAL:    3.55    2 = FOG REDUCING VISIBILITY
HIGHEST:    94 ON 21,20 GRTST 24HR  2.57 ON  7- 8      TO 1/4 MILE OR LESS
LOWEST:     65 ON  1                               3 = THUNDER
                        SNOW, ICE PELLETS, HAIL    4 = ICE PELLETS
                        TOTAL MONTH:   0.0 INCH    5 = HAIL
                        GRTST 24HR     0.0         6 = FREEZING RAIN OR DRIZZLE
                        GRTST DEPTH:   0           7 = DUSTSTORM OR SANDSTORM:
                                                       VSBY 1/2 MILE OR LESS
                                                   8 = SMOKE OR HAZE
[NO. OF DAYS WITH]      [WEATHER - DAYS WITH]      9 = BLOWING SNOW
                                                   X = TORNADO
MAX 32 OR BELOW:   0    0.01 INCH OR MORE:   9
MAX 90 OR ABOVE:  12    0.10 INCH OR MORE:   7
MIN 32 OR BELOW:   0    0.50 INCH OR MORE:   4
MIN  0 OR BELOW:   0    1.00 INCH OR MORE:   2

[HDD (BASE 65) ]
TOTAL THIS MO.     0    CLEAR  (SCALE 0-3)  10
DPTR FM NORMAL     0    PTCLDY (SCALE 4-7)  10
TOTAL FM JUL 1     0    CLOUDY (SCALE 8-10)  1
DPTR FM NORMAL     0

[CDD (BASE 65) ]
TOTAL THIS MO.   336
DPTR FM NORMAL   -16    [PRESSURE DATA]
TOTAL FM JAN 1  1638    HIGHEST SLP M ON M
DPTR FM NORMAL    54    LOWEST  SLP 29.88 ON 14

[REMARKS]
