000
CXUS54 KEPZ 281200
CF6TCS
PRELIMINARY LOCAL CLIMATOLOGICAL DATA (WS FORM: F-6)

                                          STATION:   TRUTH OR CONSEQUENCES
                                          MONTH:     APRIL
                                          YEAR:      2016
                                          LATITUDE:   33 13 N
                                          LONGITUDE: 107 16 W

  TEMPERATURE IN F:       :PCPN:    SNOW:  WIND      :SUNSHINE: SKY     :PK WND
================================================================================
1   2   3   4   5  6A  6B    7    8   9   10  11  12  13   14  15   16   17  18
                                     12Z  AVG MX 2MIN
DY MAX MIN AVG DEP HDD CDD  WTR  SNW DPTH SPD SPD DIR MIN PSBL S-S WX    SPD DR
================================================================================

 1  59  38  49  -7  16   0 0.00  0.0    0 13.1 25  30   M    M   5        32  40
 2  64  34  49  -7  16   0 0.00  0.0    0  5.3 12  70   M    M   0        16 130
 3  74  38  56   0   9   0 0.00  0.0    0  9.4 18 190   M    M   0        26 160
 4  80  44  62   6   3   0 0.00  0.0    0  7.9 17 170   M    M   0        23 200
 5  85  51  68  11   0   3 0.00  0.0    0 10.3 23 320   M    M   0        32 320
 6  78  47  63   6   2   0 0.00  0.0    0  6.6 20  10   M    M   0        26  30
 7  80  49  65   8   0   0    T    M    0  9.4 23 190   M    M   0        31 200
 8  69  50  60   3   5   0 0.17  0.0    0 10.1 26 300   M    M   9 1      42 300
 9  78  45  62   4   3   0 0.00  0.0    0  7.8 17 160   M    M   2        24 160
10  72  47  60   2   5   0 0.00  0.0    0 12.7 31 230   M    M   0        39 230
11  69  46  58   0   7   0 0.00  0.0    0  6.9 21 290   M    M   1        26 300
12  58  45  52  -6  13   0 0.65  0.0    0  5.6 15 320   M    M   6 1      21 320
13  73  45  59   0   6   0 0.00  0.0    0  5.8 13 320   M    M   0        18 320
14  81  48  65   6   0   0 0.00  0.0    0 10.4 26 190   M    M   0        34 190
15  77  56  67   8   0   2 0.00  0.0    0 14.5 33 230   M    M   2        42 220
16  60  45  53  -7  12   0    T  0.0    0 10.3 25 310   M    M   4        35 310
17  64  42  53  -7  12   0 0.00  0.0    0  6.0 13 310   M    M   4        21 180
18  74  45  60   0   5   0 0.00  0.0    0 11.1 29 180   M    M   4        36 190
19  73  42  58  -2   7   0 0.00  0.0    0  5.8 15 200   M    M   0        21 210
20  83  48  66   5   0   1 0.00  0.0    0  7.7 20 260   M    M   0        31 250
21  83  51  67   6   0   2 0.00  0.0    0  7.3 18 200   M    M   0        22 200
22  84  53  69   8   0   4 0.13  0.0    0  8.8 29 160   M    M   2        40 140
23  84  53  69   7   0   4 0.00  0.0    0 12.0 30 240   M    M   0        39 220
24  83  52  68   6   0   3 0.00  0.0    0  8.6 21 230   M    M   0        26 230
25  81  55  68   6   0   3 0.00  0.0    0 15.9 38 220   M    M   0        51 210
26  68  49  59  -4   6   0 0.00  0.0    0 10.8 26 270   M    M   1        34 270
27  76  46  61  -2   4   0 0.00  0.0    0 10.3 25 170   M    M   0        32 230
================================================================================
SM 2010 1264       131  22  0.95     0.0 250.4          M       40
================================================================================
AV 74.4 46.8                               9.3 FASTST   M    M   1    MAX(MPH)
                                 MISC ---->  # 38 220               # 51  210
================================================================================
NOTES:
# LAST OF SEVERAL OCCURRENCES

COLUMN 17 PEAK WIND IN M.P.H.

PRELIMINARY LOCAL CLIMATOLOGICAL DATA (WS FORM: F-6) , PAGE 2

                                          STATION:  TRUTH OR CONSEQUENCES
                                          MONTH:    APRIL
                                          YEAR:     2016
                                          LATITUDE:   33 13 N
                                          LONGITUDE: 107 16 W

[TEMPERATURE DATA]      [PRECIPITATION DATA]       SYMBOLS USED IN COLUMN 16

AVERAGE MONTHLY: 60.6   TOTAL FOR MONTH:   0.95    1 = FOG OR MIST
DPTR FM NORMAL:   1.5   DPTR FM NORMAL:    0.69    2 = FOG REDUCING VISIBILITY
HIGHEST:    85 ON  5    GRTST 24HR  0.65 ON 12-12      TO 1/4 MILE OR LESS
LOWEST:     34 ON  2                               3 = THUNDER
                        SNOW, ICE PELLETS, HAIL    4 = ICE PELLETS
                        TOTAL MONTH:   0.0 INCH    5 = HAIL
                        GRTST 24HR     0.0         6 = FREEZING RAIN OR DRIZZLE
                        GRTST DEPTH:   0           7 = DUSTSTORM OR SANDSTORM:
                                                       VSBY 1/2 MILE OR LESS
                                                   8 = SMOKE OR HAZE
[NO. OF DAYS WITH]      [WEATHER - DAYS WITH]      9 = BLOWING SNOW
                                                   X = TORNADO
MAX 32 OR BELOW:   0    0.01 INCH OR MORE:   3
MAX 90 OR ABOVE:   0    0.10 INCH OR MORE:   3
MIN 32 OR BELOW:   0    0.50 INCH OR MORE:   1
MIN  0 OR BELOW:   0    1.00 INCH OR MORE:   0

[HDD (BASE 65) ]
TOTAL THIS MO.   131    CLEAR  (SCALE 0-3)  21
DPTR FM NORMAL   -41    PTCLDY (SCALE 4-7)   5
TOTAL FM JUL 1  2781    CLOUDY (SCALE 8-10)  1
DPTR FM NORMAL  -444

[CDD (BASE 65) ]
TOTAL THIS MO.    22
DPTR FM NORMAL    11    [PRESSURE DATA]
TOTAL FM JAN 1    22    HIGHEST SLP M ON M
DPTR FM NORMAL    10    LOWEST  SLP 29.39 ON 15

[REMARKS]
