000
CXUS54 KEPZ 171200
CF6TCS
PRELIMINARY LOCAL CLIMATOLOGICAL DATA (WS FORM: F-6)

                                          STATION:   TRUTH OR CONSEQUENCES
                                          MONTH:     DECEMBER
                                          YEAR:      2017
                                          LATITUDE:   33 13 N
                                          LONGITUDE: 107 16 W

  TEMPERATURE IN F:       :PCPN:    SNOW:  WIND      :SUNSHINE: SKY     :PK WND
================================================================================
1   2   3   4   5  6A  6B    7    8   9   10  11  12  13   14  15   16   17  18
                                     12Z  AVG MX 2MIN
DY MAX MIN AVG DEP HDD CDD  WTR  SNW DPTH SPD SPD DIR MIN PSBL S-S WX    SPD DR
================================================================================

 1  67  47  57  14   8   0 0.00  0.0    0  4.6 10 160   M    M   2        14 160
 2  65  48  57  14   8   0 0.00  0.0    0  5.7 16 220   M    M   2        26 220
 3  72  45  59  16   6   0 0.00  0.0    0  6.9 17 260   M    M   1        23 260
 4  71  43  57  15   8   0 0.00  0.0    0  5.1 18 250   M    M   0        23 230
 5  48  39  44   2  21   0    T  0.0    0  8.5 20  10   M    M   5        26  20
 6  55  35  45   3  20   0 0.01  0.0    0  6.6 20  20   M    M   5        26  30
 7  43  24  34  -8  31   0 0.00  0.0    0 13.5 24  40   M    M   2        31  50
 8  51  17  34  -7  31   0 0.00  0.0    0  2.8  9 280   M    M   0        11 230
 9  58  27  43   2  22   0 0.00  0.0    0  4.5 10 300   M    M   0        12 290
10  59  27  43   2  22   0 0.00  0.0    0  5.7 12 290   M    M   0        13  40
11  55  29  42   1  23   0 0.00  0.0    0  5.1 12  40   M    M   0        14  30
12  58  27  43   3  22   0 0.00  0.0    0  5.6 10 290   M    M   0        13 310
13  59  26  43   3  22   0 0.00  0.0    0  5.2 12 300   M    M   0        13 290
14  57  28  43   3  22   0 0.00  0.0    0 10.3 23  30   M    M   0        30  40
15  53  26  40   0  25   0 0.00  0.0    0  4.5 13  10   M    M   0        15  20
16  53  23  38  -2  27   0 0.00  0.0    0  6.7 15 200   M    M   0        20 190
================================================================================
SM  924  511       318   0  0.01     0.0 101.3          M       17
================================================================================
AV 57.8 31.9                               6.3 FASTST   M    M   1    MAX(MPH)
                                 MISC ---->  # 24  40               # 31   50
================================================================================
NOTES:
# LAST OF SEVERAL OCCURRENCES

COLUMN 17 PEAK WIND IN M.P.H.

PRELIMINARY LOCAL CLIMATOLOGICAL DATA (WS FORM: F-6) , PAGE 2

                                          STATION:  TRUTH OR CONSEQUENCES
                                          MONTH:    DECEMBER
                                          YEAR:     2017
                                          LATITUDE:   33 13 N
                                          LONGITUDE: 107 16 W

[TEMPERATURE DATA]      [PRECIPITATION DATA]       SYMBOLS USED IN COLUMN 16

AVERAGE MONTHLY: 44.8   TOTAL FOR MONTH:   0.01    1 = FOG OR MIST
DPTR FM NORMAL:   3.5   DPTR FM NORMAL:   -0.53    2 = FOG REDUCING VISIBILITY
HIGHEST:    72 ON  3    GRTST 24HR  0.01 ON  6- 6      TO 1/4 MILE OR LESS
LOWEST:     17 ON  8                               3 = THUNDER
                        SNOW, ICE PELLETS, HAIL    4 = ICE PELLETS
                        TOTAL MONTH:   0.0 INCH    5 = HAIL
                        GRTST 24HR     0.0         6 = FREEZING RAIN OR DRIZZLE
                        GRTST DEPTH:   0           7 = DUSTSTORM OR SANDSTORM:
                                                       VSBY 1/2 MILE OR LESS
                                                   8 = SMOKE OR HAZE
[NO. OF DAYS WITH]      [WEATHER - DAYS WITH]      9 = BLOWING SNOW
                                                   X = TORNADO
MAX 32 OR BELOW:   0    0.01 INCH OR MORE:   1
MAX 90 OR ABOVE:   0    0.10 INCH OR MORE:   0
MIN 32 OR BELOW:  10    0.50 INCH OR MORE:   0
MIN  0 OR BELOW:   0    1.00 INCH OR MORE:   0

[HDD (BASE 65) ]
TOTAL THIS MO.   318    CLEAR  (SCALE 0-3)  14
DPTR FM NORMAL   -61    PTCLDY (SCALE 4-7)   2
TOTAL FM JUL 1   567    CLOUDY (SCALE 8-10)  0
DPTR FM NORMAL  -451

[CDD (BASE 65) ]
TOTAL THIS MO.     0
DPTR FM NORMAL     0    [PRESSURE DATA]
TOTAL FM JAN 1  2059    HIGHEST SLP M ON M
DPTR FM NORMAL   437    LOWEST  SLP 29.74 ON 16

[REMARKS]
