000
CXUS54 KEPZ 191200
CF6TCS
PRELIMINARY LOCAL CLIMATOLOGICAL DATA (WS FORM: F-6)

                                          STATION:   TRUTH OR CONSEQUENCES
                                          MONTH:     FEBRUARY
                                          YEAR:      2017
                                          LATITUDE:   33 13 N
                                          LONGITUDE: 107 16 W

  TEMPERATURE IN F:       :PCPN:    SNOW:  WIND      :SUNSHINE: SKY     :PK WND
================================================================================
1   2   3   4   5  6A  6B    7    8   9   10  11  12  13   14  15   16   17  18
                                     12Z  AVG MX 2MIN
DY MAX MIN AVG DEP HDD CDD  WTR  SNW DPTH SPD SPD DIR MIN PSBL S-S WX    SPD DR
================================================================================

 1  68  39  54  10  11   0 0.00  0.0    0  4.9 17 310   M    M   0        22 310
 2  66  35  51   7  14   0 0.00  0.0    0  7.9 15 150   M    M   0        20 190
 3  67  37  52   8  13   0 0.00  0.0    0  8.0 16 190   M    M   0        22 170
 4  69  37  53   9  12   0 0.00  0.0    0  6.9 14 310   M    M   0        17 180
 5  71  38  55  11  10   0 0.00  0.0    0  5.8 13 190   M    M   0        18 280
 6  64  42  53   8  12   0 0.00  0.0    0  4.8 22 290   M    M   0        27 290
 7  70  40  55  10  10   0 0.00  0.0    0  9.9 22 310   M    M   0 8      29 320
 8  74  46  60  15   5   0 0.00  0.0    0  8.1 22 310   M    M   0        30 310
 9  73  42  58  13   7   0 0.00  0.0    0  6.5 13 190   M    M   0        17 180
10  82  44  63  18   2   0 0.00  0.0    0  8.2 20 240   M    M   0        24 250
11  80  44  62  16   3   0 0.00  0.0    0  8.3 24 220   M    M   0        31 210
12  58  34  46   0  19   0 0.26    T    0 18.2 32  20   M    M   5 1      44  30
13  40  32  36 -10  29   0 0.38    M    0  8.9 20  20   M    M   9 1      24  20
14  50  37  44  -2  21   0 0.01  0.0    0  9.7 22  30   M    M   8        27  30
15  54  32  43  -3  22   0 0.00  0.0    0  5.1 12  60   M    M   0        16  60
16  59  31  45  -1  20   0 0.00  0.0    0  5.6 13 190   M    M   0        16 180
17  64  41  53   6  12   0 0.00  0.0    0  9.2 22 300   M    M   1        26 300
18  60  40  50   3  15   0 0.00  0.0    0  5.0 18 200   M    M   2        24 210
================================================================================
SM 1169  691       237   0  0.65    T    141.0          M       25
================================================================================
AV 64.9 38.4                               7.8 FASTST   M    M   1    MAX(MPH)
                                 MISC ---->  # 32  20               # 44   30
================================================================================
NOTES:
# LAST OF SEVERAL OCCURRENCES

COLUMN 17 PEAK WIND IN M.P.H.

PRELIMINARY LOCAL CLIMATOLOGICAL DATA (WS FORM: F-6) , PAGE 2

                                          STATION:  TRUTH OR CONSEQUENCES
                                          MONTH:    FEBRUARY
                                          YEAR:     2017
                                          LATITUDE:   33 13 N
                                          LONGITUDE: 107 16 W

[TEMPERATURE DATA]      [PRECIPITATION DATA]       SYMBOLS USED IN COLUMN 16

AVERAGE MONTHLY: 51.7   TOTAL FOR MONTH:   0.65    1 = FOG OR MIST
DPTR FM NORMAL:   6.4   DPTR FM NORMAL:    0.39    2 = FOG REDUCING VISIBILITY
HIGHEST:    82 ON 10    GRTST 24HR  0.61 ON 12-13      TO 1/4 MILE OR LESS
LOWEST:     31 ON 16                               3 = THUNDER
                        SNOW, ICE PELLETS, HAIL    4 = ICE PELLETS
                        TOTAL MONTH:    T          5 = HAIL
                        GRTST 24HR    T  ON 12-12  6 = FREEZING RAIN OR DRIZZLE
                        GRTST DEPTH:   0           7 = DUSTSTORM OR SANDSTORM:
                                                       VSBY 1/2 MILE OR LESS
                                                   8 = SMOKE OR HAZE
[NO. OF DAYS WITH]      [WEATHER - DAYS WITH]      9 = BLOWING SNOW
                                                   X = TORNADO
MAX 32 OR BELOW:   0    0.01 INCH OR MORE:   3
MAX 90 OR ABOVE:   0    0.10 INCH OR MORE:   2
MIN 32 OR BELOW:   3    0.50 INCH OR MORE:   0
MIN  0 OR BELOW:   0    1.00 INCH OR MORE:   0

[HDD (BASE 65) ]
TOTAL THIS MO.   237    CLEAR  (SCALE 0-3)  15
DPTR FM NORMAL  -117    PTCLDY (SCALE 4-7)   2
TOTAL FM JUL 1  1896    CLOUDY (SCALE 8-10)  1
DPTR FM NORMAL  -586

[CDD (BASE 65) ]
TOTAL THIS MO.     0
DPTR FM NORMAL     0    [PRESSURE DATA]
TOTAL FM JAN 1     0    HIGHEST SLP M ON M
DPTR FM NORMAL     0    LOWEST  SLP 29.52 ON 18

[REMARKS]
