000
CXUS54 KEPZ 291200
CF6TCS
PRELIMINARY LOCAL CLIMATOLOGICAL DATA (WS FORM: F-6)

                                          STATION:   TRUTH OR CONSEQUENCES
                                          MONTH:     AUGUST
                                          YEAR:      2015
                                          LATITUDE:   33 13 N
                                          LONGITUDE: 107 16 W

  TEMPERATURE IN F:       :PCPN:    SNOW:  WIND      :SUNSHINE: SKY     :PK WND
================================================================================
1   2   3   4   5  6A  6B    7    8   9   10  11  12  13   14  15   16   17  18
                                     12Z  AVG MX 2MIN
DY MAX MIN AVG DEP HDD CDD  WTR  SNW DPTH SPD SPD DIR MIN PSBL S-S WX    SPD DR
================================================================================

 1  91  64  78  -1   0  13    T  0.0    0  8.6 23 280   M    M   4        28 270
 2  89  67  78  -1   0  13    T  0.0    0  7.9 30 290   M    M   2        37 290
 3  93  67  80   1   0  15 0.01  0.0    0  5.5 16 110   M    M   3        23 110
 4  96  66  81   3   0  16 0.00  0.0    0  6.6 18 220   M    M   1        24 210
 5  99  69  84   6   0  19 0.00  0.0    0  6.9 15 320   M    M   0        20 310
 6 101  72  87   9   0  22 0.02  0.0    0  8.1 21 290   M    M   0        38 120
 7  96  70  83   5   0  18    T  0.0    0  9.1 29 260   M    M   1 8      39 260
 8  91  69  80   2   0  15 0.02  0.0    0  6.2 29 300   M    M   3 8      37 300
 9  93  65  79   1   0  14 0.00  0.0    0  7.9 15 310   M    M   2        21 310
10  96  69  83   5   0  18    T  0.0    0  8.1 31 190   M    M   2 8      50 190
11  93  66  80   2   0  15 0.20  0.0    0  7.6 18 160   M    M   3 18     25 150
12  94  65  80   2   0  15 0.00  0.0    0  5.9 15 200   M    M   0        20 220
13  96  68  82   4   0  17 0.00  0.0    0  5.8 14 210   M    M   0        18  60
14  99  72  86   9   0  21 0.00  0.0    0  5.9 16 120   M    M   0        22 140
15 100  71  86   9   0  21    T  0.0    0  6.8 22 300   M    M   1        28 270
16  98  71  85   8   0  20    T  0.0    0  5.4 16 310   M    M   1        23 310
17  97  69  83   6   0  18 0.00  0.0    0  6.9 26 130   M    M   1        36 150
18 101  71  86   9   0  21 0.00  0.0    0  8.5 18 300   M    M   0        26 290
19  96  76  86   9   0  21 0.00  0.0    0 10.7 23 300   M    M   0        33 300
20  96  66  81   4   0  16    T  0.0    0  7.5 25 200   M    M   0        32 210
21  95  70  83   6   0  18    T  0.0    0  7.4 25 300   M    M   0        32 300
22  93  68  81   5   0  16 0.00  0.0    0  7.7 24 180   M    M   1        30 200
23  89  69  79   3   0  14 0.02  0.0    0  9.1 20 310   M    M   3        29 110
24  87  68  78   2   0  13 0.00  0.0    0  5.6 16 180   M    M   3        21 150
25  89  69  79   3   0  14 0.31  0.0    0  7.6 22 280   M    M   4        27 260
26  91  65  78   2   0  13 0.03  0.0    0  6.8 24 150   M    M   3        33 150
27  89  67  78   2   0  13    T  0.0    0  7.1 22 280   M    M   2        27 280
28  90  68  79   3   0  14 0.16  0.0    0  6.6 25  20   M    M   1        32  20
================================================================================
SM 2638 1917         0 463  0.77     0.0 203.8          M       41
================================================================================
AV 94.2 68.5                               7.3 FASTST   M    M   1    MAX(MPH)
                                 MISC ---->  # 31 190               # 50  190
================================================================================
NOTES:
# LAST OF SEVERAL OCCURRENCES

COLUMN 17 PEAK WIND IN M.P.H.

PRELIMINARY LOCAL CLIMATOLOGICAL DATA (WS FORM: F-6) , PAGE 2

                                          STATION:  TRUTH OR CONSEQUENCES
                                          MONTH:    AUGUST
                                          YEAR:     2015
                                          LATITUDE:   33 13 N
                                          LONGITUDE: 107 16 W

[TEMPERATURE DATA]      [PRECIPITATION DATA]       SYMBOLS USED IN COLUMN 16

AVERAGE MONTHLY: 81.3   TOTAL FOR MONTH:   0.77    1 = FOG OR MIST
DPTR FM NORMAL:   4.0   DPTR FM NORMAL:   -1.29    2 = FOG REDUCING VISIBILITY
HIGHEST:   101 ON 18, 6 GRTST 24HR  0.34 ON 25-26      TO 1/4 MILE OR LESS
LOWEST:     64 ON  1                               3 = THUNDER
                        SNOW, ICE PELLETS, HAIL    4 = ICE PELLETS
                        TOTAL MONTH:   0.0 INCH    5 = HAIL
                        GRTST 24HR     0.0         6 = FREEZING RAIN OR DRIZZLE
                        GRTST DEPTH:   0           7 = DUSTSTORM OR SANDSTORM:
                                                       VSBY 1/2 MILE OR LESS
                                                   8 = SMOKE OR HAZE
[NO. OF DAYS WITH]      [WEATHER - DAYS WITH]      9 = BLOWING SNOW
                                                   X = TORNADO
MAX 32 OR BELOW:   0    0.01 INCH OR MORE:   8
MAX 90 OR ABOVE:  23    0.10 INCH OR MORE:   3
MIN 32 OR BELOW:   0    0.50 INCH OR MORE:   0
MIN  0 OR BELOW:   0    1.00 INCH OR MORE:   0

[HDD (BASE 65) ]
TOTAL THIS MO.     0    CLEAR  (SCALE 0-3)  26
DPTR FM NORMAL     0    PTCLDY (SCALE 4-7)   2
TOTAL FM JUL 1     0    CLOUDY (SCALE 8-10)  0
DPTR FM NORMAL     0

[CDD (BASE 65) ]
TOTAL THIS MO.   463
DPTR FM NORMAL   118    [PRESSURE DATA]
TOTAL FM JAN 1  1485    HIGHEST SLP M ON M
DPTR FM NORMAL   116    LOWEST  SLP 29.52 ON 18

[REMARKS]
