000
CXUS54 KFWD 260730
CF6TKI
PRELIMINARY LOCAL CLIMATOLOGICAL DATA (WS FORM: F-6)

                                          STATION:   MCKINNEY
                                          MONTH:     AUGUST
                                          YEAR:      2016
                                          LATITUDE:   33 10 N
                                          LONGITUDE:  96 35 W

  TEMPERATURE IN F:       :PCPN:    SNOW:  WIND      :SUNSHINE: SKY     :PK WND
================================================================================
1   2   3   4   5  6A  6B    7    8   9   10  11  12  13   14  15   16   17  18
                                     12Z  AVG MX 2MIN
DY MAX MIN AVG DEP HDD CDD  WTR  SNW DPTH SPD SPD DIR MIN PSBL S-S WX    SPD DR
================================================================================

 1 101  78  90   5   0  25 0.00  0.0    0 10.2 18 150   M    M   0        23 150
 2  98  73  86   1   0  21 0.00  0.0    0  7.7 15 200   M    M   0 8      19 210
 3  98  75  87   2   0  22 0.00  0.0    0  6.5 15 110   M    M   0        19 200
 4  99  76  88   3   0  23 0.00  0.0    0  7.4 15 150   M    M   0        20 150
 5  99  76  88   3   0  23 0.00  0.0    0  5.8 13 170   M    M   0        16 150
 6 100  76  88   3   0  23 0.00  0.0    0  4.9 12 140   M    M   1        17 160
 7 100  77  89   4   0  24 0.00  0.0    0  7.5 17 160   M    M   0        20 150
 8  99  78  89   4   0  24 0.00  0.0    0  7.5 23  20   M    M   0        29  30
 9  99  78  89   4   0  24 0.00  0.0    0  8.0 17 210   M    M   0        19 180
10 101  79  90   5   0  25 0.00  0.0    0  7.8 17 150   M    M   0        23 150
11 101  78  90   5   0  25 0.00  0.0    0  7.2 16 150   M    M   0        20 160
12 104  77  91   6   0  26 0.06  0.0    0  7.5 26 170   M    M   1 3      32 360
13  94  78  86   1   0  21    T  0.0    0 10.0 17  20   M    M   5        22 360
14  91  71  81  -4   0  16    T  0.0    0  7.4 17  10   M    M   6        21 360
15  78  69  74 -11   0   9 0.12  0.0    0  2.4  8 150   M    M   5        10 150
16  83  69  76  -8   0  11 0.00  0.0    0  4.6 14 140   M    M   8        16 150
17  81  74  78  -6   0  13 0.00  0.0    0  8.7 18 150   M    M   9        23 150
18  89  73  81  -3   0  16 0.03  0.0    0  7.4 18 160   M    M   8 13     21 160
19  81  71  76  -8   0  11 1.72  0.0    0  6.7 23 300   M    M   7 123    29 300
20  82  71  77  -7   0  12 0.63  0.0    0  5.2 17 310   M    M   6 138    22 310
21  88  69  79  -5   0  14 0.00  0.0    0  5.4 13  30   M    M   0 1      17  40
22  88  70  79  -5   0  14 0.11  0.0    0  6.1 24 200   M    M   6 13     29 190
23  92  76  84   1   0  19 0.00  0.0    0 14.0 24 170   M    M   6        29 170
24  92  72  82  -1   0  17 0.00  0.0    0 11.1 22 170   M    M   0        29 160
25  93  73  83   0   0  18 0.00  0.0    0  6.7 14 160   M    M   0        17 160
================================================================================
SM 2331 1857         0 476  2.67     0.0 183.7          M       68
================================================================================
AV 93.2 74.3                               7.3 FASTST   M    M   3    MAX(MPH)
                                 MISC ---->  # 26 170               # 32  360
================================================================================
NOTES:
# LAST OF SEVERAL OCCURRENCES

COLUMN 17 PEAK WIND IN M.P.H.

PRELIMINARY LOCAL CLIMATOLOGICAL DATA (WS FORM: F-6) , PAGE 2

                                          STATION:  MCKINNEY
                                          MONTH:    AUGUST
                                          YEAR:     2016
                                          LATITUDE:   33 10 N
                                          LONGITUDE:  96 35 W

[TEMPERATURE DATA]      [PRECIPITATION DATA]       SYMBOLS USED IN COLUMN 16

AVERAGE MONTHLY: 83.8   TOTAL FOR MONTH:   2.67    1 = FOG OR MIST
DPTR FM NORMAL:  -0.7   DPTR FM NORMAL:    1.32    2 = FOG REDUCING VISIBILITY
HIGHEST:   104 ON 12    GRTST 24HR  2.34 ON 19-20      TO 1/4 MILE OR LESS
LOWEST:     69 ON 21,16                            3 = THUNDER
                        SNOW, ICE PELLETS, HAIL    4 = ICE PELLETS
                        TOTAL MONTH:   0.0 INCH    5 = HAIL
                        GRTST 24HR     0.0         6 = FREEZING RAIN OR DRIZZLE
                        GRTST DEPTH:   0           7 = DUSTSTORM OR SANDSTORM:
                                                       VSBY 1/2 MILE OR LESS
                                                   8 = SMOKE OR HAZE
[NO. OF DAYS WITH]      [WEATHER - DAYS WITH]      9 = BLOWING SNOW
                                                   X = TORNADO
MAX 32 OR BELOW:   0    0.01 INCH OR MORE:   6
MAX 90 OR ABOVE:  17    0.10 INCH OR MORE:   4
MIN 32 OR BELOW:   0    0.50 INCH OR MORE:   2
MIN  0 OR BELOW:   0    1.00 INCH OR MORE:   1

[HDD (BASE 65) ]
TOTAL THIS MO.     0    CLEAR  (SCALE 0-3)  15
DPTR FM NORMAL     0    PTCLDY (SCALE 4-7)   8
TOTAL FM JUL 1     0    CLOUDY (SCALE 8-10)  2
DPTR FM NORMAL     0

[CDD (BASE 65) ]
TOTAL THIS MO.   476
DPTR FM NORMAL   -11    [PRESSURE DATA]
TOTAL FM JAN 1  1871    HIGHEST SLP M ON M
DPTR FM NORMAL    64    LOWEST  SLP 29.68 ON 12

[REMARKS]
