000
CXUS54 KFWD 290730
CF6TKI
PRELIMINARY LOCAL CLIMATOLOGICAL DATA (WS FORM: F-6)

                                          STATION:   MCKINNEY
                                          MONTH:     MARCH
                                          YEAR:      2015
                                          LATITUDE:   33 10 N
                                          LONGITUDE:  96 35 W

  TEMPERATURE IN F:       :PCPN:    SNOW:  WIND      :SUNSHINE: SKY     :PK WND
================================================================================
1   2   3   4   5  6A  6B    7    8   9   10  11  12  13   14  15   16   17  18
                                     12Z  AVG MX 2MIN
DY MAX MIN AVG DEP HDD CDD  WTR  SNW DPTH SPD SPD DIR MIN PSBL S-S WX    SPD DR
================================================================================

 1  38  32  35 -17  30   0 0.10  0.0    M  8.2 15 360   M    M  10 16     18 360
 2  42  33  38 -14  27   0 0.03  0.0    M  6.8 15  10   M    M  10 1      19 360
 3  50  41  46  -6  19   0 0.13  0.0    0  4.5  9 170   M    M  10 1      16 210
 4  50  27  39 -13  26   0 0.85    M    0 14.3 30  10   M    M  10 136    38  10
 5  39  20  30 -23  35   0 0.01    M    M  8.5 21 360   M    M   2 1      29 360
 6  51  21  36 -17  29   0 0.00  0.0    M  3.2 10 150   M    M   0        14 180
 7  60  25  43 -10  22   0 0.00  0.0    0  5.1 13 140   M    M   2 1      15 150
 8  53  46  50  -3  15   0 0.04  0.0    0  8.0 17 160   M    M  10 1      23 150
 9  50  47  49  -5  16   0 0.74  0.0    0  6.5 14  50   M    M  10 1      17  50
10  57  48  53  -1  12   0 0.00  0.0    0  5.0 10 340   M    M  10 1      13 340
11  68  48  58   4   7   0 0.00  0.0    0  4.3 14  60   M    M   6        18  20
12  68  46  57   3   8   0 0.00  0.0    0  6.3 14  60   M    M   7        18  70
13  59  55  57   3   8   0 0.24  0.0    0 10.3 18 350   M    M  10 1      23 360
14  59  54  57   2   8   0    T  0.0    0 13.1 24 350   M    M  10 1      30 350
15  69  54  62   7   3   0    T  0.0    0  4.6 12  10   M    M  10        13  10
16  77  48  63   8   2   0 0.00  0.0    0  5.9 16 150   M    M   2 12     19 150
17  82  59  71  16   0   6 0.00  0.0    0  6.5 12 170   M    M   3 1      14 170
18  65  56  61   5   4   0 0.03  0.0    0  4.1  8 280   M    M   9 1      10 270
19  64  56  60   4   5   0 0.25  0.0    0  6.7 16 330   M    M  10 12     19 340
20  59  53  56   0   9   0 0.61  0.0    0  7.5 18 330   M    M   8 13     25 330
21  63  53  58   2   7   0 0.24  0.0    0  5.1 15  70   M    M   9 1      17  70
22  69  51  60   4   5   0 0.11  0.0    0  4.8 10  20   M    M   6 1      13  10
23  74  47  61   4   4   0 0.00  0.0    0  5.8 14 150   M    M   0 12     18 150
24  81  57  69  12   0   4 0.00  0.0    0 13.9 26 190   M    M   0        33 200
25  82  63  73  16   0   8    T  0.0    0 14.9 30 170   M    M   3 3      36 170
26  72  46  59   2   6   0 0.16  0.0    0 14.6 30 330   M    M   5 13     37 340
27  66  39  53  -5  12   0 0.00  0.0    0  7.4 21 350   M    M   0        25 360
28  80  42  61   3   4   0 0.00  0.0    0  7.6 21 190   M    M   0        23 190
================================================================================
SM 1747 1267       323  18  3.54     0.0 213.5          M      172
================================================================================
AV 62.4 45.2                               7.6 FASTST   M    M   6    MAX(MPH)
                                 MISC ---->  # 30  10               # 38   10
================================================================================
NOTES:
# LAST OF SEVERAL OCCURRENCES

COLUMN 17 PEAK WIND IN M.P.H.

PRELIMINARY LOCAL CLIMATOLOGICAL DATA (WS FORM: F-6) , PAGE 2

                                          STATION:  MCKINNEY
                                          MONTH:    MARCH
                                          YEAR:     2015
                                          LATITUDE:   33 10 N
                                          LONGITUDE:  96 35 W

[TEMPERATURE DATA]      [PRECIPITATION DATA]       SYMBOLS USED IN COLUMN 16

AVERAGE MONTHLY: 53.8   TOTAL FOR MONTH:   3.54    1 = FOG OR MIST
DPTR FM NORMAL:  -1.0   DPTR FM NORMAL:    0.38    2 = FOG REDUCING VISIBILITY
HIGHEST:    82 ON 25,17 GRTST 24HR  0.85 ON  4- 4      TO 1/4 MILE OR LESS
LOWEST:     20 ON  5                               3 = THUNDER
                        SNOW, ICE PELLETS, HAIL    4 = ICE PELLETS
                        TOTAL MONTH:   0.0 INCH    5 = HAIL
                        GRTST 24HR     0.0         6 = FREEZING RAIN OR DRIZZLE
                        GRTST DEPTH:   0           7 = DUSTSTORM OR SANDSTORM:
                                                       VSBY 1/2 MILE OR LESS
                                                   8 = SMOKE OR HAZE
[NO. OF DAYS WITH]      [WEATHER - DAYS WITH]      9 = BLOWING SNOW
                                                   X = TORNADO
MAX 32 OR BELOW:   0    0.01 INCH OR MORE:  14
MAX 90 OR ABOVE:   0    0.10 INCH OR MORE:  10
MIN 32 OR BELOW:   5    0.50 INCH OR MORE:   3
MIN  0 OR BELOW:   0    1.00 INCH OR MORE:   0

[HDD (BASE 65) ]
TOTAL THIS MO.   323    CLEAR  (SCALE 0-3)  10
DPTR FM NORMAL    21    PTCLDY (SCALE 4-7)   5
TOTAL FM JUL 1  2565    CLOUDY (SCALE 8-10) 13
DPTR FM NORMAL    85

[CDD (BASE 65) ]
TOTAL THIS MO.    18
DPTR FM NORMAL     8    [PRESSURE DATA]
TOTAL FM JAN 1    18    HIGHEST SLP M ON M
DPTR FM NORMAL     3    LOWEST  SLP 29.71 ON 25

[REMARKS]
