000
CXUS52 KMFL 251000
CF6TMB
PRELIMINARY LOCAL CLIMATOLOGICAL DATA (WS FORM: F-6)

                                          STATION:   KENDALL-TAMIAMI EXEC ARPT
                                          MONTH:     APRIL
                                          YEAR:      2017
                                          LATITUDE:   25 38 N
                                          LONGITUDE:  80 26 W

  TEMPERATURE IN F:       :PCPN:    SNOW:  WIND      :SUNSHINE: SKY     :PK WND
================================================================================
1   2   3   4   5  6A  6B    7    8   9   10  11  12  13   14  15   16   17  18
                                     12Z  AVG MX 2MIN
DY MAX MIN AVG DEP HDD CDD  WTR  SNW DPTH SPD SPD DIR MIN PSBL S-S WX    SPD DR
================================================================================

 1  88  69  79   8   0  14 0.11  0.0    0  5.3 16 110   M    M   4 13     21 100
 2  87  70  79   8   0  14    T  0.0    0  7.9 16 110   M    M   4 13     21 100
 3  86  76  81  10   0  16 0.00  0.0    0 10.5 20 140   M    M   2        28 160
 4  87  73  80   9   0  15 0.00  0.0    0  8.1 16 120   M    M   1        22 120
 5  88  68  78   7   0  13 0.00  0.0    0  6.1 16 140   M    M   2        25 130
 6  91  65  78   6   0  13    T  0.0    0 10.4 23 270   M    M   3 18     29 270
 7  79  57  68  -4   0   3 0.00  0.0    0 11.4 21 350   M    M   2 8      25 340
 8  80  52  66  -6   0   1 0.00  0.0    0  7.2 15  90   M    M   3        18  90
 9  83  62  73   1   0   8    T  0.0    0  9.2 22  80   M    M   5        26  90
10  84  59  72   0   0   7    T  0.0    0 11.5 24 100   M    M   4        31 120
11  84  65  75   3   0  10 0.00  0.0    0 11.8 23  90   M    M   3        30  70
12  85  61  73   1   0   8 0.05  0.0    0 10.5 23  80   M    M   5        27  90
13  83  70  77   5   0  12 0.83  0.0    0 11.4 21  80   M    M   5 1      26  90
14  84  60  72   0   0   7 0.00  0.0    0  9.8 18  80   M    M   3        28  80
15  81  75  78   5   0  13    T  0.0    0 17.4 20 100   M    M   4        29  60
16  84  72  78   5   0  13 0.00  0.0    0 13.9 22 100   M    M   4        28  90
17  81  73  77   4   0  12    T  0.0    0 11.7 18 100   M    M   7        23  80
18  84  72  78   5   0  13 0.00  0.0    0 12.0 20  80   M    M   2        26 100
19  84  70  77   4   0  12    T  0.0    0 13.3 23 100   M    M   4        30 110
20  83  70  77   4   0  12    T  0.0    0 13.9 22 100   M    M   6        29  90
21  84  70  77   4   0  12 0.01  0.0    0 13.4 23  90   M    M   5        30  90
22  86  73  80   6   0  15 0.04  0.0    0 12.2 22 110   M    M   4        26 100
23  80  68  74   0   0   9 3.35  0.0    0  5.6 20 130   M    M   7 13     27 110
24  88  64  76   2   0  11 0.00  0.0    0 10.5 23 270   M    M   4 1      31 250
================================================================================
SM 2024 1614         0 263  4.39     0.0 255.0          M       93
================================================================================
AV 84.3 67.3                              10.6 FASTST   M    M   4    MAX(MPH)
                                 MISC ---->  # 24 100               # 31  120
================================================================================
NOTES:
# LAST OF SEVERAL OCCURRENCES

COLUMN 17 PEAK WIND IN M.P.H.

PRELIMINARY LOCAL CLIMATOLOGICAL DATA (WS FORM: F-6) , PAGE 2

                                          STATION:  KENDALL-TAMIAMI EXEC ARPT
                                          MONTH:    APRIL
                                          YEAR:     2017
                                          LATITUDE:   25 38 N
                                          LONGITUDE:  80 26 W

[TEMPERATURE DATA]      [PRECIPITATION DATA]       SYMBOLS USED IN COLUMN 16

AVERAGE MONTHLY: 75.8   TOTAL FOR MONTH:   4.39    1 = FOG OR MIST
DPTR FM NORMAL:   3.5   DPTR FM NORMAL:    2.17    2 = FOG REDUCING VISIBILITY
HIGHEST:    91 ON  6    GRTST 24HR  3.35 ON 23-23      TO 1/4 MILE OR LESS
LOWEST:     52 ON  8                               3 = THUNDER
                        SNOW, ICE PELLETS, HAIL    4 = ICE PELLETS
                        TOTAL MONTH:   0.0 INCH    5 = HAIL
                        GRTST 24HR     0.0         6 = FREEZING RAIN OR DRIZZLE
                        GRTST DEPTH:   0           7 = DUSTSTORM OR SANDSTORM:
                                                       VSBY 1/2 MILE OR LESS
                                                   8 = SMOKE OR HAZE
[NO. OF DAYS WITH]      [WEATHER - DAYS WITH]      9 = BLOWING SNOW
                                                   X = TORNADO
MAX 32 OR BELOW:   0    0.01 INCH OR MORE:   6
MAX 90 OR ABOVE:   1    0.10 INCH OR MORE:   3
MIN 32 OR BELOW:   0    0.50 INCH OR MORE:   2
MIN  0 OR BELOW:   0    1.00 INCH OR MORE:   1

[HDD (BASE 65) ]
TOTAL THIS MO.     0    CLEAR  (SCALE 0-3)   9
DPTR FM NORMAL     0    PTCLDY (SCALE 4-7)  15
TOTAL FM JUL 1    38    CLOUDY (SCALE 8-10)  0
DPTR FM NORMAL  -159

[CDD (BASE 65) ]
TOTAL THIS MO.   263
DPTR FM NORMAL    82    [PRESSURE DATA]
TOTAL FM JAN 1   869    HIGHEST SLP M ON M
DPTR FM NORMAL   298    LOWEST  SLP 29.73 ON 24

[REMARKS]
