000
CXUS52 KMFL 011000
CF6TMB
PRELIMINARY LOCAL CLIMATOLOGICAL DATA (WS FORM: F-6)

                                          STATION:   KENDALL-TAMIAMI EXEC ARPT
                                          MONTH:     SEPTEMBER
                                          YEAR:      2014
                                          LATITUDE:   25 38 N
                                          LONGITUDE:  80 26 W

  TEMPERATURE IN F:       :PCPN:    SNOW:  WIND      :SUNSHINE: SKY     :PK WND
================================================================================
1   2   3   4   5  6A  6B    7    8   9   10  11  12  13   14  15   16   17  18
                                     12Z  AVG MX 2MIN
DY MAX MIN AVG DEP HDD CDD  WTR  SNW DPTH SPD SPD DIR MIN PSBL S-S WX    SPD DR
================================================================================

 1  92  78  85   3   0  20 0.01  0.0    0  7.7 17 130   M    M   2        22 110
 2  92  77  85   3   0  20 0.00  0.0    0  7.0 18 110   M    M   2        25 100
 3  90  76  83   1   0  18 0.11  0.0    0  7.5 18 100   M    M   2 138    23 110
 4  89  76  83   1   0  18 0.10  0.0    0  2.7 15 240   M    M   2 3      18 230
 5  93  76  85   4   0  20 0.02  0.0    0  6.7 17 120   M    M   1 1      21 120
 6  88  77  83   2   0  18 0.10  0.0    0  5.1 17 150   M    M   2 3      29 140
 7  91  75  83   2   0  18 0.01  0.0    0  5.0 18 120   M    M   1 13     24 120
 8  91  75  83   2   0  18 0.33  0.0    0  7.7 15 110   M    M   3 13     21 100
 9  91  75  83   2   0  18 0.64  0.0    0  7.4 17  80   M    M   0 138    23 110
10  88  77  83   2   0  18 0.01  0.0    0  5.0 15 140   M    M   1 1      21 140
11  91  73  82   1   0  17 0.48  0.0    0  2.2 23 260   M    M   2 13     30 260
12  85  74  80  -1   0  15    T  0.0    0  5.3 15 210   M    M   6 138    21 210
13  89  75  82   1   0  17 0.11  0.0    0  7.8 20 170   M    M   3 138    28 140
14  90  75  83   2   0  18 0.00  0.0    0  6.0 24 340   M    M   1 3      25 340
15  92  76  84   3   0  19 0.00  0.0    0  6.7 16 120   M    M   1        20 100
16  92  76  84   3   0  19 0.00  0.0    0  3.5 17 290   M    M   2 3      22 290
17  93  75  84   3   0  19    T  0.0    0  3.9 15 200   M    M   1 1      20 200
18  90  76  83   2   0  18    T  0.0    0  4.5 14 220   M    M   3        17 220
19  86  76  81   0   0  16 0.01  0.0    0  3.6 14  60   M    M   2 38     17  50
20  90  74  82   1   0  17 0.15  0.0    0  3.8 25 290   M    M   1 3      32 290
21  90  71  81   0   0  16 0.16  0.0    0  2.5 12 130   M    M   2 13     25 270
22  89  76  83   2   0  18 0.03  0.0    0  4.9 16 130   M    M   1 3      21 130
23  84  74  79  -2   0  14 0.91  0.0    0  4.5 17 220   M    M   3 138    25 230
24  89  74  82   1   0  17 0.59  0.0    0  4.3 13 130   M    M   1 1      18 120
25  89  76  83   2   0  18    T  0.0    0  7.4 21 110   M    M   2        28 140
26  90  77  84   3   0  19 0.21  0.0    0  6.3 16 120   M    M   3 18     20 100
27  91  78  85   4   0  20 0.02  0.0    0  7.6 20 120   M    M   1        24 120
28  90  77  84   3   0  19 0.04  0.0    0  5.6 17  90   M    M   1 8      25  80
29  91  75  83   2   0  18 1.76  0.0    0  5.0 25 310   M    M   4 13     29 310
30  91  75  83   3   0  18 0.04  0.0    0  6.7 21 250   M    M   1 3      26 270
================================================================================
SM 2697 2265         0 538  5.84     0.0 163.9          M       57
================================================================================
AV 89.9 75.5                               5.5 FASTST   M    M   2    MAX(MPH)
                                 MISC ---->  # 25 290               # 32  290
================================================================================
NOTES:
# LAST OF SEVERAL OCCURRENCES

COLUMN 17 PEAK WIND IN M.P.H.

PRELIMINARY LOCAL CLIMATOLOGICAL DATA (WS FORM: F-6) , PAGE 2

                                          STATION:  KENDALL-TAMIAMI EXEC ARPT
                                          MONTH:    SEPTEMBER
                                          YEAR:     2014
                                          LATITUDE:   25 38 N
                                          LONGITUDE:  80 26 W

[TEMPERATURE DATA]      [PRECIPITATION DATA]       SYMBOLS USED IN COLUMN 16

AVERAGE MONTHLY: 82.7   TOTAL FOR MONTH:   5.84    1 = FOG OR MIST
DPTR FM NORMAL:   1.6   DPTR FM NORMAL:   -3.45    2 = FOG REDUCING VISIBILITY
HIGHEST:    93 ON 17, 5 GRTST 24HR  1.80 ON 29-30      TO 1/4 MILE OR LESS
LOWEST:     71 ON 21                               3 = THUNDER
                        SNOW, ICE PELLETS, HAIL    4 = ICE PELLETS
                        TOTAL MONTH:   0.0 INCH    5 = HAIL
                        GRTST 24HR     0.0         6 = FREEZING RAIN OR DRIZZLE
                        GRTST DEPTH:   0           7 = DUSTSTORM OR SANDSTORM:
                                                       VSBY 1/2 MILE OR LESS
                                                   8 = SMOKE OR HAZE
[NO. OF DAYS WITH]      [WEATHER - DAYS WITH]      9 = BLOWING SNOW
                                                   X = TORNADO
MAX 32 OR BELOW:   0    0.01 INCH OR MORE:  22
MAX 90 OR ABOVE:  20    0.10 INCH OR MORE:  13
MIN 32 OR BELOW:   0    0.50 INCH OR MORE:   4
MIN  0 OR BELOW:   0    1.00 INCH OR MORE:   1

[HDD (BASE 65) ]
TOTAL THIS MO.     0    CLEAR  (SCALE 0-3)  26
DPTR FM NORMAL     0    PTCLDY (SCALE 4-7)   4
TOTAL FM JUL 1     0    CLOUDY (SCALE 8-10)  0
DPTR FM NORMAL     0

[CDD (BASE 65) ]
TOTAL THIS MO.   538
DPTR FM NORMAL    55    [PRESSURE DATA]
TOTAL FM JAN 1  3758    HIGHEST SLP 30.15 ON 15
DPTR FM NORMAL   724    LOWEST  SLP 29.82 ON 29

[REMARKS]
#FINAL-09-14#
