000
CXUS56 KLKN 181210
CF6TPH
PRELIMINARY LOCAL CLIMATOLOGICAL DATA (WS FORM: F-6)
STATION: TONOPAH AIRPORT NV
MONTH: APRIL
YEAR: 2024
LATITUDE: 38 3 N
LONGITUDE: 117 5 W
TEMPERATURE IN F: :PCPN: SNOW: WIND :SUNSHINE: SKY :PK WND
================================================================================
1 2 3 4 5 6A 6B 7 8 9 10 11 12 13 14 15 16 17 18
12Z AVG MX 2MIN
DY MAX MIN AVG DEP HDD CDD WTR SNW DPTH SPD SPD DIR MIN PSBL S-S WX SPD DR
================================================================================
1 53 25 39 -8 26 0 0.00 M M 13.8 24 310 M M 0 33 310
2 65 31 48 1 17 0 0.00 M M 6.8 15 300 M M 0 19 280
3 68 32 50 3 15 0 0.00 M M 11.5 28 180 M M 0 37 180
4 60 32 46 -2 19 0 0.00 M M 21.5 46 170 M M 3 8 64 170
5 39 21 30 -18 35 0 T M M 9.7 22 310 M M 3 29 200
6 48 26 37 -11 28 0 0.00 M M 13.8 24 330 M M 0 39 310
7 52 26 39 -9 26 0 0.00 M M 8.9 25 10 M M 3 32 20
8 54 30 42 -6 23 0 0.00 M M 15.7 26 20 M M 1 34 360
9 65 28 47 -1 18 0 0.00 M M 11.5 20 320 M M 0 31 290
10 70 37 54 5 11 0 0.00 M M 7.4 15 360 M M 0 23 280
11 74 37 56 7 9 0 0.00 M M 7.9 21 190 M M 1 29 160
12 72 37 55 6 10 0 0.00 M M 15.7 32 170 M M 1 8 51 150
13 65 44 55 6 10 0 0.00 M M 22.7 43 170 M M 1 55 170
14 54 33 44 -5 21 0 0.09 M M 11.1 30 170 M M 4 1 44 160
15 60 34 47 -3 18 0 0.00 M M 17.7 30 310 M M 1 38 310
16 69 36 53 3 12 0 0.00 M M 8.4 16 350 M M 0 21 290
17 73 42 58 8 7 0 0.00 M M 11.0 20 340 M M 0 26 300
================================================================================
SM 1041 551 305 0 0.09 M 215.1 M 18
================================================================================
AV 61.2 32.4 12.7 FASTST M M 1 MAX(MPH)
MISC ----> 46 170 64 170
================================================================================
NOTES:
# LAST OF SEVERAL OCCURRENCES
COLUMN 17 PEAK WIND IN M.P.H.
PRELIMINARY LOCAL CLIMATOLOGICAL DATA (WS FORM: F-6) , PAGE 2
STATION: TONOPAH AIRPORT NV
MONTH: APRIL
YEAR: 2024
LATITUDE: 38 3 N
LONGITUDE: 117 5 W
[TEMPERATURE DATA] [PRECIPITATION DATA] SYMBOLS USED IN COLUMN 16
AVERAGE MONTHLY: 46.8 TOTAL FOR MONTH: 0.09 1 = FOG OR MIST
DPTR FM NORMAL: -1.6 DPTR FM NORMAL: -0.10 2 = FOG REDUCING VISIBILITY
HIGHEST: 74 ON 11 GRTST 24HR 0.09 ON 14-14 TO 1/4 MILE OR LESS
LOWEST: 21 ON 5 3 = THUNDER
SNOW, ICE PELLETS, HAIL 4 = ICE PELLETS
TOTAL MONTH: M 5 = HAIL
GRTST 24HR M ON M 6 = FREEZING RAIN OR DRIZZLE
GRTST DEPTH: M ON M 7 = DUSTSTORM OR SANDSTORM:
VSBY 1/2 MILE OR LESS
8 = SMOKE OR HAZE
[NO. OF DAYS WITH] [WEATHER - DAYS WITH] 9 = BLOWING SNOW
X = TORNADO
MAX 32 OR BELOW: 0 0.01 INCH OR MORE: 1
MAX 90 OR ABOVE: 0 0.10 INCH OR MORE: 0
MIN 32 OR BELOW: 9 0.50 INCH OR MORE: 0
MIN 0 OR BELOW: 0 1.00 INCH OR MORE: 0
[HDD (BASE 65) ]
TOTAL THIS MO. 305 CLEAR (SCALE 0-3) 14
DPTR FM NORMAL 23 PTCLDY (SCALE 4-7) 3
TOTAL FM JUL 1 4737 CLOUDY (SCALE 8-10) 0
DPTR FM NORMAL -102
[CDD (BASE 65) ]
TOTAL THIS MO. 0
DPTR FM NORMAL 0 [PRESSURE DATA]
TOTAL FM JAN 1 0 HIGHEST SLP M ON M
DPTR FM NORMAL 0 LOWEST SLP 29.36 ON 4
[REMARKS]