000
CXUS56 KLKN 221009
CF6TPH
PRELIMINARY LOCAL CLIMATOLOGICAL DATA (WS FORM: F-6)

                                          STATION:   TONOPAH AIRPORT NV
                                          MONTH:     JANUARY
                                          YEAR:      2017
                                          LATITUDE:   38  3 N
                                          LONGITUDE: 117  5 W

  TEMPERATURE IN F:       :PCPN:    SNOW:  WIND      :SUNSHINE: SKY     :PK WND
================================================================================
1   2   3   4   5  6A  6B    7    8   9   10  11  12  13   14  15   16   17  18
                                     12Z  AVG MX 2MIN
DY MAX MIN AVG DEP HDD CDD  WTR  SNW DPTH SPD SPD DIR MIN PSBL S-S WX    SPD DR
================================================================================

 1  43  16  30  -1  35   0 0.00    M    M  8.1 23 210   M    M   0        28 210
 2  40  22  31   0  34   0 0.00    M    M  5.2 15 210   M    M   2        17 210
 3  38  19  29  -3  36   0 0.00    M    M  7.6 16 170   M    M   5        20 170
 4  40  32  36   4  29   0    T    M    M  7.3 16 190   M    M  10 1      20 190
 5  38  18  28  -4  37   0    T    M    M 12.0 36 320   M    M   5 1      43 330
 6  32  10  21 -11  44   0 0.00    M    M  6.8 18 320   M    M   0        23 320
 7  37  20  29  -3  36   0 0.00    M    M  7.3 17 180   M    M   8        22 170
 8  49  32  41   9  24   0 0.00    M    M  8.9 23 170   M    M   7        29 170
 9  50  29  40   8  25   0 0.01    M    M  8.7 25 300   M    M   6        30 300
10  45  23  34   2  31   0 0.00    M    M  9.0 21 180   M    M   1        25 180
11  48  31  40   8  25   0 0.08    M    M  7.5 24 250   M    M   3 1      30 240
12  43  30  37   5  28   0    T    M    M  8.9 22 180   M    M  10 1      27 180
13  40  26  33   1  32   0 0.05    M    M  9.9 20 300   M    M   5 1      32 300
14  37  24  31  -1  34   0 0.00    M    M 10.1 17 300   M    M   0        21 300
15  34  21  28  -4  37   0 0.00    M    M 10.2 23 320   M    M   0        29 320
16  36  21  29  -3  36   0 0.00    M    M 17.2 35 320   M    M   0        43 320
17  43  15  29  -4  36   0 0.00    M    M  6.1 14  10   M    M   0        17 330
18  43  19  31  -2  34   0 0.00    M    M  8.9 20 140   M    M   5        25 150
19  43  28  36   3  29   0 0.03    M    M  3.2 15 140   M    M   6 1      18 150
20  37  30  34   1  31   0 0.03    M    M 12.1 29 170   M    M  10 1      35 170
21  42  23  33   0  32   0 0.00    M    M  6.9 16 310   M    M   3 1      20 310
================================================================================
SM  858  489       685   0  0.20    M    181.9          M       86
================================================================================
AV 40.9 23.3                               8.7 FASTST   M    M   4    MAX(MPH)
                                 MISC ---->  # 36 320               # 43  330
================================================================================
NOTES:
# LAST OF SEVERAL OCCURRENCES

COLUMN 17 PEAK WIND IN M.P.H.

PRELIMINARY LOCAL CLIMATOLOGICAL DATA (WS FORM: F-6) , PAGE 2

                                          STATION:  TONOPAH AIRPORT NV
                                          MONTH:    JANUARY
                                          YEAR:     2017
                                          LATITUDE:   38  3 N
                                          LONGITUDE: 117  5 W

[TEMPERATURE DATA]      [PRECIPITATION DATA]       SYMBOLS USED IN COLUMN 16

AVERAGE MONTHLY: 32.1   TOTAL FOR MONTH:   0.20    1 = FOG OR MIST
DPTR FM NORMAL:  -0.1   DPTR FM NORMAL:   -0.12    2 = FOG REDUCING VISIBILITY
HIGHEST:    50 ON  9    GRTST 24HR  0.08 ON 11-11      TO 1/4 MILE OR LESS
LOWEST:     10 ON  6                               3 = THUNDER
                        SNOW, ICE PELLETS, HAIL    4 = ICE PELLETS
                        TOTAL MONTH:    M          5 = HAIL
                        GRTST 24HR    M  ON   M    6 = FREEZING RAIN OR DRIZZLE
                        GRTST DEPTH:  M  ON   M    7 = DUSTSTORM OR SANDSTORM:
                                                       VSBY 1/2 MILE OR LESS
                                                   8 = SMOKE OR HAZE
[NO. OF DAYS WITH]      [WEATHER - DAYS WITH]      9 = BLOWING SNOW
                                                   X = TORNADO
MAX 32 OR BELOW:   1    0.01 INCH OR MORE:   5
MAX 90 OR ABOVE:   0    0.10 INCH OR MORE:   0
MIN 32 OR BELOW:  21    0.50 INCH OR MORE:   0
MIN  0 OR BELOW:   0    1.00 INCH OR MORE:   0

[HDD (BASE 65) ]
TOTAL THIS MO.   685    CLEAR  (SCALE 0-3)   9
DPTR FM NORMAL    -6    PTCLDY (SCALE 4-7)   9
TOTAL FM JUL 1  2743    CLOUDY (SCALE 8-10)  3
DPTR FM NORMAL  -193

[CDD (BASE 65) ]
TOTAL THIS MO.     0
DPTR FM NORMAL     0    [PRESSURE DATA]
TOTAL FM JAN 1     0    HIGHEST SLP M ON M
DPTR FM NORMAL     0    LOWEST  SLP 29.27 ON 20

[REMARKS]
