000
CXUS53 KOAX 211000
CF6TQE
PRELIMINARY LOCAL CLIMATOLOGICAL DATA (WS FORM: F-6)

                                          STATION:   TEKAMAH, NEBRASKA
                                          MONTH:     DECEMBER
                                          YEAR:      2014
                                          LATITUDE:   41 46 N
                                          LONGITUDE:  96 11 W

  TEMPERATURE IN F:       :PCPN:    SNOW:  WIND      :SUNSHINE: SKY     :PK WND
================================================================================
1   2   3   4   5  6A  6B    7    8   9   10  11  12  13   14  15   16   17  18
                                     12Z  AVG MX 2MIN
DY MAX MIN AVG DEP HDD CDD  WTR  SNW DPTH SPD SPD DIR MIN PSBL S-S WX    SPD DR
================================================================================

 1  23  12  18 -11  47   0 0.00    M    M  9.2 21 350   M    M   0        25 350
 2  44  13  29   0  36   0 0.00    M    M 12.4 26 180   M    M   1        32 180
 3  37  20  29   1  36   0 0.00    M    M  6.9 15 330   M    M   0        18 330
 4  40  18  29   1  36   0 0.00    M    M  9.5 17 150   M    M   0        20 180
 5  47  29  38  11  27   0 0.00    M    M  8.2 17 350   M    M   7 128    21 350
 6  42  27  35   8  30   0 0.00    M    M  8.3 17 350   M    M   4 18     20 350
 7  40  30  35   9  30   0    T    M    M 13.6 22 170   M    M  10 18     27 190
 8  52  27  40  14  25   0 0.00    M    M 12.7 24  10   M    M   2 1      30  10
 9  33  19  26   0  39   0 0.00    M    M  6.6 15 350   M    M   5        18 350
10  36  25  31   6  34   0 0.00    M    M  9.5 15 140   M    M   7 18     17 140
11  41  32  37  12  28   0 0.00    M    M  9.4 16 160   M    M  10 18     18 170
12  57  37  47  22  18   0 0.00    M    M 10.7 18 180   M    M   7 18     21 190
13  56  48  52  28  13   0 0.00    M    M 12.7 21 180   M    M  10 18     24 190
14  57  53  55  31  10   0 0.04    M    M 11.2 20 160   M    M  10 1      23 150
15  54  27  41  17  24   0 0.70    M    M 18.9 36 330   M    M  10 1      44 330
16  29  17  23   0  42   0    T    M    M 19.4 36 330   M    M   5        42 320
17  28  16  22  -1  43   0 0.00    M    M  4.7 10 340   M    M   5        13  20
18  31  25  28   5  37   0 0.00    M    M  5.8 10 120   M    M  10 8      11 130
19  35  31  33  10  32   0 0.00    M    M  9.4 16 180   M    M  10 18     20 200
20  34  32  33  11  32   0 0.00    M    M  8.7 14 140   M    M  10 1      16 130
================================================================================
SM  816  538       619   0  0.74    M    207.8          M      123
================================================================================
AV 40.8 26.9                              10.4 FASTST   M    M   6    MAX(MPH)
                                 MISC ---->  # 36 330               # 44  330
================================================================================
NOTES:
# LAST OF SEVERAL OCCURRENCES

COLUMN 17 PEAK WIND IN M.P.H.

PRELIMINARY LOCAL CLIMATOLOGICAL DATA (WS FORM: F-6) , PAGE 2

                                          STATION:  TEKAMAH, NEBRASKA
                                          MONTH:    DECEMBER
                                          YEAR:     2014
                                          LATITUDE:   41 46 N
                                          LONGITUDE:  96 11 W

[TEMPERATURE DATA]      [PRECIPITATION DATA]       SYMBOLS USED IN COLUMN 16

AVERAGE MONTHLY: 33.8   TOTAL FOR MONTH:   0.74    1 = FOG OR MIST
DPTR FM NORMAL:   8.5   DPTR FM NORMAL:    0.00    2 = FOG REDUCING VISIBILITY
HIGHEST:    57 ON 14,12 GRTST 24HR  0.74 ON 14-15      TO 1/4 MILE OR LESS
LOWEST:     12 ON  1                               3 = THUNDER
                        SNOW, ICE PELLETS, HAIL    4 = ICE PELLETS
                        TOTAL MONTH:    M          5 = HAIL
                        GRTST 24HR    M  ON   M    6 = FREEZING RAIN OR DRIZZLE
                        GRTST DEPTH:  M  ON   M    7 = DUSTSTORM OR SANDSTORM:
                                                       VSBY 1/2 MILE OR LESS
                                                   8 = SMOKE OR HAZE
[NO. OF DAYS WITH]      [WEATHER - DAYS WITH]      9 = BLOWING SNOW
                                                   X = TORNADO
MAX 32 OR BELOW:   4    0.01 INCH OR MORE:   2
MAX 90 OR ABOVE:   0    0.10 INCH OR MORE:   1
MIN 32 OR BELOW:  17    0.50 INCH OR MORE:   1
MIN  0 OR BELOW:   0    1.00 INCH OR MORE:   0

[HDD (BASE 65) ]
TOTAL THIS MO.   619    CLEAR  (SCALE 0-3)   5
DPTR FM NORMAL  -172    PTCLDY (SCALE 4-7)   7
TOTAL FM JUL 1  2033    CLOUDY (SCALE 8-10)  8
DPTR FM NORMAL  -143

[CDD (BASE 65) ]
TOTAL THIS MO.     0
DPTR FM NORMAL     0    [PRESSURE DATA]
TOTAL FM JAN 1   976    HIGHEST SLP  0.00 ON  8
DPTR FM NORMAL   -10    LOWEST  SLP  0.00 ON  8

[REMARKS]
