000
CXUS54 KMRX 291000
CF6TRI
PRELIMINARY LOCAL CLIMATOLOGICAL DATA (WS FORM: F-6)

                                          STATION:   TRI-CITIES      ASOS
                                          MONTH:     JULY
                                          YEAR:      2015
                                          LATITUDE:   36 28 N
                                          LONGITUDE:  82 24 W

  TEMPERATURE IN F:       :PCPN:    SNOW:  WIND      :SUNSHINE: SKY     :PK WND
================================================================================
1   2   3   4   5  6A  6B    7    8   9   10  11  12  13   14  15   16   17  18
                                     12Z  AVG MX 2MIN
DY MAX MIN AVG DEP HDD CDD  WTR  SNW DPTH SPD SPD DIR MIN PSBL S-S WX    SPD DR
================================================================================

 1  80  65  73  -1   0   8 0.16  0.0    0  5.9 16 220   M    M   9 138    21 240
 2  78  66  72  -2   0   7 0.15  0.0    0  6.8 17 230   M    M   9 1      22 230
 3  79  67  73  -1   0   8 1.49  0.0    0  5.8 18 230   M    M   9 13     23 240
 4  81  68  75   1   0  10 0.04  0.0    0  7.6 17 230   M    M   9 1      23 240
 5  86  68  77   2   0  12 0.47  0.0    0  4.1 21 230   M    M   7 138    26 220
 6  83  67  75   0   0  10 0.05  0.0    0  5.6 15 250   M    M   5 18     20 230
 7  87  64  76   1   0  11 0.00  0.0    0  4.9 18 220   M    M   6 18     23 250
 8  82  68  75   0   0  10 0.05  0.0    0  3.7 20 260   M    M   9 13     27 250
 9  89  65  77   2   0  12    T  0.0    0  7.1 21 240   M    M   5 1      25 220
10  89  67  78   3   0  13 0.00  0.0    0  5.7 17 230   M    M   3 13     23 260
11  87  67  77   2   0  12 0.02  0.0    0  5.9 17 310   M    M   5 13     23 320
12  82  63  73  -2   0   8 0.24  0.0    0  3.0 14 230   M    M   8 13     20 210
13  89  65  77   2   0  12 0.53  0.0    0  5.4 23 290   M    M   7 13     34 310
14  80  65  73  -2   0   8 2.11  0.0    0  7.5 20 240   M    M   M 13     28 250
15  79  67  73  -2   0   8    T  0.0    0  5.5 14 300   M    M   M 1      19 300
16  87  64  76   1   0  11 0.00  0.0    0  1.4  7 230   M    M   M 12     11 290
17  89  66  78   3   0  13 0.00  0.0    0  2.5 13 240   M    M   4 1      21 220
18  91  70  81   6   0  16 0.11  0.0    0  3.9 18 260   M    M   6 13     23 250
19  91  70  81   6   0  16    T  0.0    0  2.6 15 260   M    M   7 13     18 270
20  90  70  80   5   0  15 0.36  0.0    0  2.8 17 290   M    M   7 138    23 300
21  87  69  78   3   0  13 0.00  0.0    0  5.9 17 290   M    M   7 1      24 260
22  87  66  77   2   0  12    T  0.0    0  2.2 12 260   M    M   6 1      16 250
23  82  68  75   0   0  10 0.01  0.0    0  2.3 10 270   M    M   8        17 250
24  88  68  78   3   0  13 0.00  0.0    0  2.4 12 320   M    M   6 1      18 350
25  90  64  77   2   0  12 0.00  0.0    0  2.3 13 300   M    M   5 1      16 300
26  91  64  78   3   0  13 0.00  0.0    0  1.5  9 250   M    M   4 18     16 220
27  89  69  79   4   0  14    T  0.0    0  1.5  9  40   M    M   6 1      15  30
28  93  70  82   7   0  17    T  0.0    0  2.2 20 230   M    M   6 138    25 260
================================================================================
SM 2406 1870         0 324  5.79     0.0 118.0          M      163
================================================================================
AV 85.9 66.8                               4.2 FASTST   M    M   7    MAX(MPH)
                                 MISC ---->  # 23 290               # 34  310
================================================================================
NOTES:
# LAST OF SEVERAL OCCURRENCES

COLUMN 17 PEAK WIND IN M.P.H.

PRELIMINARY LOCAL CLIMATOLOGICAL DATA (WS FORM: F-6) , PAGE 2

                                          STATION:  TRI-CITIES      ASOS
                                          MONTH:    JULY
                                          YEAR:     2015
                                          LATITUDE:   36 28 N
                                          LONGITUDE:  82 24 W

[TEMPERATURE DATA]      [PRECIPITATION DATA]       SYMBOLS USED IN COLUMN 16

AVERAGE MONTHLY: 76.4   TOTAL FOR MONTH:   5.79    1 = FOG OR MIST
DPTR FM NORMAL:   1.5   DPTR FM NORMAL:    1.55    2 = FOG REDUCING VISIBILITY
HIGHEST:    93 ON 28    GRTST 24HR  2.11 ON 14-14      TO 1/4 MILE OR LESS
LOWEST:     63 ON 12                               3 = THUNDER
                        SNOW, ICE PELLETS, HAIL    4 = ICE PELLETS
                        TOTAL MONTH:   0.0 INCH    5 = HAIL
                        GRTST 24HR     0.0         6 = FREEZING RAIN OR DRIZZLE
                        GRTST DEPTH:   0           7 = DUSTSTORM OR SANDSTORM:
                                                       VSBY 1/2 MILE OR LESS
                                                   8 = SMOKE OR HAZE
[NO. OF DAYS WITH]      [WEATHER - DAYS WITH]      9 = BLOWING SNOW
                                                   X = TORNADO
MAX 32 OR BELOW:   0    0.01 INCH OR MORE:  14
MAX 90 OR ABOVE:   6    0.10 INCH OR MORE:   9
MIN 32 OR BELOW:   0    0.50 INCH OR MORE:   3
MIN  0 OR BELOW:   0    1.00 INCH OR MORE:   2

[HDD (BASE 65) ]
TOTAL THIS MO.     0    CLEAR  (SCALE 0-3)   0
DPTR FM NORMAL     0    PTCLDY (SCALE 4-7)  19
TOTAL FM JUL 1     0    CLOUDY (SCALE 8-10)  6
DPTR FM NORMAL     0

[CDD (BASE 65) ]
TOTAL THIS MO.   324
DPTR FM NORMAL    47    [PRESSURE DATA]
TOTAL FM JAN 1   804    HIGHEST SLP M ON M
DPTR FM NORMAL   248    LOWEST  SLP 29.69 ON 14

[REMARKS]
