000
CXUS56 KPQR 231330
CF6TTD
PRELIMINARY LOCAL CLIMATOLOGICAL DATA (WS FORM: F-6)

                                          STATION:   TROUTDALE OR
                                          MONTH:     DECEMBER
                                          YEAR:      2014
                                          LATITUDE:   45 33 N
                                          LONGITUDE: 122 25 W

  TEMPERATURE IN F:       :PCPN:    SNOW:  WIND      :SUNSHINE: SKY     :PK WND
================================================================================
1   2   3   4   5  6A  6B    7    8   9   10  11  12  13   14  15   16   17  18
                                     12Z  AVG MX 2MIN
DY MAX MIN AVG DEP HDD CDD  WTR  SNW DPTH SPD SPD DIR MIN PSBL S-S WX    SPD DR
================================================================================

 1  35  29  32 -10  33   0 0.00  0.0    0 14.5 29  90   M    M   8        37  90
 2  38  27  33  -8  32   0 0.00  0.0    0 19.5 35  90   M    M   0        43  90
 3  43  36  40  -1  25   0 0.01    M    0 24.8 32  90   M    M   6        41  90
 4  40  36  38  -3  27   0 0.67    M    0 23.1 31  80   M    M  10 1      40  90
 5  43  39  41   1  24   0 0.12    M    0 25.0 33  90   M    M   8 1      42  90
 6  53  40  47   7  18   0 0.10    M    0 10.8 31  90   M    M   9 1      38  80
 7  49  44  47   7  18   0 0.00  0.0    0 24.6 33  90   M    M   1        39  90
 8  48  45  47   7  18   0 0.00  0.0    0 23.0 33  90   M    M   6        42  90
 9  52  45  49   9  16   0 0.30    M    0 19.4 36  90   M    M  10 1      47  90
10  57  39  48   9  17   0 0.43    M    0 13.8 30  90   M    M   6 12     38 100
11  65  43  54  15  11   0 0.08    M    0 16.6 39 210   M    M   5 1      55 210
12  55  42  49  10  16   0 0.12    M    0  0.8 13 250   M    M   7 1      17 250
13  50  35  43   4  22   0 0.00  0.0    0  1.0  6  60   M    M   8 12     18 170
14  48  37  43   4  22   0 0.00  0.0    0 20.6 29 100   M    M   0 1      40 100
15  47  42  45   6  20   0    T    M    0 20.8 28  90   M    M   6        35  90
16  46  41  44   6  21   0    T    M    0 20.2 26  90   M    M   8        33  90
17  46  43  45   7  20   0 0.03    M    0 16.3 25  90   M    M   9 1      31  90
18  48  42  45   7  20   0 0.22    M    0 17.5 28  90   M    M  10 1      35  90
19  54  43  49  11  16   0 0.08    M    0  6.7 14  90   M    M   9 1      19 230
20  60  45  53  15  12   0 0.65    M    0 13.3 25 220   M    M  10 1      35 230
21  60  51  56  18   9   0 0.06  0.0    0 10.3 24 230   M    M   9 1      33 220
22  56  44  50  12  15   0 0.04    M    0  2.2 12 210   M    M   7 1      13 210
================================================================================
SM 1093  888       432   0  2.91     0.0 344.8          M      152
================================================================================
AV 49.7 40.4                              15.7 FASTST   M    M   7    MAX(MPH)
                                 MISC ---->  # 39 210               # 55  210
================================================================================
NOTES:
# LAST OF SEVERAL OCCURRENCES

COLUMN 17 PEAK WIND IN M.P.H.

PRELIMINARY LOCAL CLIMATOLOGICAL DATA (WS FORM: F-6) , PAGE 2

                                          STATION:  TROUTDALE OR
                                          MONTH:    DECEMBER
                                          YEAR:     2014
                                          LATITUDE:   45 33 N
                                          LONGITUDE: 122 25 W

[TEMPERATURE DATA]      [PRECIPITATION DATA]       SYMBOLS USED IN COLUMN 16

AVERAGE MONTHLY: 45.0   TOTAL FOR MONTH:   2.91    1 = FOG OR MIST
DPTR FM NORMAL:   5.7   DPTR FM NORMAL:   -2.14    2 = FOG REDUCING VISIBILITY
HIGHEST:    65 ON 11    GRTST 24HR  0.69 ON  4- 5      TO 1/4 MILE OR LESS
LOWEST:     27 ON  2                               3 = THUNDER
                        SNOW, ICE PELLETS, HAIL    4 = ICE PELLETS
                        TOTAL MONTH:   0.0 INCH    5 = HAIL
                        GRTST 24HR     0.0         6 = FREEZING RAIN OR DRIZZLE
                        GRTST DEPTH:   0           7 = DUSTSTORM OR SANDSTORM:
                                                       VSBY 1/2 MILE OR LESS
                                                   8 = SMOKE OR HAZE
[NO. OF DAYS WITH]      [WEATHER - DAYS WITH]      9 = BLOWING SNOW
                                                   X = TORNADO
MAX 32 OR BELOW:   0    0.01 INCH OR MORE:  14
MAX 90 OR ABOVE:   0    0.10 INCH OR MORE:   8
MIN 32 OR BELOW:   2    0.50 INCH OR MORE:   2
MIN  0 OR BELOW:   0    1.00 INCH OR MORE:   0

[HDD (BASE 65) ]
TOTAL THIS MO.   432    CLEAR  (SCALE 0-3)   3
DPTR FM NORMAL  -134    PTCLDY (SCALE 4-7)   9
TOTAL FM JUL 1  1190    CLOUDY (SCALE 8-10) 10
DPTR FM NORMAL  -478

[CDD (BASE 65) ]
TOTAL THIS MO.     0
DPTR FM NORMAL     0    [PRESSURE DATA]
TOTAL FM JAN 1   626    HIGHEST SLP M ON M
DPTR FM NORMAL   286    LOWEST  SLP 29.12 ON 11

[REMARKS]
