000
CXUS55 KTWC 220855
CF6TUS
PRELIMINARY LOCAL CLIMATOLOGICAL DATA (WS FORM: F-6)

                                          STATION:   TUCSON AZ
                                          MONTH:     SEPTEMBER
                                          YEAR:      2014
                                          LATITUDE:   32  7 N
                                          LONGITUDE: 110 56 W

  TEMPERATURE IN F:       :PCPN:    SNOW:  WIND      :SUNSHINE: SKY     :PK WND
================================================================================
1   2   3   4   5  6A  6B    7    8   9   10  11  12  13   14  15   16   17  18
                                     12Z  AVG MX 2MIN
DY MAX MIN AVG DEP HDD CDD  WTR  SNW DPTH SPD SPD DIR MIN PSBL S-S WX    SPD DR
================================================================================

 1 103  73  88   3   0  23 0.00  0.0    0  6.6 15 310   M    M   0        20 310
 2 104  74  89   4   0  24 0.00  0.0    0  6.1 15 140   M    M   0        20 310
 3 100  78  89   5   0  24 0.00  0.0    0  6.8 23 200   M    M   1        27 190
 4  99  72  86   2   0  21 0.21  0.0    0  8.2 29 200   M    M   1 3      37 210
 5  94  69  82  -2   0  17 0.00  0.0    0  5.6 13 330   M    M   0        16 330
 6  93  74  84   0   0  19 0.07  0.0    0  5.4 25 160   M    M   1 3      32 160
 7  94  74  84   0   0  19 0.02  0.0    0  9.5 22 120   M    M   3 3      27 130
 8  80  71  76  -8   0  11 1.84  0.0    0  4.6 13  10   M    M   5 13     15  30
 9  91  71  81  -3   0  16    T  0.0    0  5.0 13 270   M    M   3        18 260
10  92  68  80  -3   0  15 0.00  0.0    0  5.6 12 350   M    M   0        15 260
11  97  69  83   0   0  18 0.00  0.0    0  6.2 15 340   M    M   0        19 340
12 100  73  87   4   0  22 0.31  0.0    0  5.0 28 320   M    M   1 38     36 330
13  93  75  84   1   0  19 0.00  0.0    0 16.2 33 130   M    M   0        40 130
14  96  75  86   4   0  21 0.00  0.0    0 10.9 28 130   M    M   0        34 130
15  97  79  88   6   0  23 0.00  0.0    0  9.9 21 170   M    M   1        27  90
16  83  72  78  -4   0  13 0.14  0.0    0  8.4 22 130   M    M   5        27 130
17  82  73  78  -4   0  13 0.11  0.0    0  8.9 22 130   M    M   M        25 140
18  83  70  77  -4   0  12 0.03  0.0    0  3.8  9 150   M    M   9 1      14 200
19  91  74  83   2   0  18 0.03  0.0    0  3.7 14 270   M    M   5 1      18 270
20  90  73  82   1   0  17 0.00  0.0    0  5.6 14 190   M    M   0        19 160
21  95  72  84   4   0  19 0.00  0.0    0  6.2 21 120   M    M   3        25 130
================================================================================
SM 1957 1529         0 384  2.76     0.0 148.2          M       38
================================================================================
AV 93.2 72.8                               7.1 FASTST   M    M   2    MAX(MPH)
                                 MISC ---->  # 33 130               # 40  130
================================================================================
NOTES:
# LAST OF SEVERAL OCCURRENCES

COLUMN 17 PEAK WIND IN M.P.H.

PRELIMINARY LOCAL CLIMATOLOGICAL DATA (WS FORM: F-6) , PAGE 2

                                          STATION:  TUCSON AZ
                                          MONTH:    SEPTEMBER
                                          YEAR:     2014
                                          LATITUDE:   32  7 N
                                          LONGITUDE: 110 56 W

[TEMPERATURE DATA]      [PRECIPITATION DATA]       SYMBOLS USED IN COLUMN 16

AVERAGE MONTHLY: 83.0   TOTAL FOR MONTH:   2.76    1 = FOG OR MIST
DPTR FM NORMAL:   0.1   DPTR FM NORMAL:    1.78    2 = FOG REDUCING VISIBILITY
HIGHEST:   104 ON  2    GRTST 24HR  1.86 ON  7- 8      TO 1/4 MILE OR LESS
LOWEST:     68 ON 10                               3 = THUNDER
                        SNOW, ICE PELLETS, HAIL    4 = ICE PELLETS
                        TOTAL MONTH:   0.0 INCH    5 = HAIL
                        GRTST 24HR     0.0         6 = FREEZING RAIN OR DRIZZLE
                        GRTST DEPTH:   0           7 = DUSTSTORM OR SANDSTORM:
                                                       VSBY 1/2 MILE OR LESS
                                                   8 = SMOKE OR HAZE
[NO. OF DAYS WITH]      [WEATHER - DAYS WITH]      9 = BLOWING SNOW
                                                   X = TORNADO
MAX 32 OR BELOW:   0    0.01 INCH OR MORE:   9
MAX 90 OR ABOVE:  17    0.10 INCH OR MORE:   5
MIN 32 OR BELOW:   0    0.50 INCH OR MORE:   1
MIN  0 OR BELOW:   0    1.00 INCH OR MORE:   1

[HDD (BASE 65) ]
TOTAL THIS MO.     0    CLEAR  (SCALE 0-3)  16
DPTR FM NORMAL     0    PTCLDY (SCALE 4-7)   3
TOTAL FM JUL 1     0    CLOUDY (SCALE 8-10)  1
DPTR FM NORMAL     0

[CDD (BASE 65) ]
TOTAL THIS MO.   384
DPTR FM NORMAL     7    [PRESSURE DATA]
TOTAL FM JAN 1  3075    HIGHEST SLP M ON M
DPTR FM NORMAL   288    LOWEST  SLP 29.60 ON  4

[REMARKS]
