000
CXUS53 KAPX 290631
CF6TVC
PRELIMINARY LOCAL CLIMATOLOGICAL DATA (WS FORM: F-6)

                                          STATION:   TRAVERSE CITY MI
                                          MONTH:     MAY
                                          YEAR:      2016
                                          LATITUDE:   44 44 N
                                          LONGITUDE:  85 34 W

  TEMPERATURE IN F:       :PCPN:    SNOW:  WIND      :SUNSHINE: SKY     :PK WND
================================================================================
1   2   3   4   5  6A  6B    7    8   9   10  11  12  13   14  15   16   17  18
                                     12Z  AVG MX 2MIN
DY MAX MIN AVG DEP HDD CDD  WTR  SNW DPTH SPD SPD DIR MIN PSBL S-S WX    SPD DR
================================================================================

 1  57  40  49   0  16   0 0.05    M    M  5.3 14  70   M    M  10        19  60
 2  61  33  47  -2  18   0 0.00    M    M  3.2 10  40   M    M   2        15  10
 3  70  34  52   3  13   0    T    M    M  6.6 21 280   M    M   5        26 320
 4  50  41  46  -4  19   0 0.30    M    M  9.3 16 340   M    M  10 1      24 350
 5  55  38  47  -3  18   0 0.00    M    M  5.2  9  10   M    M   5         M  M
 6  81  36  59   9   6   0 0.00    M    M  3.9 12 260   M    M   4        19 170
 7  67  39  53   2  12   0 0.00    M    M  8.6 18  10   M    M   3        27 330
 8  56  38  47  -4  18   0    T    M    M  4.8 15 340   M    M   5        18 330
 9  64  33  49  -2  16   0 0.00    M    M  4.9 13  50   M    M   5        16  30
10  63  44  54   2  11   0 0.00    M    M  8.2 20 100   M    M   7        32 120
11  79  50  65  13   0   0 0.00    M    M  5.5 16 120   M    M   7        24 100
12  73  53  63  11   2   0 0.03    M    M  4.6 17 270   M    M   8 18     21 270
13  63  43  53   0  12   0 0.12    M    M  9.6 25 270   M    M  10 1      32 280
14  46  37  42 -11  23   0    T    M    M 11.2 22 320   M    M  10        29 310
15  51  33  42 -11  23   0 0.01    M    M  8.5 24 310   M    M   7 18     29 270
16  62  41  52  -2  13   0 0.01    M    M  6.9 18 290   M    M   5        24 330
17  60  33  47  -7  18   0 0.00    M    M  5.5 17  20   M    M   1        22  10
18  62  33  48  -6  17   0 0.00    M    M  3.5 13  50   M    M   2        16  40
19  71  35  53  -2  12   0 0.00    M    M  3.3 13  40   M    M   2        18  20
20  70  38  54  -1  11   0 0.00    M    M  3.5 12  30   M    M   4         M  M
21  76  45  61   6   4   0 0.00    M    M  3.4 12  40   M    M   4        14  20
22  70  43  57   1   8   0 0.00    M    M  3.6 13 330   M    M   3        16 320
23  84  32  58   2   7   0 0.00    M    M  4.4 17 290   M    M   1        23 280
24  89  57  73  17   0   8 0.00    M    M  7.2 18 250   M    M   6        29 250
25  77  50  64   7   1   0 0.01    M    M  3.8 15 110   M    M   6 18     20 120
26  86  65  76  19   0  11 0.29    M    M  6.4 24 260   M    M   7 13     35 260
27  88  55  72  15   0   7 0.68    M    M  3.2 14 320   M    M   6 138    22 220
28  85  70  78  20   0  13 0.00    M    M  6.2 16 230   M    M   6        27 190
================================================================================
SM 1916 1189       298  39  1.50    M    160.3          M      151
================================================================================
AV 68.4 42.5                               5.7 FASTST   M    M   5    MAX(MPH)
                                 MISC ---->  # 25 270               # 35  260
================================================================================
NOTES:
# LAST OF SEVERAL OCCURRENCES

COLUMN 17 PEAK WIND IN M.P.H.

PRELIMINARY LOCAL CLIMATOLOGICAL DATA (WS FORM: F-6) , PAGE 2

                                          STATION:  TRAVERSE CITY MI
                                          MONTH:    MAY
                                          YEAR:     2016
                                          LATITUDE:   44 44 N
                                          LONGITUDE:  85 34 W

[TEMPERATURE DATA]      [PRECIPITATION DATA]       SYMBOLS USED IN COLUMN 16

AVERAGE MONTHLY: 55.4   TOTAL FOR MONTH:   1.50    1 = FOG OR MIST
DPTR FM NORMAL:   2.3   DPTR FM NORMAL:   -0.83    2 = FOG REDUCING VISIBILITY
HIGHEST:    89 ON 24    GRTST 24HR  0.68 ON 27-27      TO 1/4 MILE OR LESS
LOWEST:     32 ON 23                               3 = THUNDER
                        SNOW, ICE PELLETS, HAIL    4 = ICE PELLETS
                        TOTAL MONTH:    M          5 = HAIL
                        GRTST 24HR    M  ON   M    6 = FREEZING RAIN OR DRIZZLE
                        GRTST DEPTH:  M  ON   M    7 = DUSTSTORM OR SANDSTORM:
                                                       VSBY 1/2 MILE OR LESS
                                                   8 = SMOKE OR HAZE
[NO. OF DAYS WITH]      [WEATHER - DAYS WITH]      9 = BLOWING SNOW
                                                   X = TORNADO
MAX 32 OR BELOW:   0    0.01 INCH OR MORE:   9
MAX 90 OR ABOVE:   0    0.10 INCH OR MORE:   4
MIN 32 OR BELOW:   1    0.50 INCH OR MORE:   1
MIN  0 OR BELOW:   0    1.00 INCH OR MORE:   0

[HDD (BASE 65) ]
TOTAL THIS MO.   298    CLEAR  (SCALE 0-3)   6
DPTR FM NORMAL   -49    PTCLDY (SCALE 4-7)  18
TOTAL FM JUL 1  6167    CLOUDY (SCALE 8-10)  4
DPTR FM NORMAL -1247

[CDD (BASE 65) ]
TOTAL THIS MO.    39
DPTR FM NORMAL    28    [PRESSURE DATA]
TOTAL FM JAN 1    39    HIGHEST SLP M ON M
DPTR FM NORMAL    25    LOWEST  SLP 29.61 ON M

[REMARKS]
