000
CXUS55 KREV 181119
CF6TVL
PRELIMINARY LOCAL CLIMATOLOGICAL DATA (WS FORM: F-6)

                                          STATION:   SOUTH LAKE TAHOE CA
                                          MONTH:     FEBRUARY
                                          YEAR:      2018
                                          LATITUDE:   38 53 N
                                          LONGITUDE: 119 60 W

  TEMPERATURE IN F:       :PCPN:    SNOW:  WIND      :SUNSHINE: SKY     :PK WND
================================================================================
1   2   3   4   5  6A  6B    7    8   9   10  11  12  13   14  15   16   17  18
                                     12Z  AVG MX 2MIN
DY MAX MIN AVG DEP HDD CDD  WTR  SNW DPTH SPD SPD DIR MIN PSBL S-S WX    SPD DR
================================================================================

 1  57  28  43  13  22   0 0.00  0.0    0  2.3 10  30   M    M   1        14  20
 2  56  25  41  11  24   0 0.00  0.0    0  2.3  9  20   M    M   0        13  30
 3  56  23  40  10  25   0 0.00  0.0    0  1.8 13  30   M    M   0        16  20
 4  56  24  40  10  25   0 0.00  0.0    0  2.0  7 180   M    M   0        11  30
 5  57  23  40  10  25   0 0.00  0.0    0  2.3  9  30   M    M   0        13  30
 6  54  23  39   9  26   0 0.00  0.0    0  1.3 10  30   M    M   0        13  30
 7  55  22  39   9  26   0 0.00  0.0    0  2.7 10  30   M    M   0        15  30
 8  57  23  40  10  25   0 0.00  0.0    0  2.7  9  30   M    M   0        14  20
 9  58  24  41  11  24   0 0.00  0.0    0  1.2 10  20   M    M   0        12  20
10  48  22  35   5  30   0 0.00  0.0    0  5.0 20  30   M    M   0        29  30
11  49  15  32   2  33   0 0.01    M    0  8.9 33 190   M    M   3        49 190
12  31  22  27  -3  38   0    T    M    0  6.5 17  30   M    M   8 1      25  80
13  40  14  27  -3  38   0    T    T    0  2.7 15  40   M    M   2 1      22  60
14  38  16  27  -4  38   0 0.00  0.0    0  7.7 21 190   M    M   3        32 190
15  42  16  29  -2  36   0 0.00  0.0    0  2.6  8  50   M    M   0        16  10
16  54  17  36   5  29   0 0.00  0.0    0  2.1 12  30   M    M   0 8      18  30
17  58  19  39   8  26   0 0.00  0.0    0  5.6 21 200   M    M   1        30 200
================================================================================
SM  866  356       490   0  0.01    T     59.7          M       18
================================================================================
AV 50.9 20.9                               3.5 FASTST   M    M   1    MAX(MPH)
                                 MISC ---->  # 33 190               # 49  190
================================================================================
NOTES:
# LAST OF SEVERAL OCCURRENCES

COLUMN 17 PEAK WIND IN M.P.H.

PRELIMINARY LOCAL CLIMATOLOGICAL DATA (WS FORM: F-6) , PAGE 2

                                          STATION:  SOUTH LAKE TAHOE CA
                                          MONTH:    FEBRUARY
                                          YEAR:     2018
                                          LATITUDE:   38 53 N
                                          LONGITUDE: 119 60 W

[TEMPERATURE DATA]      [PRECIPITATION DATA]       SYMBOLS USED IN COLUMN 16

AVERAGE MONTHLY: 35.9   TOTAL FOR MONTH:   0.01    1 = FOG OR MIST
DPTR FM NORMAL:   5.7   DPTR FM NORMAL:   -1.40    2 = FOG REDUCING VISIBILITY
HIGHEST:    58 ON 17, 9 GRTST 24HR  0.01 ON 11-11      TO 1/4 MILE OR LESS
LOWEST:     14 ON 13                               3 = THUNDER
                        SNOW, ICE PELLETS, HAIL    4 = ICE PELLETS
                        TOTAL MONTH:    T          5 = HAIL
                        GRTST 24HR    T  ON 13-13  6 = FREEZING RAIN OR DRIZZLE
                        GRTST DEPTH:   0           7 = DUSTSTORM OR SANDSTORM:
                                                       VSBY 1/2 MILE OR LESS
                                                   8 = SMOKE OR HAZE
[NO. OF DAYS WITH]      [WEATHER - DAYS WITH]      9 = BLOWING SNOW
                                                   X = TORNADO
MAX 32 OR BELOW:   1    0.01 INCH OR MORE:   1
MAX 90 OR ABOVE:   0    0.10 INCH OR MORE:   0
MIN 32 OR BELOW:  17    0.50 INCH OR MORE:   0
MIN  0 OR BELOW:   0    1.00 INCH OR MORE:   0

[HDD (BASE 65) ]
TOTAL THIS MO.   490    CLEAR  (SCALE 0-3)  16
DPTR FM NORMAL  -100    PTCLDY (SCALE 4-7)   0
TOTAL FM JUL 1  4160    CLOUDY (SCALE 8-10)  1
DPTR FM NORMAL  -712

[CDD (BASE 65) ]
TOTAL THIS MO.     0
DPTR FM NORMAL     0    [PRESSURE DATA]
TOTAL FM JAN 1     0    HIGHEST SLP M ON M
DPTR FM NORMAL     0    LOWEST  SLP 29.64 ON 11

[REMARKS]
