000
CXUS54 KSHV 241300
CF6TYR
PRELIMINARY LOCAL CLIMATOLOGICAL DATA (WS FORM: F-6)

                                          STATION:   TYLER
                                          MONTH:     FEBRUARY
                                          YEAR:      2018
                                          LATITUDE:   32 22 N
                                          LONGITUDE:  95 24 W

  TEMPERATURE IN F:       :PCPN:    SNOW:  WIND      :SUNSHINE: SKY     :PK WND
================================================================================
1   2   3   4   5  6A  6B    7    8   9   10  11  12  13   14  15   16   17  18
                                     12Z  AVG MX 2MIN
DY MAX MIN AVG DEP HDD CDD  WTR  SNW DPTH SPD SPD DIR MIN PSBL S-S WX    SPD DR
================================================================================

 1  71  51  61  13   4   0 0.00  0.0    0 12.4 24  30   M    M   2        32  40
 2  54  38  46  -2  19   0 0.00  0.0    0  9.4 17  50   M    M   1        24  30
 3  51  40  46  -2  19   0 0.03  0.0    0 12.3 25 150   M    M  10 1      35 140
 4  68  38  53   5  12   0 0.00  0.0    0  6.9 24  10   M    M   5 1      32  10
 5  59  29  44  -4  21   0    T  0.0    0  6.5 14  10   M    M   5 1      17  10
 6  51  37  44  -5  21   0 1.60  0.0    0  8.1 23 300   M    M  10 13     28 290
 7  39  31  35 -14  30   0 0.10  0.0    0  8.1 17  10   M    M   9 18     24 350
 8  62  29  46  -3  19   0 0.00  0.0    0  5.8 10 140   M    M   0 1      14 110
 9  61  46  54   5  11   0 0.00  0.0    0  7.5 15 200   M    M  10        19 210
10  63  32  48  -1  17   0 0.10  0.0    0  8.4 17 330   M    M  10 1      22 330
11  33  27  30 -20  35   0 0.16  0.2    0 10.0 21 330   M    M  10 146    28 330
12  43  30  37 -13  28   0 0.00  0.0    0  8.1 15  60   M    M   7        20  40
13  44  35  40 -10  25   0 0.20  0.0    0  5.4 13 110   M    M  10 13     17 110
14  66  44  55   5  10   0 0.06  0.0    0  5.9 16 190   M    M  10 12     21 180
15  78  65  72  21   0   7 0.00  0.0    0 15.7 25 200   M    M   7        35 200
16  71  54  63  12   2   0 0.00  0.0    0 10.8 18 340   M    M   9 1      23 350
17  55  44  50  -1  15   0 0.09    M    0  6.4 20 310   M    M   9 1      23 150
18  68  47  58   7   7   0    T    M    0  9.8 21 170   M    M   7 1      31 170
19  79  66  73  21   0   8    T  0.0    0 18.2 32 190   M    M   8        42 190
20  78  54  66  14   0   1 0.39  0.0    0 15.2 29 170   M    M   8 13     37 160
21  54  39  47  -5  18   0 2.62    M    0 10.9 22 330   M    M  10 138    29 360
22  52  40  46  -6  19   0 0.19    M    0  5.8 13 310   M    M  10 1238   16 310
23  70  46  58   6   7   0 1.44    M    0  5.8 16 170   M    M   7 13     20 170
================================================================================
SM 1370  962       339  16  6.98     0.2 213.4          M      174
================================================================================
AV 59.6 41.8                               9.3 FASTST   M    M   8    MAX(MPH)
                                 MISC ---->  # 32 190               # 42  190
================================================================================
NOTES:
# LAST OF SEVERAL OCCURRENCES

COLUMN 17 PEAK WIND IN M.P.H.

PRELIMINARY LOCAL CLIMATOLOGICAL DATA (WS FORM: F-6) , PAGE 2

                                          STATION:  TYLER
                                          MONTH:    FEBRUARY
                                          YEAR:     2018
                                          LATITUDE:   32 22 N
                                          LONGITUDE:  95 24 W

[TEMPERATURE DATA]      [PRECIPITATION DATA]       SYMBOLS USED IN COLUMN 16

AVERAGE MONTHLY: 50.7   TOTAL FOR MONTH:   6.98    1 = FOG OR MIST
DPTR FM NORMAL:   0.7   DPTR FM NORMAL:    3.90    2 = FOG REDUCING VISIBILITY
HIGHEST:    79 ON 19    GRTST 24HR  2.62 ON 21-21      TO 1/4 MILE OR LESS
LOWEST:     27 ON 11                               3 = THUNDER
                        SNOW, ICE PELLETS, HAIL    4 = ICE PELLETS
                        TOTAL MONTH:   0.2 INCH    5 = HAIL
                        GRTST 24HR   0.2 ON 11-11  6 = FREEZING RAIN OR DRIZZLE
                        GRTST DEPTH:   0           7 = DUSTSTORM OR SANDSTORM:
                                                       VSBY 1/2 MILE OR LESS
                                                   8 = SMOKE OR HAZE
[NO. OF DAYS WITH]      [WEATHER - DAYS WITH]      9 = BLOWING SNOW
                                                   X = TORNADO
MAX 32 OR BELOW:   0    0.01 INCH OR MORE:  12
MAX 90 OR ABOVE:   0    0.10 INCH OR MORE:   9
MIN 32 OR BELOW:   6    0.50 INCH OR MORE:   3
MIN  0 OR BELOW:   0    1.00 INCH OR MORE:   3

[HDD (BASE 65) ]
TOTAL THIS MO.   339    CLEAR  (SCALE 0-3)   3
DPTR FM NORMAL   -12    PTCLDY (SCALE 4-7)   7
TOTAL FM JUL 1  1779    CLOUDY (SCALE 8-10) 13
DPTR FM NORMAL   -50

[CDD (BASE 65) ]
TOTAL THIS MO.    16
DPTR FM NORMAL    16    [PRESSURE DATA]
TOTAL FM JAN 1    19    HIGHEST SLP M ON M
DPTR FM NORMAL    15    LOWEST  SLP 29.79 ON 10

[REMARKS]
