000
CXUS53 KLSX 301600
CF6UIN
PRELIMINARY LOCAL CLIMATOLOGICAL DATA (WS FORM: F-6)

                                          STATION:   QUINCY IL
                                          MONTH:     MAY
                                          YEAR:      2016
                                          LATITUDE:   39 57 N
                                          LONGITUDE:  91 12 W

  TEMPERATURE IN F:       :PCPN:    SNOW:  WIND      :SUNSHINE: SKY     :PK WND
================================================================================
1   2   3   4   5  6A  6B    7    8   9   10  11  12  13   14  15   16   17  18
                                     12Z  AVG MX 2MIN
DY MAX MIN AVG DEP HDD CDD  WTR  SNW DPTH SPD SPD DIR MIN PSBL S-S WX    SPD DR
================================================================================

 1  56  49  53  -5  12   0    T  0.0    0  8.7 16 330   M    M  10 1      20 330
 2  54  47  51  -8  14   0    T  0.0    0  6.9 13  10   M    M  10 1      15  20
 3  67  47  57  -2   8   0 0.00  0.0    0  7.2 16 300   M    M   6 1      20 310
 4  65  46  56  -3   9   0    T  0.0    0 13.1 25 330   M    M   3        31 330
 5  66  41  54  -6  11   0 0.00  0.0    0  7.6 14 310   M    M   0        21 360
 6  82  45  64   4   1   0 0.00  0.0    0  8.0 15 250   M    M   0        19 230
 7  82  61  72  12   0   7 0.11  0.0    0 10.6 25 350   M    M   2 138    36 320
 8  68  56  62   2   3   0 0.76  0.0    0  9.2 24 130   M    M   6 13     30 130
 9  70  56  63   2   2   0 0.38  0.0    0 10.7 16 160   M    M   9 13     23 170
10  75  57  66   5   0   1 0.00  0.0    0  5.3 15 190   M    M   4 1      18 200
11  79  57  68   7   0   3 0.10  0.0    0  6.9 22 190   M    M   5 1238   30 210
12  70  52  61  -1   4   0    T  0.0    0 11.9 25 290   M    M   5 1      30 310
13  74  44  59  -3   6   0 0.28  0.0    0 11.3 36 320   M    M   2 13     41 320
14  56  40  48 -14  17   0 0.00  0.0    0 15.6 28 320   M    M   3        38 330
15  63  40  52 -11  13   0 0.00  0.0    0  7.1 17 300   M    M   1        22 310
16  57  47  52 -11  13   0 0.21  0.0    0  6.1 12 190   M    M   7 1      15 180
17  59  48  54  -9  11   0 0.02  0.0    0  6.3 14 110   M    M   7        18  90
18  67  43  55  -8  10   0 0.00  0.0    0  5.1 13  40   M    M   1 12     17  30
19  72  44  58  -6   7   0 0.00  0.0    0  4.3 13 200   M    M   1        17 120
20  67  55  61  -3   4   0 0.01  0.0    0  6.4 12  10   M    M   8        14 330
21  75  49  62  -2   3   0 0.00  0.0    0  5.3 15  20   M    M   0        19  10
22  80  51  66   1   0   1 0.00  0.0    0  4.7 10 160   M    M   0        15 160
23  83  55  69   4   0   4 0.00  0.0    0  8.2 18 200   M    M   0        25 140
24  82  61  72   7   0   7 0.00  0.0    0  8.0 20 230   M    M   1        26 210
25  84  62  73   7   0   8    T  0.0    0  9.1 20 190   M    M   2        24 200
26  84  64  74   8   0   9 1.12  0.0    0  9.4 24 180   M    M   3 138    32 180
27  80  64  72   6   0   7 0.65  0.0    0 11.4 22 170   M    M   9 13     30 180
28  83  66  75   9   0  10    T  0.0    0 11.9 23 240   M    M   6 3      30 210
29  84  61  73   6   0   8    T  0.0    0  6.2 15 290   M    M   0 38     18 270
================================================================================
SM 2084 1508       148  65  3.64     0.0 242.5          M      111
================================================================================
AV 71.9 52.0                               8.4 FASTST   M    M   4    MAX(MPH)
                                 MISC ---->  # 36 320               # 41  320
================================================================================
NOTES:
# LAST OF SEVERAL OCCURRENCES

COLUMN 17 PEAK WIND IN M.P.H.

PRELIMINARY LOCAL CLIMATOLOGICAL DATA (WS FORM: F-6) , PAGE 2

                                          STATION:  QUINCY IL
                                          MONTH:    MAY
                                          YEAR:     2016
                                          LATITUDE:   39 57 N
                                          LONGITUDE:  91 12 W

[TEMPERATURE DATA]      [PRECIPITATION DATA]       SYMBOLS USED IN COLUMN 16

AVERAGE MONTHLY: 61.9   TOTAL FOR MONTH:   3.64    1 = FOG OR MIST
DPTR FM NORMAL:  -0.6   DPTR FM NORMAL:   -0.59    2 = FOG REDUCING VISIBILITY
HIGHEST:    84 ON 29,26 GRTST 24HR  1.19 ON 26-27      TO 1/4 MILE OR LESS
LOWEST:     40 ON 15,14                            3 = THUNDER
                        SNOW, ICE PELLETS, HAIL    4 = ICE PELLETS
                        TOTAL MONTH:   0.0 INCH    5 = HAIL
                        GRTST 24HR     0.0         6 = FREEZING RAIN OR DRIZZLE
                        GRTST DEPTH:   0           7 = DUSTSTORM OR SANDSTORM:
                                                       VSBY 1/2 MILE OR LESS
                                                   8 = SMOKE OR HAZE
[NO. OF DAYS WITH]      [WEATHER - DAYS WITH]      9 = BLOWING SNOW
                                                   X = TORNADO
MAX 32 OR BELOW:   0    0.01 INCH OR MORE:  10
MAX 90 OR ABOVE:   0    0.10 INCH OR MORE:   8
MIN 32 OR BELOW:   0    0.50 INCH OR MORE:   3
MIN  0 OR BELOW:   0    1.00 INCH OR MORE:   1

[HDD (BASE 65) ]
TOTAL THIS MO.   148    CLEAR  (SCALE 0-3)  16
DPTR FM NORMAL    16    PTCLDY (SCALE 4-7)   9
TOTAL FM JUL 1  4592    CLOUDY (SCALE 8-10)  4
DPTR FM NORMAL  -970

[CDD (BASE 65) ]
TOTAL THIS MO.    65
DPTR FM NORMAL     6    [PRESSURE DATA]
TOTAL FM JAN 1    86    HIGHEST SLP M ON M
DPTR FM NORMAL     9    LOWEST  SLP 29.69 ON M

[REMARKS]
