000
CXUS53 KSGF 270800
CF6UNO
PRELIMINARY LOCAL CLIMATOLOGICAL DATA (WS FORM: F-6)

                                          STATION:   WEST PLAINS MO
                                          MONTH:     FEBRUARY
                                          YEAR:      2015
                                          LATITUDE:   36 52 N
                                          LONGITUDE:  91 55 W

  TEMPERATURE IN F:       :PCPN:    SNOW:  WIND      :SUNSHINE: SKY     :PK WND
================================================================================
1   2   3   4   5  6A  6B    7    8   9   10  11  12  13   14  15   16   17  18
                                     12Z  AVG MX 2MIN
DY MAX MIN AVG DEP HDD CDD  WTR  SNW DPTH SPD SPD DIR MIN PSBL S-S WX    SPD DR
================================================================================

 1  46  24  35   0  30   0 0.49    M    M 12.5 28 320   M    M  10 1      35 330
 2  32  18  25 -10  40   0    T    M    M  7.5 26 320   M    M   6        35 320
 3  51  17  34  -1  31   0 0.00    M    M  6.1 16 220   M    M   0        20 190
 4  55  22  39   4  26   0 0.01    M    M  9.2 22  10   M    M   5 168    31  10
 5  32   9  21 -15  44   0 0.00    M    M  5.3 20  10   M    M   1        28  20
 6  52  21  37   1  28   0 0.00    M    M  7.8 16 190   M    M   2        22 230
 7  68  29  49  13  16   0 0.00    M    M  9.6 22 190   M    M   0 1      29 210
 8  69  36  53  17  12   0 0.00    M    M  7.8 17 230   M    M   0 1      24 240
 9  50  32  41   5  24   0 0.00  0.0    0 10.3 17 350   M    M   8 8      24 330
10  47  23  35  -1  30   0 0.00  0.0    0  5.3 15 110   M    M   4        19 100
11  53  25  39   2  26   0 0.00  0.0    0  7.7 17 340   M    M   1 18     24 340
12  31  23  27 -10  38   0 0.00    M    M 10.3 23 350   M    M   1        33 360
13  42  22  32  -5  33   0 0.00    M    M  5.7 13 230   M    M   3        17 220
14  59  20  40   3  25   0 0.00    M    M 11.5 24 330   M    M   1        34 300
15  26  14  20 -18  45   0 0.26    M    M 10.4 17 110   M    M   7 16     23  60
16  22   5  14 -24  51   0 0.61    M    0  9.0 16 360   M    M   8 128    21 340
17  35   4  20 -18  45   0 0.06    M    M  6.5 18 320   M    M   7 1      26 320
18  26   6  16 -22  49   0 0.00    M    M 10.6 24 310   M    M   1 8      30 310
19  20  -5   8 -31  57   0    T    M    M  4.3 10 170   M    M   5        15 180
20  29  15  22 -17  43   0 0.33    M    0  8.1 15 160   M    M   9 1368   21 150
21  37  29  33  -6  32   0 0.60    M    M  7.0 13  30   M    M  10 136    17 360
22  34  19  27 -13  38   0 0.00    M    M 11.1 18  20   M    M   8 18     27  20
23  21  12  17 -23  48   0 0.00    M    M  8.1 18  20   M    M   8        23  10
24  39  20  30 -10  35   0 0.00    M    M  7.2 15 260   M    M   5        20 270
25  42  21  32  -9  33   0 0.00    M    M  3.6  9 170   M    M   0        13 170
26  32  13  23 -18  42   0    T    M    M 10.7 21 330   M    M   7 8      27 340
================================================================================
SM 1050  474       921   0  2.36     0.0 213.2          M      117
================================================================================
AV 40.4 18.2                               8.2 FASTST   M    M   5    MAX(MPH)
                                 MISC ---->  # 28 320               # 35  330
================================================================================
NOTES:
# LAST OF SEVERAL OCCURRENCES

COLUMN 17 PEAK WIND IN M.P.H.

PRELIMINARY LOCAL CLIMATOLOGICAL DATA (WS FORM: F-6) , PAGE 2

                                          STATION:  WEST PLAINS MO
                                          MONTH:    FEBRUARY
                                          YEAR:     2015
                                          LATITUDE:   36 52 N
                                          LONGITUDE:  91 55 W

[TEMPERATURE DATA]      [PRECIPITATION DATA]       SYMBOLS USED IN COLUMN 16

AVERAGE MONTHLY: 29.3   TOTAL FOR MONTH:   2.36    1 = FOG OR MIST
DPTR FM NORMAL:  -8.2   DPTR FM NORMAL:   -0.28    2 = FOG REDUCING VISIBILITY
HIGHEST:    69 ON  8    GRTST 24HR  0.92 ON 20-21      TO 1/4 MILE OR LESS
LOWEST:     -5 ON 19                               3 = THUNDER
                        SNOW, ICE PELLETS, HAIL    4 = ICE PELLETS
                        TOTAL MONTH:   0.0 INCH    5 = HAIL
                        GRTST 24HR     0.0         6 = FREEZING RAIN OR DRIZZLE
                        GRTST DEPTH:   0           7 = DUSTSTORM OR SANDSTORM:
                                                       VSBY 1/2 MILE OR LESS
                                                   8 = SMOKE OR HAZE
[NO. OF DAYS WITH]      [WEATHER - DAYS WITH]      9 = BLOWING SNOW
                                                   X = TORNADO
MAX 32 OR BELOW:  10    0.01 INCH OR MORE:   7
MAX 90 OR ABOVE:   0    0.10 INCH OR MORE:   5
MIN 32 OR BELOW:  25    0.50 INCH OR MORE:   2
MIN  0 OR BELOW:   1    1.00 INCH OR MORE:   0

[HDD (BASE 65) ]
TOTAL THIS MO.   921    CLEAR  (SCALE 0-3)  11
DPTR FM NORMAL   208    PTCLDY (SCALE 4-7)  10
TOTAL FM JUL 1  3703    CLOUDY (SCALE 8-10)  5
DPTR FM NORMAL   286

[CDD (BASE 65) ]
TOTAL THIS MO.     0
DPTR FM NORMAL     0    [PRESSURE DATA]
TOTAL FM JAN 1     0    HIGHEST SLP M ON M
DPTR FM NORMAL     0    LOWEST  SLP 29.72 ON M

[REMARKS]
