000
CXUS53 KUNR 230945
CF6UNR
PRELIMINARY LOCAL CLIMATOLOGICAL DATA (WS FORM: F-6)

                                          STATION:   EAST RAPID CITY SD
                                          MONTH:     APRIL
                                          YEAR:      2017
                                          LATITUDE:   44  4 N
                                          LONGITUDE: 103 13 W

  TEMPERATURE IN F:       :PCPN:    SNOW:  WIND      :SUNSHINE: SKY     :PK WND
================================================================================
1   2   3   4   5  6A  6B    7    8   9   10  11  12  13   14  15   16   17  18
                                     12Z  AVG MX 2MIN
DY MAX MIN AVG DEP HDD CDD  WTR  SNW DPTH SPD SPD DIR MIN PSBL S-S WX    SPD DR
================================================================================

 1  57  31  44   4  21   0 0.00  0.0    0 11.0 25 160   M    M   M        38 160
 2  57  40  49   9  16   0 0.11  0.0    0 10.4 28 350   M    M   M        40 350
 3  46  36  41   0  24   0 0.31  0.0    0  7.9 21 330   M    M   M        28 320
 4  49  33  41   0  24   0 0.08    T    0  9.5 20 330   M    M   M        28 310
 5  54  34  44   3  21   0 0.00  0.0    0  6.2 13 140   M    M   M        16  50
 6  62  34  48   6  17   0 0.00  0.0    0 10.7 22 160   M    M   M        30 160
 7  79  42  61  19   4   0 0.00  0.0    0  8.3 17 150   M    M   M        25 150
 8  70  47  59  17   6   0 0.04  0.0    0  9.6 30 320   M    M   M        41 330
 9  55  31  43   1  22   0 0.31  0.4    0 10.5 25 330   M    M   M 3      38 340
10  39  29  34  -9  31   0 0.10  1.0    1 11.7 26 340   M    M   M        38 340
11  55  28  42  -1  23   0 0.00  0.0    0  8.7 21  10   M    M   M        26  20
12  61  44  53   9  12   0 0.00  0.0    0  6.9 14  90   M    M   M        18 140
13  75  38  57  13   8   0 0.00  0.0    0 16.3 30 180   M    M   M        45 170
14  73  48  61  17   4   0 0.00  0.0    0 14.2 28 360   M    M   M        37 360
15  59  40  50   5  15   0    T  0.0    0 10.5 28  10   M    M   M        35 320
16  60  37  49   4  16   0 0.00  0.0    0  8.4 21  10   M    M   M        25  10
17  65  30  48   3  17   0    T  0.0    0 11.2 33 300   M    M   M        48 300
18  63  44  54   8  11   0 0.01  0.0    0  5.8 15 150   M    M   M        21 150
19  50  42  46   0  19   0 0.27  0.0    0 10.6 24 300   M    M   M        32 300
20  60  43  52   6  13   0 0.00  0.0    0 11.1 24  20   M    M   M        32 360
21  59  38  49   2  16   0 0.00  0.0    0  7.9 16 120   M    M   M        23 120
22  66  34  50   3  15   0 0.00  0.0    0  8.2 24 190   M    M   M        30 190
================================================================================
SM 1314  823       355   0  1.23     1.4 215.6          M        M
================================================================================
AV 59.7 37.4                               9.8 FASTST   M    M   3    MAX(MPH)
                                 MISC ---->  # 33 300               # 48  300
================================================================================
NOTES:
# LAST OF SEVERAL OCCURRENCES

COLUMN 17 PEAK WIND IN M.P.H.

PRELIMINARY LOCAL CLIMATOLOGICAL DATA (WS FORM: F-6) , PAGE 2

                                          STATION:  EAST RAPID CITY SD
                                          MONTH:    APRIL
                                          YEAR:     2017
                                          LATITUDE:   44  4 N
                                          LONGITUDE: 103 13 W

[TEMPERATURE DATA]      [PRECIPITATION DATA]       SYMBOLS USED IN COLUMN 16

AVERAGE MONTHLY: 48.6   TOTAL FOR MONTH:   1.23    1 = FOG OR MIST
DPTR FM NORMAL:   5.1   DPTR FM NORMAL:   -0.15    2 = FOG REDUCING VISIBILITY
HIGHEST:    79 ON  7    GRTST 24HR  0.31 ON  9- 9      TO 1/4 MILE OR LESS
LOWEST:     28 ON 11                               3 = THUNDER
                        SNOW, ICE PELLETS, HAIL    4 = ICE PELLETS
                        TOTAL MONTH:   1.4 INCHES  5 = HAIL
                        GRTST 24HR   1.0 ON 10-10  6 = FREEZING RAIN OR DRIZZLE
                        GRTST DEPTH:   1 ON 10     7 = DUSTSTORM OR SANDSTORM:
                                                       VSBY 1/2 MILE OR LESS
                                                   8 = SMOKE OR HAZE
[NO. OF DAYS WITH]      [WEATHER - DAYS WITH]      9 = BLOWING SNOW
                                                   X = TORNADO
MAX 32 OR BELOW:   0    0.01 INCH OR MORE:   8
MAX 90 OR ABOVE:   0    0.10 INCH OR MORE:   5
MIN 32 OR BELOW:   5    0.50 INCH OR MORE:   0
MIN  0 OR BELOW:   0    1.00 INCH OR MORE:   0

[HDD (BASE 65) ]
TOTAL THIS MO.   355    CLEAR  (SCALE 0-3)   0
DPTR FM NORMAL  -120    PTCLDY (SCALE 4-7)   0
TOTAL FM JUL 1  5720    CLOUDY (SCALE 8-10)  0
DPTR FM NORMAL  -617

[CDD (BASE 65) ]
TOTAL THIS MO.     0
DPTR FM NORMAL     0    [PRESSURE DATA]
TOTAL FM JAN 1     0    HIGHEST SLP M ON M
DPTR FM NORMAL     0    LOWEST  SLP 29.23 ON  8

[REMARKS]
