000
CXUS53 KUNR 170945
CF6UNR
PRELIMINARY LOCAL CLIMATOLOGICAL DATA (WS FORM: F-6)

                                          STATION:   EAST RAPID CITY SD
                                          MONTH:     JANUARY
                                          YEAR:      2018
                                          LATITUDE:   44  4 N
                                          LONGITUDE: 103 13 W

  TEMPERATURE IN F:       :PCPN:    SNOW:  WIND      :SUNSHINE: SKY     :PK WND
================================================================================
1   2   3   4   5  6A  6B    7    8   9   10  11  12  13   14  15   16   17  18
                                     12Z  AVG MX 2MIN
DY MAX MIN AVG DEP HDD CDD  WTR  SNW DPTH SPD SPD DIR MIN PSBL S-S WX    SPD DR
================================================================================

 1   5 -18  -6 -33  71   0 0.00  0.0    4  7.4 16 140   M    M   M        21 140
 2  41  -2  20  -7  45   0 0.00  0.0    3 10.3 31 330   M    M   M        46 320
 3  36  20  28   1  37   0 0.00  0.0    1  4.3 10 130   M    M   M        16 320
 4  45  26  36   9  29   0 0.00  0.0    1  4.4  9 290   M    M   M        13 290
 5  32  13  23  -4  42   0 0.00  0.0    T  5.6 10 140   M    M   M 1      13 140
 6  52  14  33   6  32   0    T  0.0    T  5.4 22 350   M    M   M        32 350
 7  48  34  41  14  24   0 0.00  0.0    T   M   M   M   M    M   M        31 300
 8  51  31  41  14  24   0 0.00  0.0    T  3.8  9 140   M    M   M        13 260
 9  59  35  47  20  18   0 0.00  0.0    0  7.7 18 260   M    M   M        35 260
10  53   3  28   1  37   0 0.01  0.2    0 16.4 32 350   M    M   M        52 350
11   7  -2   3 -24  62   0 0.00  0.0    T 11.5 21 360   M    M   M        30 360
12   4  -3   1 -26  64   0    T    T    0  8.0 17 140   M    M   M        23 140
13  26  -1  13 -14  52   0 0.04  0.5    0  7.7 17 350   M    M   M        24 350
14  41   3  22  -5  43   0 0.16  2.2    0 15.4 31 360   M    M   M        46 350
15   3  -7  -2 -29  67   0 0.00  0.0    2 14.8 26 350   M    M   M        38 330
16  26 -13   7 -20  58   0 0.00  0.0    1  7.2 17 140   M    M   M        21 140
================================================================================
SM  529  133       705   0  0.21     2.9 129.9          M        M
================================================================================
AV 33.1  8.3                               8.7 FASTST   M    M   3    MAX(MPH)
                                 MISC ---->  # 32 350               # 52  350
================================================================================
NOTES:
# LAST OF SEVERAL OCCURRENCES

COLUMN 17 PEAK WIND IN M.P.H.

PRELIMINARY LOCAL CLIMATOLOGICAL DATA (WS FORM: F-6) , PAGE 2

                                          STATION:  EAST RAPID CITY SD
                                          MONTH:    JANUARY
                                          YEAR:     2018
                                          LATITUDE:   44  4 N
                                          LONGITUDE: 103 13 W

[TEMPERATURE DATA]      [PRECIPITATION DATA]       SYMBOLS USED IN COLUMN 16

AVERAGE MONTHLY: 20.7   TOTAL FOR MONTH:   0.21    1 = FOG OR MIST
DPTR FM NORMAL:  -6.3   DPTR FM NORMAL:    0.07    2 = FOG REDUCING VISIBILITY
HIGHEST:    59 ON  9    GRTST 24HR  0.16 ON 14-14      TO 1/4 MILE OR LESS
LOWEST:    -18 ON  1                               3 = THUNDER
                        SNOW, ICE PELLETS, HAIL    4 = ICE PELLETS
                        TOTAL MONTH:   2.9 INCHES  5 = HAIL
                        GRTST 24HR   2.2 ON 14-14  6 = FREEZING RAIN OR DRIZZLE
                        GRTST DEPTH:   4 ON  1     7 = DUSTSTORM OR SANDSTORM:
                                                       VSBY 1/2 MILE OR LESS
                                                   8 = SMOKE OR HAZE
[NO. OF DAYS WITH]      [WEATHER - DAYS WITH]      9 = BLOWING SNOW
                                                   X = TORNADO
MAX 32 OR BELOW:   7    0.01 INCH OR MORE:   3
MAX 90 OR ABOVE:   0    0.10 INCH OR MORE:   1
MIN 32 OR BELOW:  14    0.50 INCH OR MORE:   0
MIN  0 OR BELOW:   7    1.00 INCH OR MORE:   0

[HDD (BASE 65) ]
TOTAL THIS MO.   705    CLEAR  (SCALE 0-3)   0
DPTR FM NORMAL    97    PTCLDY (SCALE 4-7)   0
TOTAL FM JUL 1  3276    CLOUDY (SCALE 8-10)  0
DPTR FM NORMAL   -79

[CDD (BASE 65) ]
TOTAL THIS MO.     0
DPTR FM NORMAL     0    [PRESSURE DATA]
TOTAL FM JAN 1     0    HIGHEST SLP M ON M
DPTR FM NORMAL     0    LOWEST  SLP 29.16 ON 10

[REMARKS]
