000
CXUS54 KEWX 220910
CF6UVA
PRELIMINARY LOCAL CLIMATOLOGICAL DATA (WS FORM: F-6)

                                          STATION:   UVALDE
                                          MONTH:     MAY
                                          YEAR:      2017
                                          LATITUDE:   29 12 N
                                          LONGITUDE:  99 44 W

  TEMPERATURE IN F:       :PCPN:    SNOW:  WIND      :SUNSHINE: SKY     :PK WND
================================================================================
1   2   3   4   5  6A  6B    7    8   9   10  11  12  13   14  15   16   17  18
                                     12Z  AVG MX 2MIN
DY MAX MIN AVG DEP HDD CDD  WTR  SNW DPTH SPD SPD DIR MIN PSBL S-S WX    SPD DR
================================================================================

 1  89  43  66   M   0   1 0.00    M    M  4.7 14 170   M    M   0        21 200
 2  91  54  73   M   0   8 0.00    M    M  7.9 15 150   M    M   0        21 150
 3  89  67  78   M   0  13 0.00    M    M  3.4 12  10   M    M   6 1      23  10
 4  82  55  69   M   0   4 0.00    M    M  3.7 12 350   M    M   0        18 350
 5  82  48  65   M   0   0 0.00    M    M  0.3  7 340   M    M   0         M  M
 6  90  51  71   M   0   6 0.00    M    M  3.8  9 180   M    M   0        16 180
 7  87  56  72   M   0   7 0.00    M    M  9.4 16 120   M    M   0        21 150
 8  77  66  72   M   0   7 0.00    M    M 11.6 17 130   M    M   9        23 130
 9  85  68  77   M   0  12 0.00    M    M 12.9 20 110   M    M   8        27 130
10  86  71  79   M   0  14 0.00    M    M 11.6 17  90   M    M   7        23  80
11  85  65  75   M   0  10 0.02    M    M  2.2 10 110   M    M   5 18     17 110
12  89  60  75   M   0  10 0.00    M    M  3.9 13 360   M    M   0 1      21 350
13  90  56  73   M   0   8 0.00    M    M  2.2  9  60   M    M   0 8       M  M
14  92  61  77   M   0  12 0.00    M    M  7.2 16 180   M    M   0 8      25 140
15  87  67  77   M   0  12 0.00    M    M  9.3 14 110   M    M   7 1      23 120
16  85  73  79   M   0  14 0.00    M    M 13.3 20 130   M    M  10        25 130
17  92  70  81   M   0  16 0.02    M    M  4.8 12 130   M    M   4 1       M  M
18  93  74  84   M   0  19 0.00    M    M 11.1 21 120   M    M   6 8      27 120
19  90  75  83   M   0  18 0.00    M    M  9.2 14 100   M    M   6 18     20 100
20  79  67  73   M   0   8 1.89    M    M  7.0 14  60   M    M   7 3      30  70
21  77  63  70   M   0   5 0.95  0.0    0 10.6 18 360   M    M   8 3      27 360
================================================================================
SM 1817 1310         0 204  2.88     0.0 150.1          M       83
================================================================================
AV 86.5 62.4                               7.1 FASTST   M    M   4    MAX(MPH)
                                 MISC ---->  # 21 120               # 30   70
================================================================================
NOTES:
# LAST OF SEVERAL OCCURRENCES

COLUMN 17 PEAK WIND IN M.P.H.

PRELIMINARY LOCAL CLIMATOLOGICAL DATA (WS FORM: F-6) , PAGE 2

                                          STATION:  UVALDE
                                          MONTH:    MAY
                                          YEAR:     2017
                                          LATITUDE:   29 12 N
                                          LONGITUDE:  99 44 W

[TEMPERATURE DATA]      [PRECIPITATION DATA]       SYMBOLS USED IN COLUMN 16

AVERAGE MONTHLY: 74.5   TOTAL FOR MONTH:   2.88    1 = FOG OR MIST
DPTR FM NORMAL:     M   DPTR FM NORMAL:       M    2 = FOG REDUCING VISIBILITY
HIGHEST:    93 ON 18    GRTST 24HR  1.89 ON 20-20      TO 1/4 MILE OR LESS
LOWEST:     43 ON  1                               3 = THUNDER
                        SNOW, ICE PELLETS, HAIL    4 = ICE PELLETS
                        TOTAL MONTH:   0.0 INCH    5 = HAIL
                        GRTST 24HR     0.0         6 = FREEZING RAIN OR DRIZZLE
                        GRTST DEPTH:   0           7 = DUSTSTORM OR SANDSTORM:
                                                       VSBY 1/2 MILE OR LESS
                                                   8 = SMOKE OR HAZE
[NO. OF DAYS WITH]      [WEATHER - DAYS WITH]      9 = BLOWING SNOW
                                                   X = TORNADO
MAX 32 OR BELOW:   0    0.01 INCH OR MORE:   4
MAX 90 OR ABOVE:   7    0.10 INCH OR MORE:   2
MIN 32 OR BELOW:   0    0.50 INCH OR MORE:   2
MIN  0 OR BELOW:   0    1.00 INCH OR MORE:   1

[HDD (BASE 65) ]
TOTAL THIS MO.     0    CLEAR  (SCALE 0-3)   9
DPTR FM NORMAL     M    PTCLDY (SCALE 4-7)   9
TOTAL FM JUL 1   864    CLOUDY (SCALE 8-10)  3
DPTR FM NORMAL     M

[CDD (BASE 65) ]
TOTAL THIS MO.   204
DPTR FM NORMAL     M    [PRESSURE DATA]
TOTAL FM JAN 1   550    HIGHEST SLP M ON M
DPTR FM NORMAL     M    LOWEST  SLP M ON M

[REMARKS]
