000
CXUS55 KGJT 291000
CF6VEL
PRELIMINARY LOCAL CLIMATOLOGICAL DATA (WS FORM: F-6)

                                          STATION:   VERNAL UT
                                          MONTH:     JUNE
                                          YEAR:      2015
                                          LATITUDE:   40 27 N
                                          LONGITUDE: 109 31 W

  TEMPERATURE IN F:       :PCPN:    SNOW:  WIND      :SUNSHINE: SKY     :PK WND
================================================================================
1   2   3   4   5  6A  6B    7    8   9   10  11  12  13   14  15   16   17  18
                                     12Z  AVG MX 2MIN
DY MAX MIN AVG DEP HDD CDD  WTR  SNW DPTH SPD SPD DIR MIN PSBL S-S WX    SPD DR
================================================================================

 1  87  55  71  10   0   6 0.00    M    M  5.8 24 200   M    M   1        33 190
 2  83  53  68   6   0   3 0.00    M    M  5.9 15 200   M    M   0 8      21 180
 3  83  53  68   6   0   3 0.00    M    M  7.3 17 220   M    M   0        24 220
 4  83  51  67   5   0   2 0.00    M    M  5.6 16  30   M    M   0        21  30
 5  72  53  63   1   2   0    T    M    M  7.6 20 250   M    M   3        27 250
 6  72  52  62  -1   3   0 0.04    M    M  5.7 20 170   M    M   5        25 180
 7  78  46  62  -1   3   0 0.00    M    M  3.4 20 350   M    M   0        23 350
 8  82  48  65   2   0   0 0.00    M    M  3.9 13 150   M    M   0        15 150
 9  84  51  68   5   0   3 0.00    M    M  3.4 13 220   M    M   1        16 230
10  77  59  68   4   0   3    T    M    M  5.1 20 340   M    M   6 3      25 340
11  68  52  60  -4   5   0 0.11    M    M  3.8 14 150   M    M   8 1      17 150
12  80  47  64   0   1   0 0.00    M    M  4.6 10 220   M    M   2 12     13 130
13  84  56  70   5   0   5 0.12    M    M  6.0 28 330   M    M   3 3      34 330
14  84  51  68   3   0   3    T    M    M  5.4 26 330   M    M   1 3      36 280
15  87  51  69   4   0   4 0.09    M    M  5.4 22  10   M    M   0 3      28  10
16  87  61  74   8   0   9    T    M    M  6.5 23  10   M    M   1 3      27  20
17  92  58  75   9   0  10 0.00    M    M  5.5 17 210   M    M   0        26 220
18  93  58  76  10   0  11 0.00    M    M  4.1 13 230   M    M   0 8      16 240
19  95  57  76  10   0  11 0.00    M    M  5.3 17 280   M    M   0        22 290
20  92  58  75   8   0  10 0.00    M    M  7.5 20 290   M    M   0        25 270
21  97  63  80  13   0  15 0.00    M    M  7.5 21 240   M    M   0        27 230
22  95  58  77  10   0  12 0.00    M    M  7.5 18 250   M    M   0        28 270
23  93  58  76   8   0  11 0.00    M    M  6.0 16 220   M    M   0        21 190
24  95  65  80  12   0  15 0.00    M    M  8.0 20 200   M    M   0        27 210
25  96  61  79  11   0  14 0.00    M    M  6.5 30 350   M    M   0 8      39 340
26  94  67  81  13   0  16 0.00    M    M  8.2 16  50   M    M   0        20  50
27  94  61  78   9   0  13 0.00    M    M  5.6 17 280   M    M   0 8      23 280
28  98  60  79  10   0  14 0.00    M    M  4.9 14  10   M    M   0        19 350
================================================================================
SM 2425 1563        14 193  0.36    M    162.0          M       31
================================================================================
AV 86.6 55.8                               5.8 FASTST   M    M   1    MAX(MPH)
                                 MISC ---->  # 30 350               # 39  340
================================================================================
NOTES:
# LAST OF SEVERAL OCCURRENCES

COLUMN 17 PEAK WIND IN M.P.H.

PRELIMINARY LOCAL CLIMATOLOGICAL DATA (WS FORM: F-6) , PAGE 2

                                          STATION:  VERNAL UT
                                          MONTH:    JUNE
                                          YEAR:     2015
                                          LATITUDE:   40 27 N
                                          LONGITUDE: 109 31 W

[TEMPERATURE DATA]      [PRECIPITATION DATA]       SYMBOLS USED IN COLUMN 16

AVERAGE MONTHLY: 71.2   TOTAL FOR MONTH:   0.36    1 = FOG OR MIST
DPTR FM NORMAL:   6.1   DPTR FM NORMAL:   -0.40    2 = FOG REDUCING VISIBILITY
HIGHEST:    98 ON 28    GRTST 24HR  0.12 ON 13-13      TO 1/4 MILE OR LESS
LOWEST:     46 ON  7                               3 = THUNDER
                        SNOW, ICE PELLETS, HAIL    4 = ICE PELLETS
                        TOTAL MONTH:    M          5 = HAIL
                        GRTST 24HR    M  ON   M    6 = FREEZING RAIN OR DRIZZLE
                        GRTST DEPTH:  M  ON   M    7 = DUSTSTORM OR SANDSTORM:
                                                       VSBY 1/2 MILE OR LESS
                                                   8 = SMOKE OR HAZE
[NO. OF DAYS WITH]      [WEATHER - DAYS WITH]      9 = BLOWING SNOW
                                                   X = TORNADO
MAX 32 OR BELOW:   0    0.01 INCH OR MORE:   4
MAX 90 OR ABOVE:  12    0.10 INCH OR MORE:   2
MIN 32 OR BELOW:   0    0.50 INCH OR MORE:   0
MIN  0 OR BELOW:   0    1.00 INCH OR MORE:   0

[HDD (BASE 65) ]
TOTAL THIS MO.    14    CLEAR  (SCALE 0-3)  25
DPTR FM NORMAL   -57    PTCLDY (SCALE 4-7)   2
TOTAL FM JUL 1  5971    CLOUDY (SCALE 8-10)  1
DPTR FM NORMAL -1248

[CDD (BASE 65) ]
TOTAL THIS MO.   193
DPTR FM NORMAL   120    [PRESSURE DATA]
TOTAL FM JAN 1   197    HIGHEST SLP M ON M
DPTR FM NORMAL   115    LOWEST  SLP 29.63 ON  3

[REMARKS]
