330
CXUS53 KSGF 290800
CF6VIH
PRELIMINARY LOCAL CLIMATOLOGICAL DATA (WS FORM: F-6)

                                          STATION:   VICHY-ROLLA MO
                                          MONTH:     MAY
                                          YEAR:      2017
                                          LATITUDE:   38  7 N
                                          LONGITUDE:  91 46 W

  TEMPERATURE IN F:       :PCPN:    SNOW:  WIND      :SUNSHINE: SKY     :PK WND
================================================================================
1   2   3   4   5  6A  6B    7    8   9   10  11  12  13   14  15   16   17  18
                                     12Z  AVG MX 2MIN
DY MAX MIN AVG DEP HDD CDD  WTR  SNW DPTH SPD SPD DIR MIN PSBL S-S WX    SPD DR
================================================================================

 1  50  43  47 -13  18   0 0.04    M    M 15.7 29 250   M    M   6 1      36 240
 2  68  43  56  -4   9   0    T    M    M 10.1 22 260   M    M   4        28 310
 3  55  44  50 -10  15   0 2.47    M    M 13.5 22  40   M    M  10 13     29  60
 4  60  44  52  -9  13   0 0.64    M    M 15.4 29 360   M    M   6        39  10
 5  67  44  56  -5   9   0 0.00    M    M 11.2 26 340   M    M   2        35 340
 6  73  47  60  -1   5   0 0.00    M    M 11.6 22 320   M    M   0        31  20
 7  77  43  60  -2   5   0 0.00    M    M  6.7 15 220   M    M   0        17 240
 8  82  55  69   7   0   4 0.00    M    M  9.3 16 240   M    M   1        20 230
 9  81  56  69   7   0   4 0.00    M    M  9.1 20 250   M    M   0        26 250
10  81  61  71   9   0   6 0.04    M    M  9.7 18 180   M    M   6 13     22 210
11  75  59  67   5   0   2 0.41    M    M  7.8 18  80   M    M   8 138    23  70
12  73  54  64   1   1   0 0.00    M    M  8.6 18  30   M    M   4 18     26  20
13  76  47  62  -1   3   0 0.00    M    M  2.6  8 170   M    M   0        11 310
14  78  51  65   2   0   0 0.00    M    M  9.8 17 220   M    M   0        24 210
15  83  57  70   6   0   5 0.00    M    M 10.4 16 160   M    M   0        20 170
16  81  63  72   8   0   7 0.00    M    M 15.3 24 180   M    M   0        31 170
17  78  68  73   9   0   8    T    M    M 17.6 33 190   M    M   2        45 160
18  85  65  75  11   0  10 0.00    M    M 10.0 16 210   M    M   1 3      22 210
19  80  60  70   5   0   5 0.21    M    M  9.9 43 210   M    M   5 13     59 210
20  76  57  67   2   0   2 1.03    M    M 10.3 22 270   M    M   5 1238   28 280
21  67  47  57  -8   8   0 0.00    M    M 10.0 20 300   M    M   0        29 280
22  73  45  59  -6   6   0 0.00    M    M  6.3 13 200   M    M   1        21 200
23  66  50  58  -8   7   0 0.09    M    M  7.2 20 320   M    M   7 1      25 340
24  64  48  56 -10   9   0 0.02    M    M  8.3 17 300   M    M   5 1      20 290
25  73  44  59  -7   6   0 0.00    M    M  6.3 13 140   M    M   1 1      19 140
26  79  59  69   3   0   4 0.07    M    M  7.8 29 120   M    M   5 13     37 120
27  77  60  69   2   0   4 1.13    M    M  7.4 37 330   M    M   6 123    50 340
28  76  56  66  -1   0   1 0.00    M    M  8.5 18 280   M    M   5 128    24 300
================================================================================
SM 2054 1470       114  62  6.15    M    276.4          M       90
================================================================================
AV 73.4 52.5                               9.9 FASTST   M    M   3    MAX(MPH)
                                 MISC ---->  # 43 210               # 59  210
================================================================================
NOTES:
# LAST OF SEVERAL OCCURRENCES

COLUMN 17 PEAK WIND IN M.P.H.

PRELIMINARY LOCAL CLIMATOLOGICAL DATA (WS FORM: F-6) , PAGE 2

                                          STATION:  VICHY-ROLLA MO
                                          MONTH:    MAY
                                          YEAR:     2017
                                          LATITUDE:   38  7 N
                                          LONGITUDE:  91 46 W

[TEMPERATURE DATA]      [PRECIPITATION DATA]       SYMBOLS USED IN COLUMN 16

AVERAGE MONTHLY: 62.9   TOTAL FOR MONTH:   6.15    1 = FOG OR MIST
DPTR FM NORMAL:  -0.5   DPTR FM NORMAL:    1.60    2 = FOG REDUCING VISIBILITY
HIGHEST:    85 ON 18    GRTST 24HR  2.52 ON 30- 1      TO 1/4 MILE OR LESS
LOWEST:     43 ON  7, 2                            3 = THUNDER
                        SNOW, ICE PELLETS, HAIL    4 = ICE PELLETS
                        TOTAL MONTH:    M          5 = HAIL
                        GRTST 24HR    M  ON   M    6 = FREEZING RAIN OR DRIZZLE
                        GRTST DEPTH:  M  ON   M    7 = DUSTSTORM OR SANDSTORM:
                                                       VSBY 1/2 MILE OR LESS
                                                   8 = SMOKE OR HAZE
[NO. OF DAYS WITH]      [WEATHER - DAYS WITH]      9 = BLOWING SNOW
                                                   X = TORNADO
MAX 32 OR BELOW:   0    0.01 INCH OR MORE:  11
MAX 90 OR ABOVE:   0    0.10 INCH OR MORE:   6
MIN 32 OR BELOW:   0    0.50 INCH OR MORE:   4
MIN  0 OR BELOW:   0    1.00 INCH OR MORE:   3

[HDD (BASE 65) ]
TOTAL THIS MO.   114    CLEAR  (SCALE 0-3)  14
DPTR FM NORMAL     3    PTCLDY (SCALE 4-7)  13
TOTAL FM JUL 1  3803    CLOUDY (SCALE 8-10)  1
DPTR FM NORMAL -1026

[CDD (BASE 65) ]
TOTAL THIS MO.    62
DPTR FM NORMAL    -5    [PRESSURE DATA]
TOTAL FM JAN 1    98    HIGHEST SLP M ON M
DPTR FM NORMAL     5    LOWEST  SLP 29.53 ON 17

[REMARKS]
