000
CXUS52 KTAE 220800
CF6VLD
PRELIMINARY LOCAL CLIMATOLOGICAL DATA (WS FORM: F-6)

                                          STATION:   VALDOSTA
                                          MONTH:     NOVEMBER
                                          YEAR:      2017
                                          LATITUDE:   30 46 N
                                          LONGITUDE:  83 17 W

  TEMPERATURE IN F:       :PCPN:    SNOW:  WIND      :SUNSHINE: SKY     :PK WND
================================================================================
1   2   3   4   5  6A  6B    7    8   9   10  11  12  13   14  15   16   17  18
                                     12Z  AVG MX 2MIN
DY MAX MIN AVG DEP HDD CDD  WTR  SNW DPTH SPD SPD DIR MIN PSBL S-S WX    SPD DR
================================================================================

 1  76  42  59  -5   6   0 0.00  0.0    0  2.0 13 180   M    M   0        17 180
 2  79  50  65   1   0   0 0.00  0.0    0  1.4  8 150   M    M   2 12     11 140
 3  82  51  67   4   0   2 0.00  0.0    0  1.7 12  20   M    M   0        16  30
 4  83  53  68   5   0   3 0.00  0.0    0  1.9  9  40   M    M   1        11  40
 5  83  53  68   5   0   3 0.00  0.0    0  2.7 12  40   M    M   0 1      15  10
 6  82  58  70   8   0   5 0.00  0.0    0  0.7 10 360   M    M   4 12     13 360
 7  84  54  69   7   0   4 0.00  0.0    0  1.6 14 310   M    M   1 1      14 310
 8  82  58  70   8   0   5    T  0.0    0  1.1  7 360   M    M   6 18     11  10
 9  73  54  64   2   1   0 0.01  0.0    0  4.6 18  10   M    M   8 18     24 360
10  70  46  58  -3   7   0 0.00  0.0    0  6.8 15  20   M    M   2        19 360
11  59  44  52  -9  13   0 0.00  0.0    0  8.3 16  30   M    M   6 18     22  50
12  73  52  63   2   2   0 0.00  0.0    0  7.9 14  40   M    M   3        18  40
13  74  54  64   4   1   0 0.00  0.0    0  8.4 15 360   M    M   4        22  10
14  69  47  58  -2   7   0 0.00  0.0    0  7.7 17  10   M    M   0        21 360
15  65  43  54  -6  11   0 0.00  0.0    0  5.7 12  50   M    M   0        17  30
16  71  37  54  -6  11   0 0.00  0.0    0  2.5 13  10   M    M   0 1      16 360
17  71  39  55  -4  10   0 0.00  0.0    0  2.0 10  50   M    M   0 1      17  40
18  77  43  60   1   5   0 0.00  0.0    0  4.2 15 180   M    M   2 12     19 170
19  66  36  51  -8  14   0 0.06  0.0    0  3.9 17 360   M    M   2 1      23  10
20  69  31  50  -9  15   0 0.00  0.0    0  4.4 13 120   M    M   0        16 150
21  66  52  59   1   6   0 0.45  0.0    0  2.2 10 150   M    M   5 12     13 150
================================================================================
SM 1554  997       109  22  0.52     0.0  81.7          M       46
================================================================================
AV 74.0 47.5                               3.9 FASTST   M    M   2    MAX(MPH)
                                 MISC ---->  # 18  10               # 24  360
================================================================================
NOTES:
# LAST OF SEVERAL OCCURRENCES

COLUMN 17 PEAK WIND IN M.P.H.

PRELIMINARY LOCAL CLIMATOLOGICAL DATA (WS FORM: F-6) , PAGE 2

                                          STATION:  VALDOSTA
                                          MONTH:    NOVEMBER
                                          YEAR:     2017
                                          LATITUDE:   30 46 N
                                          LONGITUDE:  83 17 W

[TEMPERATURE DATA]      [PRECIPITATION DATA]       SYMBOLS USED IN COLUMN 16

AVERAGE MONTHLY: 60.7   TOTAL FOR MONTH:   0.52    1 = FOG OR MIST
DPTR FM NORMAL:  -0.3   DPTR FM NORMAL:   -1.15    2 = FOG REDUCING VISIBILITY
HIGHEST:    84 ON  7    GRTST 24HR  0.45 ON 21-21      TO 1/4 MILE OR LESS
LOWEST:     31 ON 20                               3 = THUNDER
                        SNOW, ICE PELLETS, HAIL    4 = ICE PELLETS
                        TOTAL MONTH:   0.0 INCH    5 = HAIL
                        GRTST 24HR     0.0         6 = FREEZING RAIN OR DRIZZLE
                        GRTST DEPTH:   0           7 = DUSTSTORM OR SANDSTORM:
                                                       VSBY 1/2 MILE OR LESS
                                                   8 = SMOKE OR HAZE
[NO. OF DAYS WITH]      [WEATHER - DAYS WITH]      9 = BLOWING SNOW
                                                   X = TORNADO
MAX 32 OR BELOW:   0    0.01 INCH OR MORE:   3
MAX 90 OR ABOVE:   0    0.10 INCH OR MORE:   1
MIN 32 OR BELOW:   1    0.50 INCH OR MORE:   0
MIN  0 OR BELOW:   0    1.00 INCH OR MORE:   0

[HDD (BASE 65) ]
TOTAL THIS MO.   109    CLEAR  (SCALE 0-3)  15
DPTR FM NORMAL    -2    PTCLDY (SCALE 4-7)   6
TOTAL FM JUL 1   175    CLOUDY (SCALE 8-10)  0
DPTR FM NORMAL    21

[CDD (BASE 65) ]
TOTAL THIS MO.    22
DPTR FM NORMAL    -8    [PRESSURE DATA]
TOTAL FM JAN 1  2586    HIGHEST SLP M ON M
DPTR FM NORMAL   175    LOWEST  SLP 29.83 ON M

[REMARKS]
