000
CXUS55 KLOX 201655
CF6VNY
PRELIMINARY LOCAL CLIMATOLOGICAL DATA (WS FORM: F-6)

                                          STATION:   VAN NUYS AIRPORT CA
                                          MONTH:     SEPTEMBER
                                          YEAR:      2017
                                          LATITUDE:   34 13 N
                                          LONGITUDE: 118 29 W

  TEMPERATURE IN F:       :PCPN:    SNOW:  WIND      :SUNSHINE: SKY     :PK WND
================================================================================
1   2   3   4   5  6A  6B    7    8   9   10  11  12  13   14  15   16   17  18
                                     12Z  AVG MX 2MIN
DY MAX MIN AVG DEP HDD CDD  WTR  SNW DPTH SPD SPD DIR MIN PSBL S-S WX    SPD DR
================================================================================

 1 111  76  94  16   0  29 0.00  0.0    0  5.8 17  30   M    M   0        27  20
 2 101  81  91  14   0  26 0.00  0.0    0  4.4 15 160   M    M   2 8      22 160
 3 101  74  88  11   0  23    T  0.0    0  6.0 17 160   M    M   3 38     22 150
 4  86  70  78   1   0  13 0.01  0.0    0  5.7 14 150   M    M   5 8      20 170
 5  93  69  81   4   0  16 0.00  0.0    0  4.0 12 140   M    M   0 8      17 310
 6  94  70  82   5   0  17 0.00  0.0    0  4.5 14 150   M    M   1        20 140
 7  95  66  81   4   0  16 0.00  0.0    0  3.5 12 150   M    M   0        17 260
 8  87  65  76  -1   0  11 0.00  0.0    0  5.0 14 150   M    M   0        19 170
 9  89  63  76   0   0  11 0.00  0.0    0  4.6 13 170   M    M   2 1      17 140
10  99  67  83   7   0  18 0.00  0.0    0  4.0 14 170   M    M   1        19 320
11  99  72  86  10   0  21 0.00  0.0    0  4.3 17 180   M    M   2        22 170
12  90  69  80   4   0  15 0.00  0.0    0  4.5 14 150   M    M   1        19 180
13  82  62  72  -4   0   7 0.00  0.0    0  5.4 15 140   M    M   4 1      19 130
14  74  60  67  -8   0   2 0.00  0.0    0  4.2 12 300   M    M   7        15 310
15  79  63  71  -4   0   6 0.00  0.0    0  5.2 14 160   M    M   6        19 170
16  81  60  71  -4   0   6 0.00  0.0    0  3.7 14 170   M    M   1        17 160
17  78  63  71  -4   0   6 0.00  0.0    0  3.4 12 160   M    M   5        16 160
18  80  60  70  -4   0   5 0.00  0.0    0  4.8 12 130   M    M   1        17 120
19  77  63  70  -4   0   5 0.00  0.0    0  4.1 12 150   M    M   8 8      15 160
================================================================================
SM 1696 1273         0 253  0.01     0.0  87.1          M       49
================================================================================
AV 89.3 67.0                               4.6 FASTST   M    M   3    MAX(MPH)
                                 MISC ---->  # 17  30               # 27   20
================================================================================
NOTES:
# LAST OF SEVERAL OCCURRENCES

COLUMN 17 PEAK WIND IN M.P.H.

PRELIMINARY LOCAL CLIMATOLOGICAL DATA (WS FORM: F-6) , PAGE 2

                                          STATION:  VAN NUYS AIRPORT CA
                                          MONTH:    SEPTEMBER
                                          YEAR:     2017
                                          LATITUDE:   34 13 N
                                          LONGITUDE: 118 29 W

[TEMPERATURE DATA]      [PRECIPITATION DATA]       SYMBOLS USED IN COLUMN 16

AVERAGE MONTHLY: 78.1   TOTAL FOR MONTH:   0.01    1 = FOG OR MIST
DPTR FM NORMAL:   2.1   DPTR FM NORMAL:   -0.10    2 = FOG REDUCING VISIBILITY
HIGHEST:   111 ON  1    GRTST 24HR  0.01 ON  4- 4      TO 1/4 MILE OR LESS
LOWEST:     60 ON 18,16                            3 = THUNDER
                        SNOW, ICE PELLETS, HAIL    4 = ICE PELLETS
                        TOTAL MONTH:   0.0 INCH    5 = HAIL
                        GRTST 24HR     0.0         6 = FREEZING RAIN OR DRIZZLE
                        GRTST DEPTH:   0           7 = DUSTSTORM OR SANDSTORM:
                                                       VSBY 1/2 MILE OR LESS
                                                   8 = SMOKE OR HAZE
[NO. OF DAYS WITH]      [WEATHER - DAYS WITH]      9 = BLOWING SNOW
                                                   X = TORNADO
MAX 32 OR BELOW:   0    0.01 INCH OR MORE:   1
MAX 90 OR ABOVE:   9    0.10 INCH OR MORE:   0
MIN 32 OR BELOW:   0    0.50 INCH OR MORE:   0
MIN  0 OR BELOW:   0    1.00 INCH OR MORE:   0

[HDD (BASE 65) ]
TOTAL THIS MO.     0    CLEAR  (SCALE 0-3)  13
DPTR FM NORMAL     0    PTCLDY (SCALE 4-7)   6
TOTAL FM JUL 1     0    CLOUDY (SCALE 8-10)  0
DPTR FM NORMAL     0

[CDD (BASE 65) ]
TOTAL THIS MO.   253
DPTR FM NORMAL    43    [PRESSURE DATA]
TOTAL FM JAN 1  1806    HIGHEST SLP M ON M
DPTR FM NORMAL   496    LOWEST  SLP 29.67 ON  1

[REMARKS]
