000
CXUS52 KFFC 241110
CF6VPC
PRELIMINARY LOCAL CLIMATOLOGICAL DATA (WS FORM: F-6)

                                          STATION:   CARTERSVILLE
                                          MONTH:     FEBRUARY
                                          YEAR:      2018
                                          LATITUDE:   34  7 N
                                          LONGITUDE:  84 51 W

  TEMPERATURE IN F:       :PCPN:    SNOW:  WIND      :SUNSHINE: SKY     :PK WND
================================================================================
1   2   3   4   5  6A  6B    7    8   9   10  11  12  13   14  15   16   17  18
                                     12Z  AVG MX 2MIN
DY MAX MIN AVG DEP HDD CDD  WTR  SNW DPTH SPD SPD DIR MIN PSBL S-S WX    SPD DR
================================================================================

 1  63  27  45   3  20   0 0.31  0.0    0  3.8 23 350   M    M   9 1      36 330
 2  42  23  33  -9  32   0 0.02  0.0    0  6.0 16  10   M    M   1 1      24  10
 3  49  27  38  -4  27   0 0.00  0.0    0  5.4 15 150   M    M   1        19 110
 4  47  34  41  -2  24   0 1.64  0.0    0  3.5 14 120   M    M  10 1      20 130
 5  47  29  38  -5  27   0    T  0.0    0  3.4 14 360   M    M   2 1      19 330
 6  65  30  48   5  17   0 0.01  0.0    0  2.8  8 160   M    M   8        11 150
 7  61  38  50   7  15   0 1.68    M    0  3.0 13 350   M    M   9 13     17 340
 8  54  31  43   0  22   0 0.00  0.0    0  3.2 10 350   M    M   1        17 350
 9  64  27  46   3  19   0 0.22    M    0  5.1 14 130   M    M   2 1      21 120
10  64  50  57  13   8   0 0.60  0.0    0  5.4  9 140   M    M  10 1      16 120
11  68  62  65  21   0   0 1.41  0.0    0  6.3 16 190   M    M   9 1      24 190
12  62  44  53   9  12   0 0.20    M    0  3.4 14 360   M    M  10 1      19  10
13  54  43  49   5  16   0 0.00  0.0    0  5.4 16 120   M    M  10        23  90
14  64  47  56  12   9   0 0.01    M    0  4.4 10 180   M    M  10 1      13 150
15  70  57  64  19   1   0 0.02  0.0    0  3.1  9 180   M    M   9 1      18 220
16  71  50  61  16   4   0 0.03  0.0    0  4.7 14 360   M    M   8 1      21 350
17  76  47  62  17   3   0 0.08    M    0  3.6 14 220   M    M   9 1      23 230
18  69  42  56  11   9   0 0.18    M    0  4.7 14 170   M    M   6 1      19 340
19  68  57  63  18   2   0 0.00  0.0    0  7.0 13 100   M    M  10 1      19  90
20  75  58  67  21   0   2 0.05  0.0    0  6.2 14 170   M    M   8 1      18 160
21  76  64  70  24   0   5 0.03  0.0    0  6.0 14 160   M    M   7 1      19 140
22  81  59  70  24   0   5 0.00  0.0    0  5.8 14 160   M    M   3 1      20 180
23  78  54  66  20   0   1 0.00  0.0    0  4.9 15 170   M    M   2 1      21 150
================================================================================
SM 1468 1000       267  13  6.49     0.0 107.1          M      154
================================================================================
AV 63.8 43.5                               4.7 FASTST   M    M   7    MAX(MPH)
                                 MISC ---->  # 23 350               # 36  330
================================================================================
NOTES:
# LAST OF SEVERAL OCCURRENCES

COLUMN 17 PEAK WIND IN M.P.H.

PRELIMINARY LOCAL CLIMATOLOGICAL DATA (WS FORM: F-6) , PAGE 2

                                          STATION:  CARTERSVILLE
                                          MONTH:    FEBRUARY
                                          YEAR:     2018
                                          LATITUDE:   34  7 N
                                          LONGITUDE:  84 51 W

[TEMPERATURE DATA]      [PRECIPITATION DATA]       SYMBOLS USED IN COLUMN 16

AVERAGE MONTHLY: 53.7   TOTAL FOR MONTH:   6.49    1 = FOG OR MIST
DPTR FM NORMAL:   9.6   DPTR FM NORMAL:    2.55    2 = FOG REDUCING VISIBILITY
HIGHEST:    81 ON 22    GRTST 24HR  1.68 ON  7- 7      TO 1/4 MILE OR LESS
LOWEST:     23 ON  2                               3 = THUNDER
                        SNOW, ICE PELLETS, HAIL    4 = ICE PELLETS
                        TOTAL MONTH:   0.0 INCH    5 = HAIL
                        GRTST 24HR     0.0         6 = FREEZING RAIN OR DRIZZLE
                        GRTST DEPTH:   0           7 = DUSTSTORM OR SANDSTORM:
                                                       VSBY 1/2 MILE OR LESS
                                                   8 = SMOKE OR HAZE
[NO. OF DAYS WITH]      [WEATHER - DAYS WITH]      9 = BLOWING SNOW
                                                   X = TORNADO
MAX 32 OR BELOW:   0    0.01 INCH OR MORE:  16
MAX 90 OR ABOVE:   0    0.10 INCH OR MORE:   8
MIN 32 OR BELOW:   7    0.50 INCH OR MORE:   4
MIN  0 OR BELOW:   0    1.00 INCH OR MORE:   3

[HDD (BASE 65) ]
TOTAL THIS MO.   267    CLEAR  (SCALE 0-3)   7
DPTR FM NORMAL  -215    PTCLDY (SCALE 4-7)   3
TOTAL FM JUL 1  2341    CLOUDY (SCALE 8-10) 13
DPTR FM NORMAL  -182

[CDD (BASE 65) ]
TOTAL THIS MO.    13
DPTR FM NORMAL    13    [PRESSURE DATA]
TOTAL FM JAN 1    13    HIGHEST SLP M ON M
DPTR FM NORMAL    13    LOWEST  SLP 29.87 ON  4

[REMARKS]
