000
CXUS55 KLBF 271200
CF6VTN
PRELIMINARY LOCAL CLIMATOLOGICAL DATA (WS FORM: F-6)

                                          STATION:   VALENTINE
                                          MONTH:     MAY
                                          YEAR:      2017
                                          LATITUDE:   42 52 N
                                          LONGITUDE: 100 33 W

  TEMPERATURE IN F:       :PCPN:    SNOW:  WIND      :SUNSHINE: SKY     :PK WND
================================================================================
1   2   3   4   5  6A  6B    7    8   9   10  11  12  13   14  15   16   17  18
                                     12Z  AVG MX 2MIN
DY MAX MIN AVG DEP HDD CDD  WTR  SNW DPTH SPD SPD DIR MIN PSBL S-S WX    SPD DR
================================================================================

 1  67  31  49  -4  16   0 0.02  0.0    0 14.5 31 280   M    M   2 3      39 330
 2  65  36  51  -2  14   0    T  0.0    0  7.4 21 290   M    M   5        24 290
 3  64  36  50  -3  15   0 0.08  0.0    0 10.7 24 330   M    M   5 1      31 340
 4  73  31  52  -2  13   0 0.00  0.0    0  6.3 14 310   M    M   0        22 320
 5  83  35  59   5   6   0 0.00  0.0    0  3.9  9 330   M    M   0        14 150
 6  87  42  65  11   0   0 0.00  0.0    0 11.1 23 150   M    M   0        42 140
 7  90  60  75  20   0  10 0.00  0.0    0 15.0 31 180   M    M   0        37 170
 8  76  58  67  12   0   2 0.00  0.0    0 14.8 28 330   M    M   1 3      36 330
 9  64  51  58   3   7   0 0.16  0.0    0  7.8 20  30   M    M   7        23  30
10  65  46  56   0   9   0 0.42  0.0    0  8.4 16  30   M    M   8 1      20  20
11  73  37  55  -1  10   0 0.00  0.0    0  5.8 15  60   M    M   0        18  70
12  80  45  63   7   2   0 0.00  0.0    0 13.8 23 180   M    M   0        30 210
13  84  55  70  13   0   5 0.00  0.0    0 20.9 31 180   M    M   0        38 180
14  78  53  66   9   0   1 0.00  0.0    0 13.5 25 340   M    M   0        33 320
15  78  53  66   9   0   1 0.62  0.0    0 15.6 39 280   M    M   0 3      64 260
16  77  57  67   9   0   2 0.45  0.0    0  9.3 29 280   M    M   4 13     37 280
17  60  50  55  -3  10   0 1.98  0.0    0 13.1 24  10   M    M  10 13     31  10
18  55  44  50  -8  15   0 0.02  0.0    0 15.6 25  40   M    M  10        36  60
19  50  40  45 -14  20   0 0.19  0.0    0 16.1 24  50   M    M   9 18     31  30
20  45  34  40 -19  25   0 1.00  0.0    0 10.8 24 360   M    M   8 1      32 330
21  71  30  51  -8  14   0 0.00  0.0    0 10.5 21 320   M    M   2        27 300
22  66  42  54  -6  11   0 0.04  0.0    0 10.9 25 360   M    M   4 3      33 360
23  59  39  49 -11  16   0 0.00  0.0    0 14.8 30 330   M    M   7        37 340
24  73  31  52  -8  13   0 0.00  0.0    0 11.0 23 170   M    M   0        31 170
25  74  53  64   4   1   0 0.00  0.0    0 10.2 25 190   M    M   1        33 200
26  73  44  59  -2   6   0 0.15    M    0  8.4 20 330   M    M   2        25 330
================================================================================
SM 1830 1133       223  21  5.13     0.0 300.2          M       85
================================================================================
AV 70.4 43.6                              11.5 FASTST   M    M   3    MAX(MPH)
                                 MISC ---->  # 39 280               # 64  260
================================================================================
NOTES:
# LAST OF SEVERAL OCCURRENCES

COLUMN 17 PEAK WIND IN M.P.H.

PRELIMINARY LOCAL CLIMATOLOGICAL DATA (WS FORM: F-6) , PAGE 2

                                          STATION:  VALENTINE
                                          MONTH:    MAY
                                          YEAR:     2017
                                          LATITUDE:   42 52 N
                                          LONGITUDE: 100 33 W

[TEMPERATURE DATA]      [PRECIPITATION DATA]       SYMBOLS USED IN COLUMN 16

AVERAGE MONTHLY: 57.0   TOTAL FOR MONTH:   5.13    1 = FOG OR MIST
DPTR FM NORMAL:   0.2   DPTR FM NORMAL:    2.58    2 = FOG REDUCING VISIBILITY
HIGHEST:    90 ON  7    GRTST 24HR  1.98 ON 17-17      TO 1/4 MILE OR LESS
LOWEST:     30 ON 21                               3 = THUNDER
                        SNOW, ICE PELLETS, HAIL    4 = ICE PELLETS
                        TOTAL MONTH:   0.0 INCH    5 = HAIL
                        GRTST 24HR     0.0         6 = FREEZING RAIN OR DRIZZLE
                        GRTST DEPTH:   0           7 = DUSTSTORM OR SANDSTORM:
                                                       VSBY 1/2 MILE OR LESS
                                                   8 = SMOKE OR HAZE
[NO. OF DAYS WITH]      [WEATHER - DAYS WITH]      9 = BLOWING SNOW
                                                   X = TORNADO
MAX 32 OR BELOW:   0    0.01 INCH OR MORE:  12
MAX 90 OR ABOVE:   1    0.10 INCH OR MORE:   8
MIN 32 OR BELOW:   4    0.50 INCH OR MORE:   3
MIN  0 OR BELOW:   0    1.00 INCH OR MORE:   2

[HDD (BASE 65) ]
TOTAL THIS MO.   223    CLEAR  (SCALE 0-3)  15
DPTR FM NORMAL   -14    PTCLDY (SCALE 4-7)   7
TOTAL FM JUL 1  6202    CLOUDY (SCALE 8-10)  4
DPTR FM NORMAL  -718

[CDD (BASE 65) ]
TOTAL THIS MO.    21
DPTR FM NORMAL    -2    [PRESSURE DATA]
TOTAL FM JAN 1    23    HIGHEST SLP M ON M
DPTR FM NORMAL    -4    LOWEST  SLP 29.36 ON 17

[REMARKS]
