000
CXUS55 KLBF 271200
CF6VTN
PRELIMINARY LOCAL CLIMATOLOGICAL DATA (WS FORM: F-6)

                                          STATION:   VALENTINE NE
                                          MONTH:     DECEMBER
                                          YEAR:      2014
                                          LATITUDE:   42 52 N
                                          LONGITUDE: 100 33 W

  TEMPERATURE IN F:       :PCPN:    SNOW:  WIND      :SUNSHINE: SKY     :PK WND
================================================================================
1   2   3   4   5  6A  6B    7    8   9   10  11  12  13   14  15   16   17  18
                                     12Z  AVG MX 2MIN
DY MAX MIN AVG DEP HDD CDD  WTR  SNW DPTH SPD SPD DIR MIN PSBL S-S WX    SPD DR
================================================================================

 1  30   0  15 -12  50   0 0.00  0.0    0 14.0 30 180   M    M   0        36 180
 2  47  19  33   7  32   0 0.00  0.0    0  9.0 22 360   M    M   5        28 350
 3  37   9  23  -3  42   0 0.00  0.0    0 12.7 30 180   M    M   1        37 190
 4  56  15  36  10  29   0 0.00  0.0    0   M   M   M   M    M   0         M  M
 5  51  19  35   9  30   0 0.00  0.0    0  7.5 16 360   M    M   0        21 350
 6  47  13  30   5  35   0 0.00  0.0    0  9.5 25 190   M    M   1        33 180
 7  61  26  44  19  21   0 0.00  0.0    0 12.1 25 190   M    M   2        35 310
 8  55  13  34   9  31   0 0.00  0.0    0  9.4 22 320   M    M   0 12     28 340
 9  50  20  35  11  30   0 0.00  0.0    0  9.1 24 180   M    M   3 12     28 170
10  59  18  39  15  26   0 0.00  0.0    0  4.2  9 240   M    M   0 8      10 250
11  62  20  41  17  24   0 0.00  0.0    0  6.5 14 170   M    M   0        16 170
12  60  28  44  20  21   0 0.00  0.0    0 12.3 23 200   M    M   1 18     28 200
13  57  34  46  22  19   0 0.00  0.0    0 11.2 26 200   M    M   4 128    32 200
14  42  30  36  13  29   0 0.14    T    0 13.4 23 350   M    M  10 1268   29 340
15  30  23  27   4  38   0 0.37  3.5    1 20.3 35 340   M    M  10 169    46 330
16  23  20  22  -1  43   0    T    T    4  8.2 22 340   M    M  10        31 320
17  24  18  21  -2  44   0 0.00  0.0    4 11.2 16 210   M    M  10 1      20 200
18  27   9  18  -5  47   0 0.00  0.0    4  5.8 14 210   M    M   6 128    17 220
19  40  10  25   2  40   0 0.00  0.0    3  7.0 13 240   M    M   0        15 240
20  41  12  27   4  38   0 0.00  0.0    2  5.5 12 260   M    M   2        14 260
21  45  21  33  10  32   0    T  0.0    1  6.7 14 290   M    M   4        18 290
22  40  27  34  11  31   0 0.06  0.2    T 16.7 29 320   M    M   9 1      39 320
23  29  19  24   1  41   0 0.03  0.5    T 20.8 30 330   M    M   9 1      42 330
24  37   6  22  -1  43   0 0.00  0.0    T  6.8 14 220   M    M   0        16 210
25  33  24  29   6  36   0 0.04  0.5    1 12.5 25  20   M    M   8 126    32  20
26  24  17  21  -2  44   0 0.09  1.5    2 11.3 21 360   M    M  10 18     26  10
================================================================================
SM 1107  470       896   0  0.73     6.2 263.7          M      105
================================================================================
AV 42.6 18.1                              10.5 FASTST   M    M   4    MAX(MPH)
                                 MISC ---->  # 35 340               # 46  330
================================================================================
NOTES:
# LAST OF SEVERAL OCCURRENCES

COLUMN 17 PEAK WIND IN M.P.H.

PRELIMINARY LOCAL CLIMATOLOGICAL DATA (WS FORM: F-6) , PAGE 2

                                          STATION:  VALENTINE NE
                                          MONTH:    DECEMBER
                                          YEAR:     2014
                                          LATITUDE:   42 52 N
                                          LONGITUDE: 100 33 W

[TEMPERATURE DATA]      [PRECIPITATION DATA]       SYMBOLS USED IN COLUMN 16

AVERAGE MONTHLY: 30.3   TOTAL FOR MONTH:   0.73    1 = FOG OR MIST
DPTR FM NORMAL:   6.3   DPTR FM NORMAL:    0.41    2 = FOG REDUCING VISIBILITY
HIGHEST:    62 ON 11    GRTST 24HR  0.45 ON 14-15      TO 1/4 MILE OR LESS
LOWEST:      0 ON  1                               3 = THUNDER
                        SNOW, ICE PELLETS, HAIL    4 = ICE PELLETS
                        TOTAL MONTH:   6.2 INCHES  5 = HAIL
                        GRTST 24HR   3.5 ON 15-15  6 = FREEZING RAIN OR DRIZZLE
                        GRTST DEPTH:   4 ON 18,17  7 = DUSTSTORM OR SANDSTORM:
                                                       VSBY 1/2 MILE OR LESS
                                                   8 = SMOKE OR HAZE
[NO. OF DAYS WITH]      [WEATHER - DAYS WITH]      9 = BLOWING SNOW
                                                   X = TORNADO
MAX 32 OR BELOW:   7    0.01 INCH OR MORE:   6
MAX 90 OR ABOVE:   0    0.10 INCH OR MORE:   2
MIN 32 OR BELOW:  25    0.50 INCH OR MORE:   0
MIN  0 OR BELOW:   1    1.00 INCH OR MORE:   0

[HDD (BASE 65) ]
TOTAL THIS MO.   896    CLEAR  (SCALE 0-3)  14
DPTR FM NORMAL  -169    PTCLDY (SCALE 4-7)   5
TOTAL FM JUL 1  2500    CLOUDY (SCALE 8-10)  7
DPTR FM NORMAL  -183

[CDD (BASE 65) ]
TOTAL THIS MO.     0
DPTR FM NORMAL     0    [PRESSURE DATA]
TOTAL FM JAN 1   724    HIGHEST SLP M ON M
DPTR FM NORMAL   -97    LOWEST  SLP 29.50 ON 25

[REMARKS]
