000
CXUS55 KLOX 281655
CF6WJF
PRELIMINARY LOCAL CLIMATOLOGICAL DATA (WS FORM: F-6)

                                          STATION:   LANCASTER FOX FIELD CA
                                          MONTH:     JUNE
                                          YEAR:      2017
                                          LATITUDE:   34 43 N
                                          LONGITUDE: 118 13 W

  TEMPERATURE IN F:       :PCPN:    SNOW:  WIND      :SUNSHINE: SKY     :PK WND
================================================================================
1   2   3   4   5  6A  6B    7    8   9   10  11  12  13   14  15   16   17  18
                                     12Z  AVG MX 2MIN
DY MAX MIN AVG DEP HDD CDD  WTR  SNW DPTH SPD SPD DIR MIN PSBL S-S WX    SPD DR
================================================================================

 1  87  56  72   0   0   7 0.00  0.0    0 12.2  M 270   M    M   0         M 270
 2  96  58  77   5   0  12 0.00  0.0    0  7.2  M 240   M    M   0         M 250
 3  97  61  79   6   0  14 0.00  0.0    0  9.5  M 250   M    M   0         M 250
 4  96  63  80   7   0  15 0.00  0.0    0 12.3  M 230   M    M   0         M 220
 5  98  66  82   9   0  17 0.00  0.0    0 12.3  M 240   M    M   0         M 250
 6  97  58  78   4   0  13 0.00  0.0    0 10.6  M 240   M    M   0         M 250
 7  93  59  76   2   0  11 0.00  0.0    0 13.6  M 240   M    M   0 8       M 240
 8  86  59  73  -1   0   8 0.00  0.0    0 17.5 28 260   M    M   0        31 270
 9  82  63  73  -1   0   8 0.00  0.0    0 20.1 31 210   M    M   0        37 220
10  76  58  67  -8   0   2 0.00  0.0    0 22.5 33 240   M    M   0        43 240
11  68  52  60 -15   5   0 0.00  0.0    0 22.2 35 250   M    M   4        42 260
12  75  46  61 -14   4   0 0.00  0.0    0 19.9 35 260   M    M   0 8      40 260
13  87  54  71  -4   0   6 0.00  0.0    0 12.0 25 270   M    M   0        30 280
14  96  49  73  -3   0   8 0.00  0.0    0  7.4 24 280   M    M   0        27 280
15  99  68  84   8   0  19 0.00  0.0    0 14.8 31 270   M    M   0 8      36 270
16 103  63  83   7   0  18 0.00  0.0    0 10.8 23 270   M    M   0        29 240
17 105  72  89  13   0  24 0.00  0.0    0 12.9 29 250   M    M   0 8      35 260
18 108  64  86   9   0  21 0.00  0.0    0  9.0 28 240   M    M   0 8      33 240
19 110  68  89  12   0  24 0.00  0.0    0  8.4 26 220   M    M   0        32 260
20 108  66  87  10   0  22 0.00  0.0    0  9.3 25 260   M    M   0        31 240
21 107  77  92  14   0  27 0.00  0.0    0 11.5 25 220   M    M   0        32 220
22 105  69  87   9   0  22 0.00  0.0    0 10.9 25 230   M    M   0        33 230
23 109  64  87   9   0  22 0.00  0.0    0 10.2 25 230   M    M   0        31 240
24 110  77  94  16   0  29 0.00  0.0    0 11.6 31 280   M    M   0        36 270
25 108  75  92  13   0  27 0.00  0.0    0 12.7 28 310   M    M   0        37 310
26 104  70  87   8   0  22 0.00  0.0    0 14.7 28 240   M    M   0        36 220
27  98  68  83   4   0  18 0.00  0.0    0 16.7 26 220   M    M   0        35 240
================================================================================
SM 2608 1703         9 416  0.00     0.0 352.8          M        4
================================================================================
AV 96.6 63.1                              13.1 FASTST   M    M   0    MAX(MPH)
                                 MISC ---->  # 35 250               # 43  240
================================================================================
NOTES:
# LAST OF SEVERAL OCCURRENCES

COLUMN 17 PEAK WIND IN M.P.H.

PRELIMINARY LOCAL CLIMATOLOGICAL DATA (WS FORM: F-6) , PAGE 2

                                          STATION:  LANCASTER FOX FIELD CA
                                          MONTH:    JUNE
                                          YEAR:     2017
                                          LATITUDE:   34 43 N
                                          LONGITUDE: 118 13 W

[TEMPERATURE DATA]      [PRECIPITATION DATA]       SYMBOLS USED IN COLUMN 16

AVERAGE MONTHLY: 79.8   TOTAL FOR MONTH:   0.00    1 = FOG OR MIST
DPTR FM NORMAL:   4.2   DPTR FM NORMAL:   -0.04    2 = FOG REDUCING VISIBILITY
HIGHEST:   110 ON 24,19 GRTST 24HR  0.00 ON 27-27      TO 1/4 MILE OR LESS
LOWEST:     46 ON 12                               3 = THUNDER
                        SNOW, ICE PELLETS, HAIL    4 = ICE PELLETS
                        TOTAL MONTH:   0.0 INCH    5 = HAIL
                        GRTST 24HR     0.0         6 = FREEZING RAIN OR DRIZZLE
                        GRTST DEPTH:   0           7 = DUSTSTORM OR SANDSTORM:
                                                       VSBY 1/2 MILE OR LESS
                                                   8 = SMOKE OR HAZE
[NO. OF DAYS WITH]      [WEATHER - DAYS WITH]      9 = BLOWING SNOW
                                                   X = TORNADO
MAX 32 OR BELOW:   0    0.01 INCH OR MORE:   0
MAX 90 OR ABOVE:  20    0.10 INCH OR MORE:   0
MIN 32 OR BELOW:   0    0.50 INCH OR MORE:   0
MIN  0 OR BELOW:   0    1.00 INCH OR MORE:   0

[HDD (BASE 65) ]
TOTAL THIS MO.     9    CLEAR  (SCALE 0-3)  26
DPTR FM NORMAL     3    PTCLDY (SCALE 4-7)   1
TOTAL FM JUL 1  2492    CLOUDY (SCALE 8-10)  0
DPTR FM NORMAL  -443

[CDD (BASE 65) ]
TOTAL THIS MO.   416
DPTR FM NORMAL   120    [PRESSURE DATA]
TOTAL FM JAN 1   577    HIGHEST SLP M ON M
DPTR FM NORMAL    92    LOWEST  SLP 29.64 ON 21

[REMARKS]
