000
CXUS56 KMTR 181000
CF6WVI
PRELIMINARY LOCAL CLIMATOLOGICAL DATA (WS FORM: F-6)

                                          STATION:   WATSONVILLE AIRPORT
                                          MONTH:     NOVEMBER
                                          YEAR:      2017
                                          LATITUDE:   36 55 N
                                          LONGITUDE: 121 47 W

  TEMPERATURE IN F:       :PCPN:    SNOW:  WIND      :SUNSHINE: SKY     :PK WND
================================================================================
1   2   3   4   5  6A  6B    7    8   9   10  11  12  13   14  15   16   17  18
                                     12Z  AVG MX 2MIN
DY MAX MIN AVG DEP HDD CDD  WTR  SNW DPTH SPD SPD DIR MIN PSBL S-S WX    SPD DR
================================================================================

 1  71  43  57  -1   8   0 0.00  0.0    0  3.4 12 210   M    M   0        16 230
 2  68  45  57  -1   8   0 0.00  0.0    0  2.9  9 220   M    M   6        12 230
 3  66  52  59   1   6   0 0.06  0.0    0  4.0 18 170   M    M  10 1      23 170
 4  65  46  56  -1   9   0 0.04  0.0    0  3.4 10 240   M    M   9 1      14 240
 5  61  43  52  -5  13   0 0.00  0.0    0  4.2 13 220   M    M   2        19 110
 6  65  38  52  -5  13   0 0.00  0.0    0  3.5 12 250   M    M   0        14 220
 7  69  42  56  -1   9   0 0.00  0.0    0  3.8 12 240   M    M   0        14 200
 8  66  43  55  -1  10   0 0.01    M    0  3.3 17 190   M    M   7 1      22 190
 9  64  54  59   3   6   0 0.22  0.0    0  6.1 20 190   M    M   9 1      27 180
10  67  50  59   3   6   0    T  0.0    0  2.9 13 210   M    M   9 12     19 240
11  66  50  58   2   7   0 0.00  0.0    0  3.7 12 250   M    M   5 1      14 230
12  66  48  57   1   8   0 0.00  0.0    0  3.4 10 220   M    M   2 12     13 240
13  69  45  57   2   8   0 0.00  0.0    0  3.7 12 210   M    M   6         M  M
14   M   M   M   M   M   M 0.00  0.0    0  3.9  9 240   M    M   0         M  M
15  71  50  61   6   4   0 0.00  0.0    0  3.2 12 240   M    M   1        15 240
16  63  54  59   5   6   0 1.11  0.0    0  7.3 24 190   M    M  10 18     31 190
17  65  43  54   0  11   0 0.00  0.0    0  3.3 10 320   M    M   2        14 320
================================================================================
SM 1062  746       132   0  1.44     0.0  66.0          M       78
================================================================================
AV 66.4 46.6                               3.9 FASTST   M    M   5    MAX(MPH)
                                 MISC ---->  # 24 190               # 31  190
================================================================================
NOTES:
# LAST OF SEVERAL OCCURRENCES

COLUMN 17 PEAK WIND IN M.P.H.

PRELIMINARY LOCAL CLIMATOLOGICAL DATA (WS FORM: F-6) , PAGE 2

                                          STATION:  WATSONVILLE AIRPORT
                                          MONTH:    NOVEMBER
                                          YEAR:     2017
                                          LATITUDE:   36 55 N
                                          LONGITUDE: 121 47 W

[TEMPERATURE DATA]      [PRECIPITATION DATA]       SYMBOLS USED IN COLUMN 16

AVERAGE MONTHLY: 56.5   TOTAL FOR MONTH:   1.44    1 = FOG OR MIST
DPTR FM NORMAL:   0.3   DPTR FM NORMAL:    0.50    2 = FOG REDUCING VISIBILITY
HIGHEST:    71 ON 15, 1 GRTST 24HR  1.11 ON 16-16      TO 1/4 MILE OR LESS
LOWEST:     38 ON  6                               3 = THUNDER
                        SNOW, ICE PELLETS, HAIL    4 = ICE PELLETS
                        TOTAL MONTH:   0.0 INCH    5 = HAIL
                        GRTST 24HR     0.0         6 = FREEZING RAIN OR DRIZZLE
                        GRTST DEPTH:   0           7 = DUSTSTORM OR SANDSTORM:
                                                       VSBY 1/2 MILE OR LESS
                                                   8 = SMOKE OR HAZE
[NO. OF DAYS WITH]      [WEATHER - DAYS WITH]      9 = BLOWING SNOW
                                                   X = TORNADO
MAX 32 OR BELOW:   0    0.01 INCH OR MORE:   5
MAX 90 OR ABOVE:   0    0.10 INCH OR MORE:   2
MIN 32 OR BELOW:   0    0.50 INCH OR MORE:   1
MIN  0 OR BELOW:   0    1.00 INCH OR MORE:   1

[HDD (BASE 65) ]
TOTAL THIS MO.   132    CLEAR  (SCALE 0-3)   8
DPTR FM NORMAL   -20    PTCLDY (SCALE 4-7)   4
TOTAL FM JUL 1   387    CLOUDY (SCALE 8-10)  5
DPTR FM NORMAL  -140

[CDD (BASE 65) ]
TOTAL THIS MO.     0
DPTR FM NORMAL     0    [PRESSURE DATA]
TOTAL FM JAN 1   234    HIGHEST SLP M ON M
DPTR FM NORMAL   118    LOWEST  SLP 29.81 ON 16

[REMARKS]
