000
CXUS54 KTSA 280840
CF6XNA
PRELIMINARY LOCAL CLIMATOLOGICAL DATA (WS FORM: F-6)

                                          STATION:   HIGHFILL ARKANSAS
                                          MONTH:     JULY
                                          YEAR:      2015
                                          LATITUDE:   36 16 N
                                          LONGITUDE:  94 19 W

  TEMPERATURE IN F:       :PCPN:    SNOW:  WIND      :SUNSHINE: SKY     :PK WND
================================================================================
1   2   3   4   5  6A  6B    7    8   9   10  11  12  13   14  15   16   17  18
                                     12Z  AVG MX 2MIN
DY MAX MIN AVG DEP HDD CDD  WTR  SNW DPTH SPD SPD DIR MIN PSBL S-S WX    SPD DR
================================================================================

 1  91  74  83   7   0  18 0.00  0.0    0 10.4 18 190   M    M   0        23 220
 2  89  68  79   3   0  14 0.08  0.0    0  9.3 17 220   M    M   5 13     26 230
 3  87  67  77   1   0  12 0.62  0.0    0  5.0 25 350   M    M   5 138    32 340
 4  88  65  77   1   0  12 0.00  0.0    0  3.6 10 110   M    M   4 128    13 120
 5  89  69  79   2   0  14    T  0.0    0  7.1 25 170   M    M   3 13     32 170
 6  85  72  79   2   0  14 0.00  0.0    0  9.7 20 180   M    M   4        25 180
 7  79  70  75  -2   0  10 1.46  0.0    0  6.9 15 200   M    M   9 13     21 200
 8  76  70  73  -4   0   8 0.52  0.0    0  9.8 25 200   M    M   9 1      37 190
 9  77  68  73  -4   0   8 0.75  0.0    0  4.9 20 200   M    M   7 13     25 200
10  89  68  79   2   0  14 0.00  0.0    0  7.0 17 180   M    M   2 1      25 210
11  89  70  80   3   0  15 0.00  0.0    0  8.1 17 200   M    M   0        24 210
12  91  71  81   4   0  16 0.00  0.0    0  8.0 18 210   M    M   0        24 200
13  93  73  83   6   0  18 0.00  0.0    0  8.2 17 200   M    M   0        23 190
14  92  77  85   8   0  20 0.00  0.0    0  7.1 17 140   M    M   1        21 130
15  93  75  84   7   0  19 0.00  0.0    0  4.6 12 220   M    M   0        15 270
16  91  70  81   3   0  16 0.00  0.0    0  7.9 17 180   M    M   0        21 200
17  93  72  83   5   0  18 0.00  0.0    0  8.9 17 210   M    M   0        24 240
18  93  73  83   5   0  18 0.00  0.0    0  8.5 17 210   M    M   0        24 190
19  94  73  84   6   0  19 0.00  0.0    0  6.2 16 190   M    M   0        20 220
20  95  73  84   6   0  19 0.01  0.0    0  5.8 15 240   M    M   0 3      20 240
21  83  72  78   0   0  13 0.11  0.0    0  4.4 12 300   M    M   6 1      17 310
22  87  71  79   1   0  14 2.15  0.0    0  5.5 13 210   M    M   6 13     22 210
23  87  71  79   1   0  14 0.01  0.0    M  3.0 10 230   M    M   4 13     15 240
24  94  74  84   6   0  19 0.00  0.0    0  5.2 10  70   M    M   1 12     16 220
25  94  73  84   6   0  19 0.00  0.0    0  3.2 12 160   M    M   0        13 180
26  92  75  84   6   0  19 0.00  0.0    0  4.3 10 240   M    M   0        14 220
27  94  77  86   8   0  21 0.00  0.0    0  5.0 12 190   M    M   0        16 190
================================================================================
SM 2405 1931         0 421  5.71     0.0 177.6          M       66
================================================================================
AV 89.1 71.5                               6.6 FASTST   M    M   2    MAX(MPH)
                                 MISC ---->  # 25 350               # 37  190
================================================================================
NOTES:
# LAST OF SEVERAL OCCURRENCES

COLUMN 17 PEAK WIND IN M.P.H.

PRELIMINARY LOCAL CLIMATOLOGICAL DATA (WS FORM: F-6) , PAGE 2

                                          STATION:  HIGHFILL ARKANSAS
                                          MONTH:    JULY
                                          YEAR:     2015
                                          LATITUDE:   36 16 N
                                          LONGITUDE:  94 19 W

[TEMPERATURE DATA]      [PRECIPITATION DATA]       SYMBOLS USED IN COLUMN 16

AVERAGE MONTHLY: 80.3   TOTAL FOR MONTH:   5.71    1 = FOG OR MIST
DPTR FM NORMAL:   3.0   DPTR FM NORMAL:    2.73    2 = FOG REDUCING VISIBILITY
HIGHEST:    95 ON 20    GRTST 24HR  2.15 ON 22-22      TO 1/4 MILE OR LESS
LOWEST:     65 ON  4                               3 = THUNDER
                        SNOW, ICE PELLETS, HAIL    4 = ICE PELLETS
                        TOTAL MONTH:   0.0 INCH    5 = HAIL
                        GRTST 24HR     0.0         6 = FREEZING RAIN OR DRIZZLE
                        GRTST DEPTH:   0           7 = DUSTSTORM OR SANDSTORM:
                                                       VSBY 1/2 MILE OR LESS
                                                   8 = SMOKE OR HAZE
[NO. OF DAYS WITH]      [WEATHER - DAYS WITH]      9 = BLOWING SNOW
                                                   X = TORNADO
MAX 32 OR BELOW:   0    0.01 INCH OR MORE:   9
MAX 90 OR ABOVE:  14    0.10 INCH OR MORE:   6
MIN 32 OR BELOW:   0    0.50 INCH OR MORE:   5
MIN  0 OR BELOW:   0    1.00 INCH OR MORE:   2

[HDD (BASE 65) ]
TOTAL THIS MO.     0    CLEAR  (SCALE 0-3)  17
DPTR FM NORMAL     0    PTCLDY (SCALE 4-7)   8
TOTAL FM JUL 1     0    CLOUDY (SCALE 8-10)  2
DPTR FM NORMAL     0

[CDD (BASE 65) ]
TOTAL THIS MO.   421
DPTR FM NORMAL    89    [PRESSURE DATA]
TOTAL FM JAN 1   914    HIGHEST SLP M ON M
DPTR FM NORMAL   254    LOWEST  SLP 29.76 ON 13

[REMARKS]
