571
CXUS51 KCLE 220800
CF6YNG
PRELIMINARY LOCAL CLIMATOLOGICAL DATA (WS FORM: F-6)

                                          STATION:   YOUNGSTOWN OH
                                          MONTH:     AUGUST
                                          YEAR:      2017
                                          LATITUDE:   41 16 N
                                          LONGITUDE:  80 40 W

  TEMPERATURE IN F:       :PCPN:    SNOW:  WIND      :SUNSHINE: SKY     :PK WND
================================================================================
1   2   3   4   5  6A  6B    7    8   9   10  11  12  13   14  15   16   17  18
                                     12Z  AVG MX 2MIN
DY MAX MIN AVG DEP HDD CDD  WTR  SNW DPTH SPD SPD DIR MIN PSBL S-S WX    SPD DR
================================================================================

 1  86  58  72   2   0   7 0.03  0.0    0  3.5 13 100   M    M   6 13     17 140
 2  83  59  71   1   0   6 0.05  0.0    0  4.2 26  10   M    M   5 13     33  10
 3  84  64  74   4   0   9 0.00  0.0    0  5.9 15 200   M    M   7 3      20 190
 4  82  56  69  -1   0   4 1.07  0.0    0  9.2 39 240   M    M   7 13     50 240
 5  74  56  65  -5   0   0    T  0.0    0  9.1 17 270   M    M   7        25 270
 6  78  53  66  -4   0   1 0.01  0.0    0  2.8 17 200   M    M   8        24 190
 7  76  56  66  -4   0   1    T  0.0    0  4.0 12 360   M    M   9 1      16 340
 8  76  54  65  -5   0   0 0.00  0.0    0  6.6 17 350   M    M   4 1      24  10
 9  81  53  67  -3   0   2 0.00  0.0    0  4.1  9 230   M    M   4        12 220
10  77  55  66  -4   0   1 0.06  0.0    0  7.7 16 160   M    M   7 1      22 160
11  76  63  70   0   0   5 0.07  0.0    0  6.9 14 340   M    M   9 138    17 160
12  78  58  68  -2   0   3 0.00  0.0    0  6.3 18 330   M    M   5 18     28 330
13  78  55  67  -3   0   2 0.00  0.0    0  3.5 13  20   M    M   6 12     15 350
14  83  57  70   0   0   5 0.00  0.0    0  4.4  8 350   M    M   9        11 120
15  84  58  71   2   0   6    T  0.0    0  5.5 15 350   M    M   6 1      19 350
16  84  57  71   2   0   6 0.00  0.0    0  4.7 14 300   M    M   3 1      20  30
17  88  62  75   6   0  10 0.27  0.0    0  8.9 30 320   M    M   8 13X    38 340
18  85  64  75   6   0  10 0.00  0.0    0  8.4 21 260   M    M   8 1      27 270
19  81  59  70   1   0   5 0.01  0.0    0  6.1 16 310   M    M   4 1      22 310
20  84  54  69   0   0   4 0.00  0.0    0  4.7 10 110   M    M   2 1      16 180
21  87  68  78   9   0  13    T  0.0    0  6.2 22 220   M    M   7 38     30 220
================================================================================
SM 1705 1219         0 100  1.57     0.0 122.7          M      131
================================================================================
AV 81.2 58.1                               5.8 FASTST   M    M   6    MAX(MPH)
                                 MISC ---->  # 39 240               # 50  240
================================================================================
NOTES:
# LAST OF SEVERAL OCCURRENCES

COLUMN 17 PEAK WIND IN M.P.H.

PRELIMINARY LOCAL CLIMATOLOGICAL DATA (WS FORM: F-6) , PAGE 2

                                          STATION:  YOUNGSTOWN OH
                                          MONTH:    AUGUST
                                          YEAR:     2017
                                          LATITUDE:   41 16 N
                                          LONGITUDE:  80 40 W

[TEMPERATURE DATA]      [PRECIPITATION DATA]       SYMBOLS USED IN COLUMN 16

AVERAGE MONTHLY: 69.6   TOTAL FOR MONTH:   1.57    1 = FOG OR MIST
DPTR FM NORMAL:  -0.0   DPTR FM NORMAL:   -0.61    2 = FOG REDUCING VISIBILITY
HIGHEST:    88 ON 17    GRTST 24HR  1.07 ON  4- 4      TO 1/4 MILE OR LESS
LOWEST:     53 ON  9, 6                            3 = THUNDER
                        SNOW, ICE PELLETS, HAIL    4 = ICE PELLETS
                        TOTAL MONTH:   0.0 INCH    5 = HAIL
                        GRTST 24HR     0.0         6 = FREEZING RAIN OR DRIZZLE
                        GRTST DEPTH:   0           7 = DUSTSTORM OR SANDSTORM:
                                                       VSBY 1/2 MILE OR LESS
                                                   8 = SMOKE OR HAZE
[NO. OF DAYS WITH]      [WEATHER - DAYS WITH]      9 = BLOWING SNOW
                                                   X = TORNADO
MAX 32 OR BELOW:   0    0.01 INCH OR MORE:   8
MAX 90 OR ABOVE:   0    0.10 INCH OR MORE:   2
MIN 32 OR BELOW:   0    0.50 INCH OR MORE:   1
MIN  0 OR BELOW:   0    1.00 INCH OR MORE:   1

[HDD (BASE 65) ]
TOTAL THIS MO.     0    CLEAR  (SCALE 0-3)   1
DPTR FM NORMAL   -16    PTCLDY (SCALE 4-7)  17
TOTAL FM JUL 1     0    CLOUDY (SCALE 8-10)  3
DPTR FM NORMAL   -29

[CDD (BASE 65) ]
TOTAL THIS MO.   100
DPTR FM NORMAL   -13    [PRESSURE DATA]
TOTAL FM JAN 1   516    HIGHEST SLP M ON M
DPTR FM NORMAL    69    LOWEST  SLP 29.78 ON 18

[REMARKS]
