058
CXUS51 KCLE 210800
CF6YNG
PRELIMINARY LOCAL CLIMATOLOGICAL DATA (WS FORM: F-6)

                                          STATION:   YOUNGSTOWN OH
                                          MONTH:     OCTOBER
                                          YEAR:      2017
                                          LATITUDE:   41 16 N
                                          LONGITUDE:  80 40 W

  TEMPERATURE IN F:       :PCPN:    SNOW:  WIND      :SUNSHINE: SKY     :PK WND
================================================================================
1   2   3   4   5  6A  6B    7    8   9   10  11  12  13   14  15   16   17  18
                                     12Z  AVG MX 2MIN
DY MAX MIN AVG DEP HDD CDD  WTR  SNW DPTH SPD SPD DIR MIN PSBL S-S WX    SPD DR
================================================================================

 1  68  36  52  -4  13   0 0.00  0.0    0  5.5 12 130   M    M   3        15 140
 2  77  40  59   3   6   0 0.00  0.0    0  5.9 12 130   M    M   6        14 130
 3  80  47  64   9   1   0 0.00  0.0    0  7.4 14 170   M    M   3        20 150
 4  81  57  69  14   0   4    T  0.0    0  8.9 17 230   M    M   7        23 220
 5  70  62  66  12   0   1 0.03  0.0    0  6.5 16 320   M    M   9 13     19 330
 6  66  62  64  10   1   0 0.14  0.0    0  4.9 10 210   M    M  10 1      14 210
 7  81  64  73  19   0   8    T  0.0    0 10.4 20 200   M    M   8 1      28 210
 8  75  62  69  16   0   4 0.64  0.0    0  8.0 20 260   M    M   9 1      30 200
 9  74  59  67  14   0   2 0.30  0.0    0  6.5 16 310   M    M  10 12     22 320
10  77  59  68  15   0   3 0.00  0.0    0  3.2  9  40   M    M   9 12     13  40
11  65  59  62  10   3   0 0.37  0.0    0  7.0 13 100   M    M  10 1      17  90
12  67  58  63  11   2   0 0.07  0.0    0  7.1 20 120   M    M  10 12     26 110
13  74  56  65  13   0   0 0.00  0.0    0  6.8 13 140   M    M   8 1      16 150
14  77  51  64  12   1   0 0.00  0.0    0  5.5 12 150   M    M   4 1      16 160
15  77  51  64  13   1   0 0.10  0.0    0 14.4 28 220   M    M   7 1      36 210
16  59  36  48  -3  17   0 0.07  0.0    0  7.5 18 340   M    M   6 1      24 330
17  64  34  49  -2  16   0 0.00  0.0    0  6.9 20 240   M    M   1        25 240
18  69  39  54   4  11   0 0.00  0.0    0  5.9 15 150   M    M   2        19 200
19  72  47  60  10   5   0 0.00  0.0    0  8.6 20 220   M    M   5        26 220
20  72  43  58   8   7   0 0.00  0.0    0  2.9  8 160   M    M   3 1      11 200
================================================================================
SM 1445 1022        84  22  1.72     0.0 139.8          M      130
================================================================================
AV 72.3 51.1                               7.0 FASTST   M    M   7    MAX(MPH)
                                 MISC ---->  # 28 220               # 36  210
================================================================================
NOTES:
# LAST OF SEVERAL OCCURRENCES

COLUMN 17 PEAK WIND IN M.P.H.

PRELIMINARY LOCAL CLIMATOLOGICAL DATA (WS FORM: F-6) , PAGE 2

                                          STATION:  YOUNGSTOWN OH
                                          MONTH:    OCTOBER
                                          YEAR:     2017
                                          LATITUDE:   41 16 N
                                          LONGITUDE:  80 40 W

[TEMPERATURE DATA]      [PRECIPITATION DATA]       SYMBOLS USED IN COLUMN 16

AVERAGE MONTHLY: 61.7   TOTAL FOR MONTH:   1.72    1 = FOG OR MIST
DPTR FM NORMAL:   9.0   DPTR FM NORMAL:   -0.10    2 = FOG REDUCING VISIBILITY
HIGHEST:    81 ON  7, 4 GRTST 24HR  0.64 ON  8- 8      TO 1/4 MILE OR LESS
LOWEST:     34 ON 17                               3 = THUNDER
                        SNOW, ICE PELLETS, HAIL    4 = ICE PELLETS
                        TOTAL MONTH:   0.0 INCH    5 = HAIL
                        GRTST 24HR     0.0         6 = FREEZING RAIN OR DRIZZLE
                        GRTST DEPTH:   0           7 = DUSTSTORM OR SANDSTORM:
                                                       VSBY 1/2 MILE OR LESS
                                                   8 = SMOKE OR HAZE
[NO. OF DAYS WITH]      [WEATHER - DAYS WITH]      9 = BLOWING SNOW
                                                   X = TORNADO
MAX 32 OR BELOW:   0    0.01 INCH OR MORE:   8
MAX 90 OR ABOVE:   0    0.10 INCH OR MORE:   5
MIN 32 OR BELOW:   0    0.50 INCH OR MORE:   1
MIN  0 OR BELOW:   0    1.00 INCH OR MORE:   0

[HDD (BASE 65) ]
TOTAL THIS MO.    84    CLEAR  (SCALE 0-3)   5
DPTR FM NORMAL  -168    PTCLDY (SCALE 4-7)   8
TOTAL FM JUL 1   198    CLOUDY (SCALE 8-10)  7
DPTR FM NORMAL  -237

[CDD (BASE 65) ]
TOTAL THIS MO.    22
DPTR FM NORMAL    19    [PRESSURE DATA]
TOTAL FM JAN 1   658    HIGHEST SLP M ON M
DPTR FM NORMAL   117    LOWEST  SLP 29.67 ON  9

[REMARKS]
