000
CXUS53 KDDC 021603
CLAGCK


CLIMATE REPORT
NATIONAL WEATHER SERVICE DODGE CITY KS
958 AM CST TUE JAN 2 2018

...................................

...THE GARDEN CITY REGIONAL ARPT KS CLIMATE SUMMARY FOR THE YEAR OF 2017...

CLIMATE NORMAL PERIOD 1981 TO 2010
CLIMATE RECORD PERIOD 1948 TO 2018

WEATHER         OBSERVED          NORMAL  DEPART  LAST YEAR`S
                 VALUE   DATE(S)  VALUE   FROM    VALUE  DATE(S)
                                          NORMAL
................................................................
TEMPERATURE (F)
RECORD
 HIGH             110   06/08/1985
                        07/11/1954
                        06/24/1953
 LOW              -22   03/11/1948
HIGHEST           104   06/17        MM      MM      100  10/17
                        06/11                             07/22
LOWEST             -4   01/07        MM      MM      -19  12/18
AVG. MAXIMUM     70.3              67.9     2.4     71.0
AVG. MINIMUM     41.3              40.7     0.6     41.6
MEAN             55.8              54.3     1.5     56.3
DAYS MAX >= 90     57              59.2    -2.2       68
DAYS MAX <= 32     14              19.0    -5.0       12
DAYS MIN <= 32    128             136.6    -8.6      124
DAYS MIN <= 0       4               3.9     0.1        4

PRECIPITATION (INCHES)
RECORD
 MAXIMUM        30.75   1969
 MINIMUM         9.23   2011
TOTALS          20.57             19.47    1.10    20.39
DAYS >= .01        66              72.0    -6.0       52
DAYS >= .10        36              39.3    -3.3       32
DAYS >= .50        14              12.6     1.4       14
DAYS >= 1.00        5               4.1     0.9        7
GREATEST
 24 HR. TOTAL    1.96   09/25 TO 09/25

DEGREE_DAYS
HEATING TOTAL    4576              5207    -631     4523
 SINCE 7/1       1974              2123    -149     1829
COOLING TOTAL    1373              1300      73     1433
 SINCE 1/1       1373              1298      75     1433

FREEZE DATES
.................................................................

WIND (MPH)
AVERAGE WIND SPEED              12.0
HIGHEST WIND SPEED/DIRECTION    51/240    DATE  03/23
HIGHEST GUST SPEED/DIRECTION    68/320    DATE  06/21


WEATHER CONDITIONS. NUMBER OF DAYS WITH
THUNDERSTORM             47     MIXED PRECIP               0
HEAVY RAIN               18     RAIN                      37
LIGHT RAIN               68     FREEZING RAIN              3
LT FREEZING RAIN          3     HAIL                       0
HEAVY SNOW                2     SNOW                       3
LIGHT SNOW               10     SLEET                      0
FOG                     110     FOG W/VIS <= 1/4 MILE     16
HAZE                     49

-  INDICATES NEGATIVE NUMBERS.
R  INDICATES RECORD WAS SET OR TIED.
MM INDICATES DATA IS MISSING.
T  INDICATES TRACE AMOUNT.

$$
