000
CXUS56 KMFR 011421
CLAMFR

MFRCLMMFR 000
TTAA00 KMFR 011112


CLIMATE REPORT
NATIONAL WEATHER SERVICE MEDFORD, OR
620 AM PST WED JAN 1 2014

...................................

...THE MEDFORD OR CLIMATE SUMMARY FOR THE YEAR OF 2013...

CLIMATE NORMAL PERIOD 1981 TO 2010
CLIMATE RECORD PERIOD 1911 TO 2013

WEATHER         OBSERVED          NORMAL  DEPART  LAST YEAR`S
                 VALUE   DATE(S)  VALUE   FROM    VALUE  DATE(S)
                                          NORMAL
................................................................
TEMPERATURE (F)
RECORD
 HIGH             115   07/20/1946
 LOW              -10   12/13/1919
HIGHEST           106   07/25                        107  08/04
LOWEST             18   01/14                         18  01/12
AVG. MAXIMUM     71.2              68.0     3.2     68.2
AVG. MINIMUM     44.8              43.2     1.6     43.7
MEAN             58.0              55.6     2.4     55.9
DAYS MAX >= 90     66              53.9    12.1       66
DAYS MAX <= 32      2               0.6     1.4        0
DAYS MIN <= 32     45              55.1   -10.1       68
DAYS MIN <= 0       0               0.0     0.0        0

PRECIPITATION (INCHES)
RECORD
 MAXIMUM        31.41   1996
 MINIMUM        10.42   1959
TOTALS           8.99R            18.35   -9.36    26.87
DAILY AVG.       0.02              0.05   -0.03     0.07
DAYS >= .01        69             102.6   -33.6      130
DAYS >= .10        25              50.9   -25.9       66
DAYS >= .50         4               8.1    -4.1       17
DAYS >= 1.00        0               1.6    -1.6        3
GREATEST
 24 HR. TOTAL    0.98   MM

SNOWFALL (INCHES)
RECORDS
 TOTAL           24.1   1930
TOTALS            3.9               4.1    -0.2      3.8
SINCE 7/1         3.4               1.7     1.7      1.2
DAYS >= TRACE      19               5.1    13.9       19
DAYS >= 1.0         1               1.6    -0.6        1

DEGREE_DAYS
HEATING TOTAL    3060              4250   -1190     4182
 SINCE 7/1         MM              1766      MM       MM
COOLING TOTAL    1057               828     229      960
 SINCE 1/1       1057               829     228      960

FREEZE DATES
.................................................................

WIND (MPH)
AVERAGE WIND SPEED              3.2
HIGHEST WIND SPEED/DIRECTION    31/210    DATE  09/28
HIGHEST GUST SPEED/DIRECTION    45/200    DATE  09/28

SKY COVER
POSSIBLE SUNSHINE (PERCENT)   MM
AVERAGE SKY COVER           0.40
NUMBER OF DAYS FAIR          170
NUMBER OF DAYS PC             71
NUMBER OF DAYS CLOUDY         62

AVERAGE RH (PERCENT)     60

WEATHER CONDITIONS. NUMBER OF DAYS WITH
THUNDERSTORM              0     MIXED PRECIP               0
HEAVY RAIN                9     RAIN                      19
LIGHT RAIN               78     FREEZING RAIN              0
LT FREEZING RAIN          0     HAIL                       0
HEAVY SNOW                0     SNOW                       0
LIGHT SNOW                7     SLEET                      0
FOG                     102     FOG W/VIS <= 1/4 MILE     34
HAZE                     71

-  INDICATES NEGATIVE NUMBERS.
R  INDICATES RECORD WAS SET OR TIED.
MM INDICATES DATA IS MISSING.
T  INDICATES TRACE AMOUNT.

&&

...MEDFORD OREGON ANNUAL WEATHER REVIEW: 2013...

THE YEAR OF 2013 WAS THE DRIEST ON RECORD WITH ONLY 8.99 INCHES
OF PRECIPITATION; EASILY SURPASSING THE OLD RECORD OF 10.42 IN 1959.
ONLY TWO MONTHS HAD ABOVE NORMAL PRECIPITATION; AUGUST WITH 0.02
INCHES ABOVE NORMAL AND THE ONLY VERY WET MONTH OF THE YEAR; SEPTEMBER
WITH 2.19 INCHES ABOVE THE NORM. JANUARY AND FEBRUARY STARTED THE YEAR
WITH PERSISTENT HIGH PRESSURE AND BELOW NORMAL TEMPERATURES. TEMPERATURES
ROSE TO ABOVE NORMAL IN THE SPRING MONTHS AND STAYED THAT WAY THROUGH
THE SUMMER. THE FALL MONTHS ALL HAD BELOW NORMAL TEMPERATURES. DECEMBER
ENDED THE YEAR AS THE COLDEST DECEMBER SINCE RECORDS HAVE BEEN KEPT IN
MEDFORD (1911). MANY OTHER SITES AROUND THE AREA ALSO HAD THE DRIEST
CALENDAR YEAR AND THE COLDEST DECEMBER ON RECORD.

ALTHOUGH NO RAIN FELL AT MEDFORD, DURING THE SECOND HALF OF JULY
NUMEROUS LIGHTNING STRIKES AROUND THE AREA CAUSED FIRES THAT WERE HARD
TO CONTAIN. AS A RESULT, THE LATTER PART OF JULY AND ALL OF AUGUST SAW
SMOKY CONDITIONS IN THE ROGUE VALLEY. THE MUCH ABOVE NORMAL SEPTEMBER
RAINFALL FINALLY PUT AN END TO THESE CONDITIONS.

THE FIRST TWO DAYS OF DECEMBER WERE MILD; THEN AN ARCTIC FRONT BROUGHT
SNOW AND RECORD BREAKING LOW TEMPERATURES TO MOST OF SOUTHERN OREGON.
THE MONTH TURNED OUT TO BE THE COLDEST ON RECORD AT THE MEDFORD AIRPORT
WITH AN AVERAGE TEMPERATURE OF 31.3 DEGREES. THIS BROKE THE OLD RECORD
OF 31.5 IN 1972.

THE HIGHEST PRESSURE RECORDED DURING THE YEAR WAS 30.67 INCHES OF MERCURY
ON JANUARY 16TH. THE LOWEST PRESSURE WAS 29.53 INCHES ON MARCH 6TH.

RECORDS SET OR TIED IN 2013:

RECORD MAXIMUM TEMPERATURE:
65 ON FEB 15 TIED RECORD SET IN 1996

RECORD MINIMUM TEMPERATURE:
25 ON MAR 23 TIED RECORD SET IN 1933
18 ON DEC  4 BROKE OLD RECORD OF 19 IN 1959
14 ON DEC  5 BROKE OLD RECORD OF 18 IN 1972

RECORD HIGHEST MINIMUM TEMPERATURE:
50 ON MAR 28 TIED OLD RECORD SET IN 1934
46 ON MAR 29 TIED OLD RECORD SET IN 1940
52 ON MAR 31 BROKE OLD RECORD OF 50 IN 2007
56 ON MAY 10 BROKE OLD RECORD OF 52 IN 1936
60 ON MAY 11 BROKE OLD RECORD OF 54 IN 1941
69 ON JUL  1 BROKE OLD RECORD OF 64 IN 2006
70 ON JUL  2 BROKE OLD RECORD OF 66 IN 1987
72 ON JUL  3 BROKE OLD RECORD OF 67 IN 1967
72 ON JUL 24 TIED OLD RECORD SET IN 2006
68 ON AUG 21 BROKE OLD RECORD SET IN 2007
62 ON SEP 13 TIED OLD RECORD SET IN 2000
60 ON SEP 14 TIED OLD RECORD SET IN 1975

RECORD 24 HOUR RAINFALL:
0.79 ON SEP 29 BROKE OLD RECORD OF 0.72 IN 1944
0.24 ON SEP 30 BROKE OLD RECORD OF 0.22 IN 1951

RECORD 24 HOUR SNOWFALL:
3.2 ON DEC 6 BROKE OLD RECORD OF 1.5 IN 1956

WARMEST AVERAGE MONTHLY TEMPERATURE:
78.9 IN JULY BROKE THE OLD RECORD OF 77.9 IN 2009

COLDEST AVERAGE MONTHLY TEMPERATURE:
31.3 IN DECEMBER BROKE THE OLD RECORD OF 31.5 IN 1972

LOWEST CALENDAR YEAR PRECIPITATION:
8.99 BROKE THE OLD RECORD OF 10.42 IN 1959

$$

GLASER







$$
