195
CXUS51 KALY 011027 RRA
CLAPSF

CLIMATE REPORT
NATIONAL WEATHER SERVICE ALBANY NY
520 AM EST MON JAN 1 2018

...................................

...THE PITTSFIELD MA CLIMATE SUMMARY FOR THE YEAR OF 2017...

CLIMATE NORMAL PERIOD 1981 TO 2010
CLIMATE RECORD PERIOD 9999 TO 9999

WEATHER         OBSERVED          NORMAL  DEPART  LAST YEAR`S
                 VALUE   DATE(S)  VALUE   FROM    VALUE  DATE(S)
                                          NORMAL
................................................................
TEMPERATURE (F)
HIGHEST            89   06/12                         90  08/13
                        05/18                             07/22
LOWEST             -6   12/28                        -19  02/14
AVG. MAXIMUM     56.4              55.3     1.1     57.9
AVG. MINIMUM     37.5              35.4     2.1     37.0
MEAN             47.0              45.3     1.7     47.4
DAYS MAX >= 90      0               1.3    -1.3        2
DAYS MAX <= 32     47              56.2    -9.2       41
DAYS MIN <= 32    143             157.3   -14.3      149
DAYS MIN <= 0       6               9.2    -3.2        7

PRECIPITATION (INCHES)
TOTALS          41.64             45.38   -3.74    34.96
DAILY AVG.       0.11              0.12   -0.01     0.09
DAYS >= .01       150                                126
DAYS >= .10        96                                 76
DAYS >= .50        22                                 21
DAYS >= 1.00        8                                  7
GREATEST
 24 HR. TOTAL    2.09   10/29 TO 10/29

DEGREE_DAYS
HEATING TOTAL    6782              7461    -679     6640
 SINCE 7/1       2587              2838    -251     2585
COOLING TOTAL     351               291      60      432
 SINCE 1/1        351               290      61      432

FREEZE DATES
EARLIEST                        10/04
LATEST                          05/07
.................................................................

WIND (MPH)
AVERAGE WIND SPEED              6.8
HIGHEST WIND SPEED/DIRECTION    37/290    DATE  03/02
HIGHEST GUST SPEED/DIRECTION    50/280    DATE  11/19


WEATHER CONDITIONS. NUMBER OF DAYS WITH
THUNDERSTORM             24     MIXED PRECIP               0
HEAVY RAIN               28     RAIN                      60
LIGHT RAIN              141     FREEZING RAIN              3
LT FREEZING RAIN          9     HAIL                       0
HEAVY SNOW                5     SNOW                      15
LIGHT SNOW               67     SLEET                      0
FOG                     212     FOG W/VIS <= 1/4 MILE     63
HAZE                     51

-  INDICATES NEGATIVE NUMBERS.
R  INDICATES RECORD WAS SET OR TIED.
MM INDICATES DATA IS MISSING.
T  INDICATES TRACE AMOUNT.

$$
