000
CXUS56 KSGX 020636
CLASNA

CLIMATE REPORT
NATIONAL WEATHER SERVICE SAN DIEGO, CA
1005 PM PST WED JAN 1 2014

...................................

...THE JOHN WAYNE AIRPORT CA CLIMATE SUMMARY FOR THE YEAR OF 2013...

CLIMATE NORMAL PERIOD 1981 TO 2010
CLIMATE RECORD PERIOD 1999 TO 2013

WEATHER         OBSERVED          NORMAL  DEPART  LAST YEAR`S
                 VALUE   DATE(S)  VALUE   FROM    VALUE  DATE(S)
                                          NORMAL
................................................................
TEMPERATURE (F)
RECORD
 HIGH             110   09/27/2010
 LOW               33   01/14/2007
HIGHEST            98   08/30        72      26      102  09/15
LOWEST             35   01/12        55     -20       38  12/31
                                                          12/19
                                                          12/20
AVG. MAXIMUM     73.6              72.0     1.6     74.1
AVG. MINIMUM     56.4              55.9     0.5     57.5
MEAN             65.0              64.0     1.0     65.8
DAYS MAX >= 90     18               5.7    12.3       16
DAYS MAX >= 100     0                                  1
DAYS MIN <= 32      0               0.0     0.0        0

PRECIPITATION (INCHES)
RECORD
 MAXIMUM        24.52   2010
 MINIMUM         5.12   2002
TOTALS           2.96R            13.33  -10.37     6.89
DAILY AVG.       0.01              0.04   -0.03        T
DAYS >= .01        27                MM      MM       44
DAYS >= .10        12                MM      MM       21
DAYS >= .50         1                MM      MM        3
DAYS >= 1.00        0                MM      MM        0
DAYS >= 1.50        0                                  0
DAYS >= 2.00        0                                  0
GREATEST
 24 HR. TOTAL    0.61   MM                       12/31 TO 12/31
                                                          12/31 TO 12/31
                                                          12/31 TO 12/31
 STORM TOTAL       MM                                 MM
 (MM/DD(HH))            MM                    12/31(00) TO 12/31(00)
                                                 12/31(00) TO 12/31(00)1
                                                 12/31(00) TO 12/31(00)1

SNOWFALL (INCHES)
TOTALS            0.0

DEGREE_DAYS
HEATING TOTAL    1066              1251    -185      953
 SINCE 7/1        269               432    -163      299
COOLING TOTAL    1167               877     290     1340
 SINCE 1/1       1167               877     290     1340
..................................................

WIND (MPH)
AVERAGE WIND SPEED              4.5
HIGHEST WIND SPEED/DIRECTION    28/050    DATE  02/24
HIGHEST GUST SPEED/DIRECTION    43/030    DATE  02/24

SKY COVER
POSSIBLE SUNSHINE (PERCENT)   MM
AVERAGE SKY COVER           0.40
NUMBER OF DAYS FAIR          148
NUMBER OF DAYS PC            168
NUMBER OF DAYS CLOUDY         49

AVERAGE RH (PERCENT)     62

WEATHER CONDITIONS. NUMBER OF DAYS WITH
THUNDERSTORM              0     MIXED PRECIP               0
HEAVY RAIN                1     RAIN                       7
LIGHT RAIN               36     FREEZING RAIN              0
LT FREEZING RAIN          0     HAIL                       0
HEAVY SNOW                0     SNOW                       0
LIGHT SNOW                0     SLEET                      0
FOG                      94     FOG W/VIS <= 1/4 MILE     13
HAZE                    122

-  INDICATES NEGATIVE NUMBERS.
R  INDICATES RECORD WAS SET OR TIED.
MM INDICATES DATA IS MISSING.
T  INDICATES TRACE AMOUNT.

$$
