000
CXUS53 KEAX 021606 RRA
CLASTJ

CLIMATE REPORT
NATIONAL WEATHER SERVICE KANSAS CITY/PLEASANT HILL MO
1001 AM CST TUE JAN 2 2018

...................................

...THE ST. JOSEPH MO CLIMATE SUMMARY FOR THE YEAR OF 2017...

CLIMATE NORMAL PERIOD 1981 TO 2010
CLIMATE RECORD PERIOD 1892 TO 2018

WEATHER         OBSERVED          NORMAL  DEPART
                 VALUE   DATE(S)  VALUE   FROM
                                          NORMAL
................................................
TEMPERATURE (F)
RECORD
 HIGH             110   08/13/1936
                        08/10/1934
 LOW              -25   01/12/1974
HIGHEST            96   07/22        98      -2
                        06/05
LOWEST             -8   12/31        -3      -5
AVG. MAXIMUM     66.8              64.3     2.5
AVG. MINIMUM     43.6              42.4     1.2
MEAN             55.2              53.4     1.8
DAYS MAX >= 90     37              38.9    -1.9
DAYS MAX <= 32     19              30.3   -11.3
DAYS MIN <= 32    112             124.5   -12.5
DAYS MIN <= 0       4               8.7    -4.7

PRECIPITATION (INCHES)
RECORD
 MAXIMUM        55.60   1973
 MINIMUM        18.26   2002
TOTALS          26.00             35.60   -9.60
DAILY AVG.       0.07              0.10   -0.03
DAYS >= .01        85              91.6    -6.6
DAYS >= .10        51              54.5    -3.5
DAYS >= .50        16              23.0    -7.0
DAYS >= 1.00        5               9.2    -4.2
GREATEST
 24 HR. TOTAL    1.88   MM

DEGREE_DAYS
HEATING TOTAL    4509              5458    -949
COOLING TOTAL    1271              1221      50
.................................................

WIND (MPH)
AVERAGE WIND SPEED              8.8
HIGHEST WIND SPEED/DIRECTION    48/340    DATE  06/16
HIGHEST GUST SPEED/DIRECTION    76/320    DATE  06/16

SKY COVER
POSSIBLE SUNSHINE (PERCENT)    0
AVERAGE SKY COVER           0.30
NUMBER OF DAYS FAIR          223
NUMBER OF DAYS PC             89
NUMBER OF DAYS CLOUDY         53

AVERAGE RH (PERCENT)     70

WEATHER CONDITIONS. NUMBER OF DAYS WITH
THUNDERSTORM             49     MIXED PRECIP               0
HEAVY RAIN               32     RAIN                      45
LIGHT RAIN              111     FREEZING RAIN              0
LT FREEZING RAIN          2     HAIL                       0
HEAVY SNOW                0     SNOW                       0
LIGHT SNOW               11     SLEET                      0
FOG                     176     FOG W/VIS <= 1/4 MILE     54
HAZE                     40

-  INDICATES NEGATIVE NUMBERS.
R  INDICATES RECORD WAS SET OR TIED.
MM INDICATES DATA IS MISSING.
T  INDICATES TRACE AMOUNT.

$$
