000
CDUS41 KBTV 250620
CLI1V4


CLIMATE REPORT
NATIONAL WEATHER SERVICE BURLINGTON VT
120 AM EST THU DEC 25 2014


...................................

...THE ST. JOHNSBURY VT CLIMATE SUMMARY FOR DECEMBER 24 2014...

CLIMATE NORMAL PERIOD 1981 TO 2010
CLIMATE RECORD PERIOD 1894 TO 2014


WEATHER ITEM   OBSERVED TIME   RECORD YEAR NORMAL DEPARTURE LAST
                VALUE   (LST)  VALUE       VALUE  FROM      YEAR
                                                  NORMAL
..................................................................
TEMPERATURE (F)
 YESTERDAY
  MAXIMUM         38    247 PM  50    1957  29      9       30
  MINIMUM         34    908 AM -28    1943  11     23        6
  AVERAGE         36                        20     16       18

PRECIPITATION (IN)
  YESTERDAY        0.54          0.92 1913   0.09   0.45     0.00
  MONTH TO DATE    3.82                      2.44   1.38     2.94
  SINCE DEC 1      3.82                      2.44   1.38     2.94
  SINCE JAN 1     40.25                     38.86   1.39    36.74

DEGREE DAYS
 HEATING
  YESTERDAY       29                        45    -16       47
  MONTH TO DATE  894                       976    -82     1023
  SINCE DEC 1    894                       976    -82     1023
  SINCE JUL 1   2546                      2632    -86     2822

 COOLING
  YESTERDAY        0                         0      0        0
  MONTH TO DATE    0                         0      0        0
  SINCE DEC 1      0                         0      0        0
  SINCE JAN 1    252                       433   -181      407
..................................................................


WIND (MPH)
  HIGHEST WIND SPEED    MM   HIGHEST WIND DIRECTION    MM
  HIGHEST GUST SPEED    MM   HIGHEST GUST DIRECTION    MM
  AVERAGE WIND SPEED    MM


SKY COVER
  AVERAGE SKY COVER 0.0


WEATHER CONDITIONS
 THE FOLLOWING WEATHER WAS RECORDED YESTERDAY.
  NO SIGNIFICANT WEATHER WAS OBSERVED.


RELATIVE HUMIDITY (PERCENT)
 HIGHEST   100          1200 AM
 LOWEST     92           900 AM
 AVERAGE    96

..........................................................


THE ST. JOHNSBURY VT CLIMATE NORMALS FOR TODAY
                         NORMAL    RECORD    YEAR
 MAXIMUM TEMPERATURE (F)   29        54      1964
 MINIMUM TEMPERATURE (F)   11       -22      1980


SUNRISE AND SUNSET
DECEMBER 25 2014......SUNRISE   723 AM EST   SUNSET   414 PM EST
DECEMBER 26 2014......SUNRISE   723 AM EST   SUNSET   414 PM EST


-  INDICATES NEGATIVE NUMBERS.
R  INDICATES RECORD WAS SET OR TIED.
MM INDICATES DATA IS MISSING.
T  INDICATES TRACE AMOUNT.




$$
