000
CDUS41 KBTV 280534
CLI1V4


CLIMATE REPORT
NATIONAL WEATHER SERVICE BURLINGTON VT
133 AM EDT THU AUG 28 2014


...................................

...THE ST. JOHNSBURY VT CLIMATE SUMMARY FOR AUGUST 27 2014...

CLIMATE NORMAL PERIOD 1981 TO 2010
CLIMATE RECORD PERIOD 1894 TO 2014


WEATHER ITEM   OBSERVED TIME   RECORD YEAR NORMAL DEPARTURE LAST
                VALUE   (LST)  VALUE       VALUE  FROM      YEAR
                                                  NORMAL
..................................................................
TEMPERATURE (F)
 YESTERDAY
  MAXIMUM         83    334 PM  93    1952  77      6       84
  MINIMUM         58    449 AM  35    1894  55      3       64
  AVERAGE         71                        66      5       74

PRECIPITATION (IN)
  YESTERDAY        0.00          2.70 1906   0.11  -0.11     0.00
  MONTH TO DATE    1.70                      3.82  -2.12     1.56
  SINCE JUN 1     11.66                     11.95  -0.29    11.62
  SINCE JAN 1     27.36                     25.36   2.00    24.00

DEGREE DAYS
 HEATING
  YESTERDAY        0                         2     -2        0
  MONTH TO DATE   35                        29      6       51
  SINCE JUN 1    122                       116      6      173
  SINCE JUL 1     53                        44      9       60

 COOLING
  YESTERDAY        6                         3      3        9
  MONTH TO DATE   55                       110    -55       48
  SINCE JUN 1    213                       369   -156      320
  SINCE JAN 1    217                       387   -170      336
..................................................................


WIND (MPH)
  HIGHEST WIND SPEED    MM   HIGHEST WIND DIRECTION    MM
  HIGHEST GUST SPEED    MM   HIGHEST GUST DIRECTION    MM
  AVERAGE WIND SPEED    MM


SKY COVER
  AVERAGE SKY COVER 0.0


WEATHER CONDITIONS
 THE FOLLOWING WEATHER WAS RECORDED YESTERDAY.
  NO SIGNIFICANT WEATHER WAS OBSERVED.


RELATIVE HUMIDITY (PERCENT)
 HIGHEST    97          1200 AM
 LOWEST     47           200 PM
 AVERAGE    72

..........................................................


THE ST. JOHNSBURY VT CLIMATE NORMALS FOR TODAY
                         NORMAL    RECORD    YEAR
 MAXIMUM TEMPERATURE (F)   77        95      1952
 MINIMUM TEMPERATURE (F)   55        36      1957


SUNRISE AND SUNSET
AUGUST 28 2014........SUNRISE   606 AM EDT   SUNSET   732 PM EDT
AUGUST 29 2014........SUNRISE   607 AM EDT   SUNSET   730 PM EDT


-  INDICATES NEGATIVE NUMBERS.
R  INDICATES RECORD WAS SET OR TIED.
MM INDICATES DATA IS MISSING.
T  INDICATES TRACE AMOUNT.




$$
