000
CDUS41 KBTV 220533
CLI1V4


CLIMATE REPORT
NATIONAL WEATHER SERVICE BURLINGTON VT
130 AM EDT MON SEP 22 2014


...................................

...THE ST. JOHNSBURY VT CLIMATE SUMMARY FOR SEPTEMBER 21 2014...

CLIMATE NORMAL PERIOD 1981 TO 2010
CLIMATE RECORD PERIOD 1894 TO 2014


WEATHER ITEM   OBSERVED TIME   RECORD YEAR NORMAL DEPARTURE LAST
                VALUE   (LST)  VALUE       VALUE  FROM      YEAR
                                                  NORMAL
..................................................................
TEMPERATURE (F)
 YESTERDAY
  MAXIMUM         77        MM  87    1965  69      8       74
  MINIMUM         53        MM  26    1929  47      6       50
  AVERAGE         65                        58      7       62

PRECIPITATION (IN)
  YESTERDAY        0.19          2.26 1938   0.12   0.07     0.01
  MONTH TO DATE    1.30                      2.24  -0.94     3.06
  SINCE SEP 1      1.30                      2.24  -0.94     3.06
  SINCE JAN 1     28.74                     28.00   0.74    28.03

DEGREE DAYS
 HEATING
  YESTERDAY        0                         8     -8        3
  MONTH TO DATE  178                        98     80      155
  SINCE SEP 1    178                        98     80      155
  SINCE JUL 1    235                       148     87      215

 COOLING
  YESTERDAY        0                         1     -1        0
  MONTH TO DATE   26                        32     -6       40
  SINCE SEP 1     26                        32     -6       40
  SINCE JAN 1    245                       430   -185      407
..................................................................


WIND (MPH)
  HIGHEST WIND SPEED    MM   HIGHEST WIND DIRECTION    MM
  HIGHEST GUST SPEED    MM   HIGHEST GUST DIRECTION    MM
  AVERAGE WIND SPEED    MM


SKY COVER
  AVERAGE SKY COVER 0.0


WEATHER CONDITIONS
 THE FOLLOWING WEATHER WAS RECORDED YESTERDAY.
  NO SIGNIFICANT WEATHER WAS OBSERVED.


RELATIVE HUMIDITY (PERCENT)
 HIGHEST    93           500 AM
 LOWEST     54           100 PM
 AVERAGE    74

..........................................................


THE ST. JOHNSBURY VT CLIMATE NORMALS FOR TODAY
                         NORMAL    RECORD    YEAR
 MAXIMUM TEMPERATURE (F)   68        90      1957
 MINIMUM TEMPERATURE (F)   47        27      1904


SUNRISE AND SUNSET
SEPTEMBER 22 2014.....SUNRISE   635 AM EDT   SUNSET   646 PM EDT
SEPTEMBER 23 2014.....SUNRISE   636 AM EDT   SUNSET   644 PM EDT


-  INDICATES NEGATIVE NUMBERS.
R  INDICATES RECORD WAS SET OR TIED.
MM INDICATES DATA IS MISSING.
T  INDICATES TRACE AMOUNT.




$$
