000
CDUS41 KBTV 240523
CLI1V4


CLIMATE REPORT
NATIONAL WEATHER SERVICE BURLINGTON VT
120 AM EDT SAT JUN 24 2017


...................................

...THE ST. JOHNSBURY VT CLIMATE SUMMARY FOR JUNE 23 2017...

CLIMATE NORMAL PERIOD 1981 TO 2010
CLIMATE RECORD PERIOD 1894 TO 2017


WEATHER ITEM   OBSERVED TIME   RECORD YEAR NORMAL DEPARTURE LAST
                VALUE   (LST)  VALUE       VALUE  FROM      YEAR
                                                  NORMAL
..................................................................
TEMPERATURE (F)
 YESTERDAY
  MAXIMUM         82        MM  94    1975  79      3       76
  MINIMUM         58        MM  34    1940  56      2       50
  AVERAGE         70                        68      2       63

PRECIPITATION (IN)
  YESTERDAY        1.07          1.62 1990   0.13   0.94     0.00
  MONTH TO DATE    3.59                      3.05   0.54     2.04
  SINCE JUN 1      3.59                      3.05   0.54     2.04
  SINCE JAN 1     20.49                     16.46   4.03    14.62

DEGREE DAYS
 HEATING
  YESTERDAY        0                         1     -1        2
  MONTH TO DATE   86                        65     21       89
  SINCE JUN 1     86                        65     21       89
  SINCE JUL 1   7260                      7769   -509     6926

 COOLING
  YESTERDAY        5                         4      1        0
  MONTH TO DATE   63                        59      4       30
  SINCE JUN 1     63                        59      4       30
  SINCE JAN 1     76                        77     -1       73
..................................................................


WIND (MPH)
  HIGHEST WIND SPEED    MM   HIGHEST WIND DIRECTION    MM
  HIGHEST GUST SPEED    MM   HIGHEST GUST DIRECTION    MM
  AVERAGE WIND SPEED    MM


SKY COVER
  AVERAGE SKY COVER 0.0


WEATHER CONDITIONS
 THE FOLLOWING WEATHER WAS RECORDED YESTERDAY.
  NO SIGNIFICANT WEATHER WAS OBSERVED.


RELATIVE HUMIDITY (PERCENT)
 HIGHEST   100           300 AM
 LOWEST     69           200 PM
 AVERAGE    85

..........................................................


THE ST. JOHNSBURY VT CLIMATE NORMALS FOR TODAY
                         NORMAL    RECORD    YEAR
 MAXIMUM TEMPERATURE (F)   79        94      2003
 MINIMUM TEMPERATURE (F)   57        37      1925


SUNRISE AND SUNSET
JUNE 24 2017..........SUNRISE   505 AM EDT   SUNSET   837 PM EDT
JUNE 25 2017..........SUNRISE   505 AM EDT   SUNSET   837 PM EDT


-  INDICATES NEGATIVE NUMBERS.
R  INDICATES RECORD WAS SET OR TIED.
MM INDICATES DATA IS MISSING.
T  INDICATES TRACE AMOUNT.




$$
