000
CDUS41 KBTV 260530
CLI1V4


CLIMATE REPORT
NATIONAL WEATHER SERVICE BURLINGTON VT
129 AM EDT THU MAR 26 2015


...................................

...THE ST. JOHNSBURY VT CLIMATE SUMMARY FOR MARCH 25 2015...

CLIMATE NORMAL PERIOD 1981 TO 2010
CLIMATE RECORD PERIOD 1894 TO 2015


WEATHER ITEM   OBSERVED TIME   RECORD YEAR NORMAL DEPARTURE LAST
                VALUE   (LST)  VALUE       VALUE  FROM      YEAR
                                                  NORMAL
..................................................................
TEMPERATURE (F)
 YESTERDAY
  MAXIMUM         49        MM  70    1987  45      4       30
  MINIMUM         10        MM -15    1911  24    -14       -8
  AVERAGE         30                        34     -4       11

PRECIPITATION (IN)
  YESTERDAY        0.00          1.40 1905   0.08  -0.08     0.00
  MONTH TO DATE    0.87                      1.99  -1.12     2.05
  SINCE MAR 1      0.87                      1.99  -1.12     2.05
  SINCE JAN 1      5.43                      6.67  -1.24     7.18

DEGREE DAYS
 HEATING
  YESTERDAY       35                        31      4       54
  MONTH TO DATE 1077                       902    175     1214
  SINCE MAR 1   1077                       902    175     1214
  SINCE JUL 1   7142                      6626    516     7246

 COOLING
  YESTERDAY        0                         0      0        0
  MONTH TO DATE    0                         0      0        0
  SINCE MAR 1      0                         0      0        0
  SINCE JAN 1      0                         0      0        0
..................................................................


WIND (MPH)
  HIGHEST WIND SPEED    MM   HIGHEST WIND DIRECTION    MM
  HIGHEST GUST SPEED    MM   HIGHEST GUST DIRECTION    MM
  AVERAGE WIND SPEED    MM


SKY COVER
  AVERAGE SKY COVER 0.0


WEATHER CONDITIONS
 THE FOLLOWING WEATHER WAS RECORDED YESTERDAY.
  NO SIGNIFICANT WEATHER WAS OBSERVED.


RELATIVE HUMIDITY (PERCENT)
 HIGHEST    84           400 AM
 LOWEST     24           300 PM
 AVERAGE    54

..........................................................


THE ST. JOHNSBURY VT CLIMATE NORMALS FOR TODAY
                         NORMAL    RECORD    YEAR
 MAXIMUM TEMPERATURE (F)   46        72      1945
 MINIMUM TEMPERATURE (F)   24       -11      1960


SUNRISE AND SUNSET
MARCH 26 2015.........SUNRISE   641 AM EDT   SUNSET   708 PM EDT
MARCH 27 2015.........SUNRISE   639 AM EDT   SUNSET   709 PM EDT


-  INDICATES NEGATIVE NUMBERS.
R  INDICATES RECORD WAS SET OR TIED.
MM INDICATES DATA IS MISSING.
T  INDICATES TRACE AMOUNT.




$$
