000
CDUS41 KBTV 310600
CLI1V4


CLIMATE REPORT
NATIONAL WEATHER SERVICE BURLINGTON VT
1256 AM EST SAT JAN 31 2015


...................................

...THE ST. JOHNSBURY VT CLIMATE SUMMARY FOR JANUARY 30 2015...

CLIMATE NORMAL PERIOD 1981 TO 2010
CLIMATE RECORD PERIOD 1894 TO 2015


WEATHER ITEM   OBSERVED TIME   RECORD YEAR NORMAL DEPARTURE LAST
                VALUE   (LST)  VALUE       VALUE  FROM      YEAR
                                                  NORMAL
..................................................................
TEMPERATURE (F)
 YESTERDAY
  MAXIMUM         29        MM  50    2013  28      1       24
                                      1906
  MINIMUM         10        MM -30    1915   6      4        3
  AVERAGE         20                        17      3       14

PRECIPITATION (IN)
  YESTERDAY        0.23          0.88 1990   0.08   0.15     0.00
  MONTH TO DATE    2.82                      2.43   0.39     1.94
  SINCE DEC 1      6.71                      5.51   1.20     5.38
  SINCE JAN 1      2.82                      2.43   0.39     1.94

DEGREE DAYS
 HEATING
  YESTERDAY       45                        48     -3       51
  MONTH TO DATE 1564                      1451    113     1479
  SINCE DEC 1   2712                      2748    -36     2835
  SINCE JUL 1   4364                      4404    -40     4634

 COOLING
  YESTERDAY        0                         0      0        0
  MONTH TO DATE    0                         0      0        0
  SINCE DEC 1      0                         0      0        0
  SINCE JAN 1      0                         0      0        0
..................................................................


WIND (MPH)
  HIGHEST WIND SPEED    MM   HIGHEST WIND DIRECTION    MM
  HIGHEST GUST SPEED    MM   HIGHEST GUST DIRECTION    MM
  AVERAGE WIND SPEED    MM


SKY COVER
  AVERAGE SKY COVER 0.0


WEATHER CONDITIONS
 THE FOLLOWING WEATHER WAS RECORDED YESTERDAY.
  NO SIGNIFICANT WEATHER WAS OBSERVED.


RELATIVE HUMIDITY (PERCENT)
 HIGHEST    92           600 AM
 LOWEST     66          1100 PM
 AVERAGE    79

..........................................................


THE ST. JOHNSBURY VT CLIMATE NORMALS FOR TODAY
                         NORMAL    RECORD    YEAR
 MAXIMUM TEMPERATURE (F)   28        56      1988
 MINIMUM TEMPERATURE (F)    6       -33      1934


SUNRISE AND SUNSET
JANUARY 31 2015.......SUNRISE   708 AM EST   SUNSET   456 PM EST
FEBRUARY  1 2015......SUNRISE   707 AM EST   SUNSET   457 PM EST


-  INDICATES NEGATIVE NUMBERS.
R  INDICATES RECORD WAS SET OR TIED.
MM INDICATES DATA IS MISSING.
T  INDICATES TRACE AMOUNT.




$$
