000
CDUS41 KBTV 160536
CLI1V4


CLIMATE REPORT
NATIONAL WEATHER SERVICE BURLINGTON VT
1234 AM EST SAT DEC 16 2017


...................................

...THE ST. JOHNSBURY VT CLIMATE SUMMARY FOR DECEMBER 15 2017...

CLIMATE NORMAL PERIOD 1981 TO 2010
CLIMATE RECORD PERIOD 1894 TO 2017


WEATHER ITEM   OBSERVED TIME   RECORD YEAR NORMAL DEPARTURE LAST
                VALUE   (LST)  VALUE       VALUE  FROM      YEAR
                                                  NORMAL
..................................................................
TEMPERATURE (F)
 YESTERDAY
  MAXIMUM         18        MM  61    1901  32    -14       19
  MINIMUM        -12        MM -19    1905  15    -27       -3
  AVERAGE          3                        23    -20        8

PRECIPITATION (IN)
  YESTERDAY        0.00          0.96 1897   0.10  -0.10     0.03
  MONTH TO DATE    1.18                      1.59  -0.41     1.52
  SINCE DEC 1      1.18                      1.59  -0.41     1.52
  SINCE JAN 1     40.91                     38.01   2.90    37.62

DEGREE DAYS
 HEATING
  YESTERDAY       62                        42     20       57
  MONTH TO DATE  584                       583      1      569
  SINCE DEC 1    584                       583      1      569
  SINCE JUL 1   2057                      2239   -182     2029

 COOLING
  YESTERDAY        0                         0      0        0
  MONTH TO DATE    0                         0      0        0
  SINCE DEC 1      0                         0      0        0
  SINCE JAN 1    331                       433   -102      457
..................................................................


WIND (MPH)
  HIGHEST WIND SPEED    MM   HIGHEST WIND DIRECTION    MM
  HIGHEST GUST SPEED    MM   HIGHEST GUST DIRECTION    MM
  AVERAGE WIND SPEED    MM


SKY COVER
  AVERAGE SKY COVER 0.0


WEATHER CONDITIONS
 THE FOLLOWING WEATHER WAS RECORDED YESTERDAY.
  NO SIGNIFICANT WEATHER WAS OBSERVED.


RELATIVE HUMIDITY (PERCENT)
 HIGHEST    95          1100 AM
 LOWEST     61           200 PM
 AVERAGE    78

..........................................................


THE ST. JOHNSBURY VT CLIMATE NORMALS FOR TODAY
                         NORMAL    RECORD    YEAR
 MAXIMUM TEMPERATURE (F)   31        48      1975
                                             1971
 MINIMUM TEMPERATURE (F)   14       -29      1917


SUNRISE AND SUNSET
DECEMBER 16 2017......SUNRISE   718 AM EST   SUNSET   409 PM EST
DECEMBER 17 2017......SUNRISE   719 AM EST   SUNSET   410 PM EST


-  INDICATES NEGATIVE NUMBERS.
R  INDICATES RECORD WAS SET OR TIED.
MM INDICATES DATA IS MISSING.
T  INDICATES TRACE AMOUNT.




$$
