000
CDUS41 KBTV 120529
CLI1V4


CLIMATE REPORT
NATIONAL WEATHER SERVICE BURLINGTON VT
124 AM EDT SAT JUL 12 2014


...................................

...THE ST. JOHNSBURY VT CLIMATE SUMMARY FOR JULY 11 2014...

CLIMATE NORMAL PERIOD 1981 TO 2010
CLIMATE RECORD PERIOD 1894 TO 2014


WEATHER ITEM   OBSERVED TIME   RECORD YEAR NORMAL DEPARTURE LAST
                VALUE   (LST)  VALUE       VALUE  FROM      YEAR
                                                  NORMAL
..................................................................
TEMPERATURE (F)
 YESTERDAY
  MAXIMUM         77        MM  96    1912  81     -4       81
  MINIMUM         49        MM  42    1895  59    -10       59
  AVERAGE         63                        70     -7       70

PRECIPITATION (IN)
  YESTERDAY        0.00          1.16 2007   0.13  -0.13     0.04
  MONTH TO DATE    2.51                      1.40   1.11     3.43
  SINCE JUN 1      5.78                      5.41   0.37     7.90
  SINCE JAN 1     21.48                     18.82   2.66    20.28

DEGREE DAYS
 COOLING
  YESTERDAY        0                         6     -6        5
  MONTH TO DATE   65                        60      5       82
  SINCE JUN 1    112                       150    -38      162
  SINCE JAN 1    116                       168    -52      178
..................................................................


WIND (MPH)
  HIGHEST WIND SPEED    MM   HIGHEST WIND DIRECTION    MM
  HIGHEST GUST SPEED    MM   HIGHEST GUST DIRECTION    MM
  AVERAGE WIND SPEED    MM


SKY COVER
  AVERAGE SKY COVER 0.0


WEATHER CONDITIONS
 THE FOLLOWING WEATHER WAS RECORDED YESTERDAY.
  NO SIGNIFICANT WEATHER WAS OBSERVED.


RELATIVE HUMIDITY (PERCENT)
 HIGHEST    96           100 AM
 LOWEST     36           300 PM
 AVERAGE    66

..........................................................


THE ST. JOHNSBURY VT CLIMATE NORMALS FOR TODAY
                         NORMAL    RECORD    YEAR
 MAXIMUM TEMPERATURE (F)   82        94      1987
 MINIMUM TEMPERATURE (F)   59        36      1898


SUNRISE AND SUNSET
JULY 12 2014..........SUNRISE   515 AM EDT   SUNSET   832 PM EDT
JULY 13 2014..........SUNRISE   516 AM EDT   SUNSET   831 PM EDT


-  INDICATES NEGATIVE NUMBERS.
R  INDICATES RECORD WAS SET OR TIED.
MM INDICATES DATA IS MISSING.
T  INDICATES TRACE AMOUNT.




$$
