000
CDUS41 KBTV 260713
CLI1V4


CLIMATE REPORT
NATIONAL WEATHER SERVICE BURLINGTON VT
308 AM EDT SUN MAR 26 2017


...................................

...THE ST. JOHNSBURY VT CLIMATE SUMMARY FOR MARCH 25 2017...

CLIMATE NORMAL PERIOD 1981 TO 2010
CLIMATE RECORD PERIOD 1894 TO 2017


WEATHER ITEM   OBSERVED TIME   RECORD YEAR NORMAL DEPARTURE LAST
                VALUE   (LST)  VALUE       VALUE  FROM      YEAR
                                                  NORMAL
..................................................................
TEMPERATURE (F)
 YESTERDAY
  MAXIMUM         39        MM  70    1987  45     -6       41
  MINIMUM         20        MM -15    1911  24     -4       32
  AVERAGE         30                        34     -4       37

PRECIPITATION (IN)
  YESTERDAY        0.00          1.40 1905   0.08  -0.08     0.20
  MONTH TO DATE    2.49                      1.99   0.50     2.04
  SINCE MAR 1      2.49                      1.99   0.50     2.04
  SINCE JAN 1      8.23                      6.67   1.56     6.78

DEGREE DAYS
 HEATING
  YESTERDAY       35                        31      4       28
  MONTH TO DATE 1063                       902    161      782
  SINCE MAR 1   1063                       902    161      782
  SINCE JUL 1   6076                      6626   -550     5667

 COOLING
  YESTERDAY        0                         0      0        0
  MONTH TO DATE    0                         0      0        0
  SINCE MAR 1      0                         0      0        0
  SINCE JAN 1      0                         0      0        0
..................................................................


WIND (MPH)
  HIGHEST WIND SPEED    MM   HIGHEST WIND DIRECTION    MM
  HIGHEST GUST SPEED    MM   HIGHEST GUST DIRECTION    MM
  AVERAGE WIND SPEED    MM


SKY COVER
  AVERAGE SKY COVER 0.0


WEATHER CONDITIONS
 THE FOLLOWING WEATHER WAS RECORDED YESTERDAY.
  NO SIGNIFICANT WEATHER WAS OBSERVED.


RELATIVE HUMIDITY (PERCENT)
 HIGHEST   100          1200 AM
 LOWEST     54           500 PM
 AVERAGE    77

..........................................................


THE ST. JOHNSBURY VT CLIMATE NORMALS FOR TODAY
                         NORMAL    RECORD    YEAR
 MAXIMUM TEMPERATURE (F)   46        72      1945
 MINIMUM TEMPERATURE (F)   24       -11      1960


SUNRISE AND SUNSET
MARCH 26 2017.........SUNRISE   640 AM EDT   SUNSET   708 PM EDT
MARCH 27 2017.........SUNRISE   638 AM EDT   SUNSET   710 PM EDT


-  INDICATES NEGATIVE NUMBERS.
R  INDICATES RECORD WAS SET OR TIED.
MM INDICATES DATA IS MISSING.
T  INDICATES TRACE AMOUNT.




$$
