000
CDUS43 KUNR 210838
CLI2WX


CLIMATE REPORT
NATIONAL WEATHER SERVICE RAPID CITY SD
237 AM MDT FRI JUL 21 2017


...................................

...THE BUFFALO SD CLIMATE SUMMARY FOR JULY 20 2017...

CLIMATE NORMAL PERIOD 1981 TO 2010
CLIMATE RECORD PERIOD 9999 TO 9999


WEATHER ITEM   OBSERVED TIME   NORMAL DEPARTURE LAST
                VALUE   (LST)  VALUE  FROM      YEAR
                                      NORMAL
......................................................
TEMPERATURE (F)
 YESTERDAY
  MAXIMUM        100    321 PM  86     14      106
  MINIMUM         66    527 PM  58      8       67
  AVERAGE         83            72     11       87

PRECIPITATION (IN)
  YESTERDAY       MM             0.06  MM        0.00
  MONTH TO DATE    1.82          1.38   0.44     0.22
  SINCE JUN 1      2.69          4.01  -1.32     0.87
  SINCE JAN 1      9.36         10.05  -0.69     4.63

DEGREE DAYS
 HEATING
  YESTERDAY        0             1     -1        0
  MONTH TO DATE    0            20    -20        0
  SINCE JUN 1     33           134   -101        9
  SINCE JUL 1      0            20    -20        0

 COOLING
  YESTERDAY       18             7     11       22
  MONTH TO DATE  269           121    148      175
  SINCE JUN 1    366           183    183      357
  SINCE JAN 1    379           189    190      359
......................................................


WIND (MPH)
  HIGHEST WIND SPEED    43   HIGHEST WIND DIRECTION    NW (330)
  HIGHEST GUST SPEED    50   HIGHEST GUST DIRECTION     S (160)
  AVERAGE WIND SPEED    18.1




RELATIVE HUMIDITY (PERCENT)
 HIGHEST    87           600 PM
 LOWEST     23           300 PM
 AVERAGE    55

..........................................................




SUNRISE AND SUNSET
JULY 21 2017..........SUNRISE   526 AM MDT   SUNSET   835 PM MDT
JULY 22 2017..........SUNRISE   527 AM MDT   SUNSET   834 PM MDT


-  INDICATES NEGATIVE NUMBERS.
R  INDICATES RECORD WAS SET OR TIED.
MM INDICATES DATA IS MISSING.
T  INDICATES TRACE AMOUNT.




$$
