000
CDUS43 KUNR 300831
CLI2WX


CLIMATE REPORT
NATIONAL WEATHER SERVICE RAPID CITY SD
231 AM MDT TUE AUG 30 2016


...................................

...THE BUFFALO SD CLIMATE SUMMARY FOR AUGUST 29 2016...

CLIMATE NORMAL PERIOD 1981 TO 2010
CLIMATE RECORD PERIOD 9999 TO 9999


WEATHER ITEM   OBSERVED TIME   NORMAL DEPARTURE LAST
                VALUE   (LST)  VALUE  FROM      YEAR
                                      NORMAL
......................................................
TEMPERATURE (F)
 YESTERDAY
  MAXIMUM         84    359 PM  82      2       96
  MINIMUM         62   1159 PM  52     10       56
  AVERAGE         73            67      6       76

PRECIPITATION (IN)
  YESTERDAY        0.00          0.05  -0.05     0.00
  MONTH TO DATE    1.07          1.30  -0.23     3.22
  SINCE JUN 1      3.92          5.99  -2.07     6.16
  SINCE JAN 1      7.68         12.03  -4.35    10.72

DEGREE DAYS
 HEATING
  YESTERDAY        0             2     -2        0
  MONTH TO DATE   30            28      2       41
  SINCE JUN 1     39           162   -123       90
  SINCE JUL 1     30            48    -18       47

 COOLING
  YESTERDAY        8             4      4       11
  MONTH TO DATE  190           190      0      195
  SINCE JUN 1    672           459    213      520
  SINCE JAN 1    674           465    209      520
......................................................


WIND (MPH)
  HIGHEST WIND SPEED    23   HIGHEST WIND DIRECTION    NE (40)
  HIGHEST GUST SPEED    27   HIGHEST GUST DIRECTION    NE (30)
  AVERAGE WIND SPEED    13.7




RELATIVE HUMIDITY (PERCENT)
 HIGHEST    67           500 AM
 LOWEST     26           400 PM
 AVERAGE    47

..........................................................




SUNRISE AND SUNSET
AUGUST 30 2016........SUNRISE   614 AM MDT   SUNSET   735 PM MDT
AUGUST 31 2016........SUNRISE   615 AM MDT   SUNSET   733 PM MDT


-  INDICATES NEGATIVE NUMBERS.
R  INDICATES RECORD WAS SET OR TIED.
MM INDICATES DATA IS MISSING.
T  INDICATES TRACE AMOUNT.




$$
