000
CDUS43 KUNR 160832
CLI2WX


CLIMATE REPORT
NATIONAL WEATHER SERVICE RAPID CITY SD
131 AM MST MON JAN 16 2017


...................................

...THE BUFFALO SD CLIMATE SUMMARY FOR JANUARY 15 2017...

CLIMATE NORMAL PERIOD 1981 TO 2010
CLIMATE RECORD PERIOD 9999 TO 9999


WEATHER ITEM   OBSERVED TIME   NORMAL DEPARTURE LAST
                VALUE   (LST)  VALUE  FROM      YEAR
                                      NORMAL
......................................................
TEMPERATURE (F)
 YESTERDAY
  MAXIMUM         30    127 PM  31     -1       28
  MINIMUM          8    233 AM  10     -2       14
  AVERAGE         19            20     -1       21

PRECIPITATION (IN)
  YESTERDAY        0.00          0.01  -0.01     0.02
  MONTH TO DATE    0.00          0.14  -0.14     0.04
  SINCE DEC 1      1.17          0.43   0.74     0.50
  SINCE JAN 1      0.00          0.14  -0.14     0.04

DEGREE DAYS
 HEATING
  YESTERDAY       46            45      1       44
  MONTH TO DATE  914           675    239      649
  SINCE DEC 1   2469          2037    432     1838
  SINCE JUL 1   3759          3935   -176     3300

 COOLING
  YESTERDAY        0             0      0        0
  MONTH TO DATE    0             0      0        0
  SINCE DEC 1      0             0      0        0
  SINCE JAN 1      0             0      0        0
......................................................


WIND (MPH)
  HIGHEST WIND SPEED    12   HIGHEST WIND DIRECTION     W (260)
  HIGHEST GUST SPEED    14   HIGHEST GUST DIRECTION     W (270)
  AVERAGE WIND SPEED     4.8




RELATIVE HUMIDITY (PERCENT)
 HIGHEST    83           900 PM
 LOWEST     57          1100 PM
 AVERAGE    70

..........................................................




SUNRISE AND SUNSET
JANUARY 16 2017.......SUNRISE   730 AM MST   SUNSET   439 PM MST
JANUARY 17 2017.......SUNRISE   729 AM MST   SUNSET   440 PM MST


-  INDICATES NEGATIVE NUMBERS.
R  INDICATES RECORD WAS SET OR TIED.
MM INDICATES DATA IS MISSING.
T  INDICATES TRACE AMOUNT.




$$
