000
CDUS43 KUNR 270831
CLI2WX


CLIMATE REPORT
NATIONAL WEATHER SERVICE RAPID CITY SD
130 AM MST MON FEB 27 2017


...................................

...THE BUFFALO SD CLIMATE SUMMARY FOR FEBRUARY 26 2017...

CLIMATE NORMAL PERIOD 1981 TO 2010
CLIMATE RECORD PERIOD 9999 TO 9999


WEATHER ITEM   OBSERVED TIME   NORMAL DEPARTURE LAST
                VALUE   (LST)  VALUE  FROM      YEAR
                                      NORMAL
......................................................
TEMPERATURE (F)
 YESTERDAY
  MAXIMUM         39    137 PM  37      2       61
  MINIMUM         16    242 AM  16      0       24
  AVERAGE         28            26      2       43

PRECIPITATION (IN)
  YESTERDAY        0.00          0.01  -0.01     0.00
  MONTH TO DATE    0.04          0.25  -0.21     0.27
  SINCE DEC 1      1.24          0.83   0.41     0.90
  SINCE JAN 1      0.07          0.54  -0.47     0.44

DEGREE DAYS
 HEATING
  YESTERDAY       37            39     -2       22
  MONTH TO DATE  907          1083   -176      798
  SINCE DEC 1   3981          3824    157     3246
  SINCE JUL 1   5271          5722   -451     4708

 COOLING
  YESTERDAY        0             0      0        0
  MONTH TO DATE    0             0      0        0
  SINCE DEC 1      0             0      0        0
  SINCE JAN 1      0             0      0        0
......................................................


WIND (MPH)
  HIGHEST WIND SPEED    32   HIGHEST WIND DIRECTION     W (290)
  HIGHEST GUST SPEED    41   HIGHEST GUST DIRECTION     W (290)
  AVERAGE WIND SPEED    13.8




RELATIVE HUMIDITY (PERCENT)
 HIGHEST    92          1000 PM
 LOWEST     40           100 PM
 AVERAGE    66

..........................................................




SUNRISE AND SUNSET
FEBRUARY 27 2017......SUNRISE   636 AM MST   SUNSET   539 PM MST
FEBRUARY 28 2017......SUNRISE   634 AM MST   SUNSET   540 PM MST


-  INDICATES NEGATIVE NUMBERS.
R  INDICATES RECORD WAS SET OR TIED.
MM INDICATES DATA IS MISSING.
T  INDICATES TRACE AMOUNT.




$$
