000
CDUS43 KUNR 270838
CLI2WX


CLIMATE REPORT
NATIONAL WEATHER SERVICE RAPID CITY SD
236 AM MDT FRI MAR 27 2015


...................................

...THE BUFFALO SD CLIMATE SUMMARY FOR MARCH 26 2015...

CLIMATE NORMAL PERIOD 1981 TO 2010
CLIMATE RECORD PERIOD 9999 TO 9999


WEATHER ITEM   OBSERVED TIME   NORMAL DEPARTURE LAST
                VALUE   (LST)  VALUE  FROM      YEAR
                                      NORMAL
......................................................
TEMPERATURE (F)
 YESTERDAY
  MAXIMUM         48    314 PM  47      1       45
  MINIMUM         28   1203 AM  25      3       21
  AVERAGE         38            36      2       33

PRECIPITATION (IN)
  YESTERDAY        0.01          0.03  -0.02     0.00
  MONTH TO DATE    0.39          0.65  -0.26     0.62
  SINCE MAR 1      0.39          0.65  -0.26     0.62
  SINCE JAN 1      0.86          1.22  -0.36     1.20

DEGREE DAYS
 HEATING
  YESTERDAY       27            29     -2       32
  MONTH TO DATE  663           867   -204      945
  SINCE MAR 1    663           867   -204      945
  SINCE JUL 1   6121          6664   -543     7002

 COOLING
  YESTERDAY        0             0      0        0
  MONTH TO DATE    0             0      0        0
  SINCE MAR 1      0             0      0        0
  SINCE JAN 1      0             0      0        0
......................................................


WIND (MPH)
  HIGHEST WIND SPEED    17   HIGHEST WIND DIRECTION    NE (40)
  HIGHEST GUST SPEED    20   HIGHEST GUST DIRECTION     S (160)
  AVERAGE WIND SPEED     9.1




RELATIVE HUMIDITY (PERCENT)
 HIGHEST    96          1000 PM
 LOWEST     45           100 PM
 AVERAGE    71

..........................................................




SUNRISE AND SUNSET
MARCH 27 2015.........SUNRISE   644 AM MDT   SUNSET   716 PM MDT
MARCH 28 2015.........SUNRISE   642 AM MDT   SUNSET   717 PM MDT


-  INDICATES NEGATIVE NUMBERS.
R  INDICATES RECORD WAS SET OR TIED.
MM INDICATES DATA IS MISSING.
T  INDICATES TRACE AMOUNT.




$$
