000
CDUS43 KUNR 040903
CLI2WX


CLIMATE REPORT
NATIONAL WEATHER SERVICE RAPID CITY SD
303 AM MDT SAT JUL 4 2015


...................................

...THE BUFFALO SD CLIMATE SUMMARY FOR JULY 3 2015...

CLIMATE NORMAL PERIOD 1981 TO 2010
CLIMATE RECORD PERIOD 9999 TO 9999


WEATHER ITEM   OBSERVED TIME   NORMAL DEPARTURE LAST
                VALUE   (LST)  VALUE  FROM      YEAR
                                      NORMAL
......................................................
TEMPERATURE (F)
 YESTERDAY
  MAXIMUM         86    300 PM  82      4       78
  MINIMUM         58    455 AM  56      2       51
  AVERAGE         72            69      3       65

PRECIPITATION (IN)
  YESTERDAY        0.00          0.07  -0.07     0.00
  MONTH TO DATE    0.01          0.20  -0.19     0.00
  SINCE JUN 1      2.74          2.83  -0.09     5.54
  SINCE JAN 1      7.30          8.87  -1.57     9.88

DEGREE DAYS
 HEATING
  YESTERDAY        0             1     -1        0
  MONTH TO DATE    0             3     -3        4
  SINCE JUN 1     43           117    -74      139
  SINCE JUL 1      0             3     -3        4

 COOLING
  YESTERDAY        7             5      2        0
  MONTH TO DATE   17            14      3        0
  SINCE JUN 1    108            76     32       16
  SINCE JAN 1    108            82     26       46
......................................................


WIND (MPH)
  HIGHEST WIND SPEED    15   HIGHEST WIND DIRECTION     S (160)
  HIGHEST GUST SPEED    18   HIGHEST GUST DIRECTION    SE (140)
  AVERAGE WIND SPEED     7.8




RELATIVE HUMIDITY (PERCENT)
 HIGHEST    87           500 AM
 LOWEST     37           100 PM
 AVERAGE    62

..........................................................




SUNRISE AND SUNSET
JULY  4 2015..........SUNRISE   511 AM MDT   SUNSET   846 PM MDT
JULY  5 2015..........SUNRISE   511 AM MDT   SUNSET   846 PM MDT


-  INDICATES NEGATIVE NUMBERS.
R  INDICATES RECORD WAS SET OR TIED.
MM INDICATES DATA IS MISSING.
T  INDICATES TRACE AMOUNT.




$$
