000
CDUS43 KUNR 030836
CLI2WX


CLIMATE REPORT
NATIONAL WEATHER SERVICE RAPID CITY SD
236 AM MDT WED JUN 3 2015


...................................

...THE BUFFALO SD CLIMATE SUMMARY FOR JUNE 2 2015...

CLIMATE NORMAL PERIOD 1981 TO 2010
CLIMATE RECORD PERIOD 9999 TO 9999


WEATHER ITEM   OBSERVED TIME   NORMAL DEPARTURE LAST
                VALUE   (LST)  VALUE  FROM      YEAR
                                      NORMAL
......................................................
TEMPERATURE (F)
 YESTERDAY
  MAXIMUM         78    346 PM  71      7       71
  MINIMUM         55   1159 PM  47      8       46
  AVERAGE         67            59      8       59

PRECIPITATION (IN)
  YESTERDAY        0.00          0.11  -0.11     0.00
  MONTH TO DATE    0.11          0.23  -0.12     0.02
  SINCE JUN 1      0.11          0.23  -0.12     0.02
  SINCE JAN 1      4.67          6.27  -1.60     4.36

DEGREE DAYS
 HEATING
  YESTERDAY        0             7     -7        6
  MONTH TO DATE    0            14    -14       13
  SINCE JUN 1      0            14    -14       13
  SINCE JUL 1   7174          7828   -654     8217

 COOLING
  YESTERDAY        2             1      1        0
  MONTH TO DATE    5             2      3        0
  SINCE JUN 1      5             2      3        0
  SINCE JAN 1      5             8     -3       30
......................................................


WIND (MPH)
  HIGHEST WIND SPEED    25   HIGHEST WIND DIRECTION    NW (320)
  HIGHEST GUST SPEED    31   HIGHEST GUST DIRECTION    NW (310)
  AVERAGE WIND SPEED    13.0




RELATIVE HUMIDITY (PERCENT)
 HIGHEST    93           500 AM
 LOWEST     42           300 PM
 AVERAGE    68

..........................................................




SUNRISE AND SUNSET
JUNE  3 2015..........SUNRISE   508 AM MDT   SUNSET   838 PM MDT
JUNE  4 2015..........SUNRISE   507 AM MDT   SUNSET   838 PM MDT


-  INDICATES NEGATIVE NUMBERS.
R  INDICATES RECORD WAS SET OR TIED.
MM INDICATES DATA IS MISSING.
T  INDICATES TRACE AMOUNT.




$$
