946
CDUS43 KUNR 280830
CLI2WX


CLIMATE REPORT
NATIONAL WEATHER SERVICE RAPID CITY SD
230 AM MDT WED SEP 28 2016


...................................

...THE BUFFALO SD CLIMATE SUMMARY FOR SEPTEMBER 27 2016...

CLIMATE NORMAL PERIOD 1981 TO 2010
CLIMATE RECORD PERIOD 9999 TO 9999


WEATHER ITEM   OBSERVED TIME   NORMAL DEPARTURE LAST
                VALUE   (LST)  VALUE  FROM      YEAR
                                      NORMAL
......................................................
TEMPERATURE (F)
 YESTERDAY
  MAXIMUM         83    304 PM  66     17       79
  MINIMUM         43    615 AM  39      4       55
  AVERAGE         63            53     10       67

PRECIPITATION (IN)
  YESTERDAY        0.00          0.01  -0.01     0.00
  MONTH TO DATE    1.02          1.05  -0.03     0.67
  SINCE SEP 1      1.02          1.05  -0.03     0.67
  SINCE JAN 1      8.70         13.19  -4.49    11.39

DEGREE DAYS
 HEATING
  YESTERDAY        2            12    -10        0
  MONTH TO DATE  134           198    -64       50
  SINCE SEP 1    134           198    -64       50
  SINCE JUL 1    164           250    -86       97

 COOLING
  YESTERDAY        0             0      0        2
  MONTH TO DATE   37            40     -3       86
  SINCE SEP 1     37            40     -3       86
  SINCE JAN 1    729           511    218      624
......................................................


WIND (MPH)
  HIGHEST WIND SPEED    24   HIGHEST WIND DIRECTION    NW (310)
  HIGHEST GUST SPEED    28   HIGHEST GUST DIRECTION    NW (310)
  AVERAGE WIND SPEED     8.2




RELATIVE HUMIDITY (PERCENT)
 HIGHEST    89           500 AM
 LOWEST     22           200 PM
 AVERAGE    56

..........................................................




SUNRISE AND SUNSET
SEPTEMBER 28 2016.....SUNRISE   649 AM MDT   SUNSET   639 PM MDT
SEPTEMBER 29 2016.....SUNRISE   651 AM MDT   SUNSET   637 PM MDT


-  INDICATES NEGATIVE NUMBERS.
R  INDICATES RECORD WAS SET OR TIED.
MM INDICATES DATA IS MISSING.
T  INDICATES TRACE AMOUNT.




$$
