000
CDUS43 KUNR 200833
CLI2WX


CLIMATE REPORT
NATIONAL WEATHER SERVICE RAPID CITY SD
132 AM MST THU NOV 20 2014


...................................

...THE BUFFALO SD CLIMATE SUMMARY FOR NOVEMBER 19 2014...

CLIMATE NORMAL PERIOD 1981 TO 2010
CLIMATE RECORD PERIOD 9999 TO 9999


WEATHER ITEM   OBSERVED TIME   NORMAL DEPARTURE LAST
                VALUE   (LST)  VALUE  FROM      YEAR
                                      NORMAL
......................................................
TEMPERATURE (F)
 YESTERDAY
  MAXIMUM         25    130 PM  40    -15       55
  MINIMUM         12    945 PM  19     -7       33
  AVERAGE         19            30    -11       44

PRECIPITATION (IN)
  YESTERDAY        0.00          0.00   0.00     0.00
  MONTH TO DATE    0.27          0.29  -0.02     0.00
  SINCE SEP 1      2.39          2.07   0.32     2.67
  SINCE JAN 1     16.76         14.21   2.55    12.15

DEGREE DAYS
 HEATING
  YESTERDAY       46            35     11       21
  MONTH TO DATE  757           577    180      547
  SINCE SEP 1   1452          1426     26     1365
  SINCE JUL 1   1503          1478     25     1377

 COOLING
  YESTERDAY        0             0      0        0
  MONTH TO DATE    0             0      0        0
  SINCE SEP 1     55            42     13      100
  SINCE JAN 1    420           513    -93      587
......................................................


WIND (MPH)
  HIGHEST WIND SPEED    37   HIGHEST WIND DIRECTION    NW (320)
  HIGHEST GUST SPEED    45   HIGHEST GUST DIRECTION    NW (310)
  AVERAGE WIND SPEED    16.3




RELATIVE HUMIDITY (PERCENT)
 HIGHEST    92          1000 PM
 LOWEST     62           100 PM
 AVERAGE    77

..........................................................




SUNRISE AND SUNSET
NOVEMBER 20 2014......SUNRISE   700 AM MST   SUNSET   419 PM MST
NOVEMBER 21 2014......SUNRISE   702 AM MST   SUNSET   418 PM MST


-  INDICATES NEGATIVE NUMBERS.
R  INDICATES RECORD WAS SET OR TIED.
MM INDICATES DATA IS MISSING.
T  INDICATES TRACE AMOUNT.




$$
