000
CDUS43 KUNR 230834
CLI2WX


CLIMATE REPORT
NATIONAL WEATHER SERVICE RAPID CITY SD
233 AM MDT SAT SEP 23 2017


...................................

...THE BUFFALO SD CLIMATE SUMMARY FOR SEPTEMBER 22 2017...

CLIMATE NORMAL PERIOD 1981 TO 2010
CLIMATE RECORD PERIOD 9999 TO 9999


WEATHER ITEM   OBSERVED TIME   NORMAL DEPARTURE LAST
                VALUE   (LST)  VALUE  FROM      YEAR
                                      NORMAL
......................................................
TEMPERATURE (F)
 YESTERDAY
  MAXIMUM         56    204 PM  69    -13       59
  MINIMUM         43   1159 PM  41      2       50
  AVERAGE         50            55     -5       55

PRECIPITATION (IN)
  YESTERDAY        0.04          0.04   0.00     0.09
  MONTH TO DATE    2.14          0.92   1.22     0.47
  SINCE SEP 1      2.14          0.92   1.22     0.47
  SINCE JAN 1     13.66         13.06   0.60     8.15

DEGREE DAYS
 HEATING
  YESTERDAY       15            10      5       10
  MONTH TO DATE  111           140    -29      100
  SINCE SEP 1    111           140    -29      100
  SINCE JUL 1    122           192    -70      130

 COOLING
  YESTERDAY        0             0      0        0
  MONTH TO DATE   90            40     50       37
  SINCE SEP 1     90            40     50       37
  SINCE JAN 1    740           511    229      729
......................................................


WIND (MPH)
  HIGHEST WIND SPEED    28   HIGHEST WIND DIRECTION     N (360)
  HIGHEST GUST SPEED    34   HIGHEST GUST DIRECTION    NE (30)
  AVERAGE WIND SPEED    16.8




RELATIVE HUMIDITY (PERCENT)
 HIGHEST    89           900 PM
 LOWEST     46           100 PM
 AVERAGE    68

..........................................................




SUNRISE AND SUNSET
SEPTEMBER 23 2017.....SUNRISE   643 AM MDT   SUNSET   649 PM MDT
SEPTEMBER 24 2017.....SUNRISE   644 AM MDT   SUNSET   647 PM MDT


-  INDICATES NEGATIVE NUMBERS.
R  INDICATES RECORD WAS SET OR TIED.
MM INDICATES DATA IS MISSING.
T  INDICATES TRACE AMOUNT.




$$
