000
CDUS43 KUNR 020858
CLI2WX


CLIMATE REPORT
NATIONAL WEATHER SERVICE RAPID CITY SD
258 AM MDT TUE SEP 2 2014


...................................

...THE BUFFALO SD CLIMATE SUMMARY FOR SEPTEMBER 1 2014...

CLIMATE NORMAL PERIOD 1981 TO 2010
CLIMATE RECORD PERIOD 9999 TO 9999


WEATHER ITEM   OBSERVED TIME   RECORD YEAR NORMAL DEPARTURE LAST
                VALUE   (LST)  VALUE       VALUE  FROM      YEAR
                                                  NORMAL
..................................................................
TEMPERATURE (F)
 YESTERDAY
  MAXIMUM         71   1134 AM              80     -9       83
  MINIMUM         48    401 AM              51     -3       48
  AVERAGE         60                        66     -6       66

PRECIPITATION (IN)
  YESTERDAY        0.10         MM      MM   0.04   0.06     0.00
  MONTH TO DATE    0.10                      0.04   0.06     0.00
  SINCE SEP 1      0.10                      0.04   0.06     0.00
  SINCE JAN 1     14.47                     12.18   2.29     9.48

DEGREE DAYS
 HEATING
  YESTERDAY        5                         3      2        0
  MONTH TO DATE    5                         3      2        0
  SINCE SEP 1      5                         3      2        0
  SINCE JUL 1     56                        55      1       12

 COOLING
  YESTERDAY        0                         4     -4        1
  MONTH TO DATE    0                         4     -4        1
  SINCE SEP 1      0                         4     -4        1
  SINCE JAN 1    365                       475   -110      488
..................................................................


WIND (MPH)
  HIGHEST WIND SPEED    30   HIGHEST WIND DIRECTION     W (290)
  HIGHEST GUST SPEED    37   HIGHEST GUST DIRECTION    NW (300)
  AVERAGE WIND SPEED     8.0




RELATIVE HUMIDITY (PERCENT)
 HIGHEST    93          1200 AM
 LOWEST     40          1100 AM
 AVERAGE    67

..........................................................




SUNRISE AND SUNSET
SEPTEMBER  2 2014.....SUNRISE   617 AM MDT   SUNSET   730 PM MDT
SEPTEMBER  3 2014.....SUNRISE   618 AM MDT   SUNSET   728 PM MDT


-  INDICATES NEGATIVE NUMBERS.
R  INDICATES RECORD WAS SET OR TIED.
MM INDICATES DATA IS MISSING.
T  INDICATES TRACE AMOUNT.




$$
