000
CDUS43 KUNR 080831
CLI2WX


CLIMATE REPORT
NATIONAL WEATHER SERVICE RAPID CITY SD
131 AM MST THU DEC 8 2016


...................................

...THE BUFFALO SD CLIMATE SUMMARY FOR DECEMBER 7 2016...

CLIMATE NORMAL PERIOD 1981 TO 2010
CLIMATE RECORD PERIOD 9999 TO 9999


WEATHER ITEM   OBSERVED TIME   NORMAL DEPARTURE LAST
                VALUE   (LST)  VALUE  FROM      YEAR
                                      NORMAL
......................................................
TEMPERATURE (F)
 YESTERDAY
  MAXIMUM          8    222 PM  33    -25       54
  MINIMUM         -2    159 AM  12    -14       28
  AVERAGE          3            22    -19       41

PRECIPITATION (IN)
  YESTERDAY        0.00          0.00   0.00     0.00
  MONTH TO DATE    0.00          0.04  -0.04     0.05
  SINCE DEC 1      0.00          0.04  -0.04     0.05
  SINCE JAN 1      9.98         14.27  -4.29    13.81

DEGREE DAYS
 HEATING
  YESTERDAY       62            43     19       24
  MONTH TO DATE  306           293     13      201
  SINCE DEC 1    306           293     13      201
  SINCE JUL 1   1596          2191   -595     1663

 COOLING
  YESTERDAY        0             0      0        0
  MONTH TO DATE    0             0      0        0
  SINCE DEC 1      0             0      0        0
  SINCE JAN 1    734           513    221      631
......................................................


WIND (MPH)
  HIGHEST WIND SPEED    37   HIGHEST WIND DIRECTION    NW (300)
  HIGHEST GUST SPEED    42   HIGHEST GUST DIRECTION    NW (310)
  AVERAGE WIND SPEED    25.2




RELATIVE HUMIDITY (PERCENT)
 HIGHEST    79          1200 AM
 LOWEST     63          1100 AM
 AVERAGE    71

..........................................................




SUNRISE AND SUNSET
DECEMBER  8 2016......SUNRISE   722 AM MST   SUNSET   410 PM MST
DECEMBER  9 2016......SUNRISE   723 AM MST   SUNSET   410 PM MST


-  INDICATES NEGATIVE NUMBERS.
R  INDICATES RECORD WAS SET OR TIED.
MM INDICATES DATA IS MISSING.
T  INDICATES TRACE AMOUNT.




$$
