000
CDUS43 KUNR 010832
CLI2WX


CLIMATE REPORT
NATIONAL WEATHER SERVICE RAPID CITY SD
230 AM MDT SAT AUG 1 2015


...................................

...THE BUFFALO SD CLIMATE SUMMARY FOR JULY 31 2015...

CLIMATE NORMAL PERIOD 1981 TO 2010
CLIMATE RECORD PERIOD 9999 TO 9999


WEATHER ITEM   OBSERVED TIME   NORMAL DEPARTURE LAST
                VALUE   (LST)  VALUE  FROM      YEAR
                                      NORMAL
......................................................
TEMPERATURE (F)
 YESTERDAY
  MAXIMUM         92    318 PM  87      5       90
  MINIMUM         53    525 AM  59     -6       53
  AVERAGE         73            73      0       72

PRECIPITATION (IN)
  YESTERDAY        0.00          0.06  -0.06     0.00
  MONTH TO DATE    0.21          2.06  -1.85     0.91
  SINCE JUN 1      2.94          4.69  -1.75     6.45
  SINCE JAN 1      7.50         10.73  -3.23    10.79

DEGREE DAYS
 HEATING
  YESTERDAY        0             0      0        0
  MONTH TO DATE    6            21    -15       16
  SINCE JUN 1     49           134    -85      151
  SINCE JUL 1      6            20    -14       16

 COOLING
  YESTERDAY        8             8      0        7
  MONTH TO DATE  234           207     27      159
  SINCE JUN 1    325           269     56      175
  SINCE JAN 1    325           275     50      205
......................................................


WIND (MPH)
  HIGHEST WIND SPEED    16   HIGHEST WIND DIRECTION    SE (140)
  HIGHEST GUST SPEED    21   HIGHEST GUST DIRECTION     S (180)
  AVERAGE WIND SPEED     6.8




RELATIVE HUMIDITY (PERCENT)
 HIGHEST    72           600 AM
 LOWEST     16           100 PM
 AVERAGE    44

..........................................................




SUNRISE AND SUNSET
AUGUST  1 2015........SUNRISE   538 AM MDT   SUNSET   823 PM MDT
AUGUST  2 2015........SUNRISE   539 AM MDT   SUNSET   821 PM MDT


-  INDICATES NEGATIVE NUMBERS.
R  INDICATES RECORD WAS SET OR TIED.
MM INDICATES DATA IS MISSING.
T  INDICATES TRACE AMOUNT.




$$
