000
CDUS43 KABR 021040
CLI8D3


CLIMATE REPORT
NATIONAL WEATHER SERVICE ABERDEEN SD
539 AM CDT THU JUL 2 2015


...................................

...THE SISSETON SD CLIMATE SUMMARY FOR JULY 1 2015...

CLIMATE NORMAL PERIOD 1981 TO 2010
CLIMATE RECORD PERIOD 1900 TO 2015


WEATHER ITEM   OBSERVED TIME   RECORD YEAR NORMAL DEPARTURE LAST
                VALUE   (LST)  VALUE       VALUE  FROM      YEAR
                                                  NORMAL
..................................................................
TEMPERATURE (F)
 YESTERDAY
  MAXIMUM         74    436 PM 100    1934  81     -7       65
  MINIMUM         57   1159 PM  46    2001  58     -1       54
                                      1954
  AVERAGE         66                        70     -4       60

PRECIPITATION (IN)
  YESTERDAY        0.09          1.60 1978   0.11  -0.02     0.10
  MONTH TO DATE    0.09                      0.11  -0.02     0.10
  SINCE JUN 1      1.47                      3.85  -2.38     8.77
  SINCE JAN 1      9.12                     10.83  -1.71    17.14

DEGREE DAYS
 HEATING
  YESTERDAY        0                         1     -1        5
  MONTH TO DATE    0                         1     -1        5
  SINCE JUN 1     14                        63    -49       40
  SINCE JUL 1      0                         1     -1        5

 COOLING
  YESTERDAY        1                         5     -4        0
  MONTH TO DATE    1                         5     -4        0
  SINCE JUN 1    125                        99     26       88
  SINCE JAN 1    142                       122     20      149
..................................................................


WIND (MPH)
  HIGHEST WIND SPEED    15   HIGHEST WIND DIRECTION    SE (140)
  HIGHEST GUST SPEED    19   HIGHEST GUST DIRECTION    SE (140)
  AVERAGE WIND SPEED     7.3


SKY COVER
  POSSIBLE SUNSHINE  MM
  AVERAGE SKY COVER 0.0


WEATHER CONDITIONS
 THE FOLLOWING WEATHER WAS RECORDED YESTERDAY.
  LIGHT RAIN


RELATIVE HUMIDITY (PERCENT)
 HIGHEST   100           200 AM
 LOWEST     57           600 PM
 AVERAGE    79

..........................................................


THE SISSETON SD CLIMATE NORMALS FOR TODAY
                         NORMAL    RECORD    YEAR
 MAXIMUM TEMPERATURE (F)   81       100      1949
 MINIMUM TEMPERATURE (F)   59        44      1994


SUNRISE AND SUNSET
JULY  2 2015..........SUNRISE   543 AM CDT   SUNSET   921 PM CDT
JULY  3 2015..........SUNRISE   543 AM CDT   SUNSET   921 PM CDT


-  INDICATES NEGATIVE NUMBERS.
R  INDICATES RECORD WAS SET OR TIED.
MM INDICATES DATA IS MISSING.
T  INDICATES TRACE AMOUNT.




$$
