000
CDUS43 KABR 311031
CLI8D3


CLIMATE REPORT
NATIONAL WEATHER SERVICE ABERDEEN SD
531 AM CDT WED AUG 31 2016


...................................

...THE SISSETON SD CLIMATE SUMMARY FOR AUGUST 30 2016...

CLIMATE NORMAL PERIOD 1981 TO 2010
CLIMATE RECORD PERIOD 1900 TO 2016


WEATHER ITEM   OBSERVED TIME   RECORD YEAR NORMAL DEPARTURE LAST
                VALUE   (LST)  VALUE       VALUE  FROM      YEAR
                                                  NORMAL
..................................................................
TEMPERATURE (F)
 YESTERDAY
  MAXIMUM         83    358 PM  95    1961  78      5       89
  MINIMUM         55    603 AM  37    2009  54      1       61
  AVERAGE         69                        66      3       75

PRECIPITATION (IN)
  YESTERDAY        0.00          0.90 1971   0.09  -0.09     0.00
  MONTH TO DATE    4.28                      2.35   1.93     2.19
  SINCE JUN 1     10.40                      9.67   0.73     6.74
  SINCE JAN 1     15.44                     16.65  -1.21    14.39

DEGREE DAYS
 HEATING
  YESTERDAY        0                         2     -2        0
  MONTH TO DATE   14                        26    -12       45
  SINCE JUN 1     54                       101    -47       72
  SINCE JUL 1     27                        39    -12       58

 COOLING
  YESTERDAY        4                         3      1       10
  MONTH TO DATE  172                       153     19      142
  SINCE JUN 1    542                       452     90      474
  SINCE JAN 1    579                       475    104      491
..................................................................


WIND (MPH)
  HIGHEST WIND SPEED     9   HIGHEST WIND DIRECTION    NE (50)
  HIGHEST GUST SPEED    12   HIGHEST GUST DIRECTION     E (70)
  AVERAGE WIND SPEED     3.5


SKY COVER
  POSSIBLE SUNSHINE  MM
  AVERAGE SKY COVER 0.0


WEATHER CONDITIONS
 THE FOLLOWING WEATHER WAS RECORDED YESTERDAY.
  NO SIGNIFICANT WEATHER WAS OBSERVED.


RELATIVE HUMIDITY (PERCENT)
 HIGHEST    93          1200 AM
 LOWEST     34           400 PM
 AVERAGE    64

..........................................................


THE SISSETON SD CLIMATE NORMALS FOR TODAY
                         NORMAL    RECORD    YEAR
 MAXIMUM TEMPERATURE (F)   78        94      1948
 MINIMUM TEMPERATURE (F)   54        39      1987


SUNRISE AND SUNSET
AUGUST 31 2016........SUNRISE   649 AM CDT   SUNSET   807 PM CDT
SEPTEMBER  1 2016.....SUNRISE   650 AM CDT   SUNSET   805 PM CDT


-  INDICATES NEGATIVE NUMBERS.
R  INDICATES RECORD WAS SET OR TIED.
MM INDICATES DATA IS MISSING.
T  INDICATES TRACE AMOUNT.




$$
