000
CDUS43 KABR 301038
CLI8D3


CLIMATE REPORT
NATIONAL WEATHER SERVICE ABERDEEN SD
437 AM CST FRI JAN 30 2015


...................................

...THE SISSETON SD CLIMATE SUMMARY FOR JANUARY 29 2015...

CLIMATE NORMAL PERIOD 1981 TO 2010
CLIMATE RECORD PERIOD 1900 TO 2015


WEATHER ITEM   OBSERVED TIME   RECORD YEAR NORMAL DEPARTURE LAST
                VALUE   (LST)  VALUE       VALUE  FROM      YEAR
                                                  NORMAL
..................................................................
TEMPERATURE (F)
 YESTERDAY
  MAXIMUM         31    101 AM  51    1992  24      7       31
  MINIMUM         16   1159 PM -34    1951   4     12        2
  AVERAGE         24                        14     10       17

PRECIPITATION (IN)
  YESTERDAY        0.00          0.45 1975   0.01  -0.01     0.00
  MONTH TO DATE    0.47                      0.41   0.06     0.41
  SINCE DEC 1      1.07                      0.80   0.27     1.55
  SINCE JAN 1      0.47                      0.41   0.06     0.41

SNOWFALL (IN)
  YESTERDAY        0.0
  MONTH TO DATE    4.4
  SINCE OCT 1     17.5
  SINCE JUL 1     17.5
  SNOW DEPTH       0

DEGREE DAYS
 HEATING
  YESTERDAY       41                        51    -10       48
  MONTH TO DATE 1340                      1505   -165     1569
  SINCE DEC 1   2670                      2993   -323     3316
  SINCE JUL 1   4650                      4844   -194     5148

 COOLING
  YESTERDAY        0                         0      0        0
  MONTH TO DATE    0                         0      0        0
  SINCE DEC 1      0                         0      0        0
  SINCE JAN 1      0                         0      0        0
..................................................................


WIND (MPH)
  HIGHEST WIND SPEED    36   HIGHEST WIND DIRECTION     N (350)
  HIGHEST GUST SPEED    43   HIGHEST GUST DIRECTION     N (350)
  AVERAGE WIND SPEED    17.6


SKY COVER
  POSSIBLE SUNSHINE  MM
  AVERAGE SKY COVER 0.0


WEATHER CONDITIONS
 THE FOLLOWING WEATHER WAS RECORDED YESTERDAY.
  NO SIGNIFICANT WEATHER WAS OBSERVED.


RELATIVE HUMIDITY (PERCENT)
 HIGHEST    92          1200 AM
 LOWEST     71           500 PM
 AVERAGE    82

..........................................................


THE SISSETON SD CLIMATE NORMALS FOR TODAY
                         NORMAL    RECORD    YEAR
 MAXIMUM TEMPERATURE (F)   24        49      2012
                                             1992
 MINIMUM TEMPERATURE (F)    4       -25      2004


SUNRISE AND SUNSET
JANUARY 30 2015.......SUNRISE   752 AM CST   SUNSET   531 PM CST
JANUARY 31 2015.......SUNRISE   751 AM CST   SUNSET   532 PM CST


-  INDICATES NEGATIVE NUMBERS.
R  INDICATES RECORD WAS SET OR TIED.
MM INDICATES DATA IS MISSING.
T  INDICATES TRACE AMOUNT.




$$
