000
CDUS43 KABR 311040
CLI8D3


CLIMATE REPORT
NATIONAL WEATHER SERVICE ABERDEEN SD
539 AM CDT THU JUL 31 2014


...................................

...THE SISSETON SD CLIMATE SUMMARY FOR JULY 30 2014...

CLIMATE NORMAL PERIOD 1981 TO 2010
CLIMATE RECORD PERIOD 1900 TO 2014


WEATHER ITEM   OBSERVED TIME   RECORD YEAR NORMAL DEPARTURE LAST
                VALUE   (LST)  VALUE       VALUE  FROM      YEAR
                                                  NORMAL
..................................................................
TEMPERATURE (F)
 YESTERDAY
  MAXIMUM         80    435 PM 105    1933  83     -3       80
  MINIMUM         50    532 AM  44    1952  60    -10       58
  AVERAGE         65                        71     -6       69

PRECIPITATION (IN)
  YESTERDAY        0.00          2.00 1903   0.11  -0.11     0.00
  MONTH TO DATE    1.74                      3.48  -1.74     2.80
  SINCE JUN 1     10.41                      7.22   3.19     8.38
  SINCE JAN 1     18.78                     14.20   4.58    17.72

DEGREE DAYS
 HEATING
  YESTERDAY        0                         0      0        0
  MONTH TO DATE   20                         3     17       26
  SINCE JUN 1     55                        65    -10       95
  SINCE JUL 1     20                         3     17       26

 COOLING
  YESTERDAY        0                         7     -7        4
  MONTH TO DATE  127                       199    -72      205
  SINCE JUN 1    215                       293    -78      322
  SINCE JAN 1    276                       316    -40      347
..................................................................


WIND (MPH)
  HIGHEST WIND SPEED    12   HIGHEST WIND DIRECTION     N (350)
  HIGHEST GUST SPEED    14   HIGHEST GUST DIRECTION     N (350)
  AVERAGE WIND SPEED     3.5


SKY COVER
  POSSIBLE SUNSHINE  MM
  AVERAGE SKY COVER 0.0


WEATHER CONDITIONS
 THE FOLLOWING WEATHER WAS RECORDED YESTERDAY.
  NO SIGNIFICANT WEATHER WAS OBSERVED.


RELATIVE HUMIDITY (PERCENT)
 HIGHEST   100           200 AM
 LOWEST     39           400 PM
 AVERAGE    70

..........................................................


THE SISSETON SD CLIMATE NORMALS FOR TODAY
                         NORMAL    RECORD    YEAR
 MAXIMUM TEMPERATURE (F)   83       105      1987
 MINIMUM TEMPERATURE (F)   60        48      1952


SUNRISE AND SUNSET
JULY 31 2014..........SUNRISE   610 AM CDT   SUNSET   858 PM CDT
AUGUST  1 2014........SUNRISE   611 AM CDT   SUNSET   856 PM CDT


-  INDICATES NEGATIVE NUMBERS.
R  INDICATES RECORD WAS SET OR TIED.
MM INDICATES DATA IS MISSING.
T  INDICATES TRACE AMOUNT.




$$
