000
CDUS43 KABR 031039
CLI8D3


CLIMATE REPORT
NATIONAL WEATHER SERVICE ABERDEEN SD
438 AM CST TUE MAR 3 2015


...................................

...THE SISSETON SD CLIMATE SUMMARY FOR MARCH 2 2015...

CLIMATE NORMAL PERIOD 1981 TO 2010
CLIMATE RECORD PERIOD 1900 TO 2015


WEATHER ITEM   OBSERVED TIME   RECORD YEAR NORMAL DEPARTURE LAST
                VALUE   (LST)  VALUE       VALUE  FROM      YEAR
                                                  NORMAL
..................................................................
TEMPERATURE (F)
 YESTERDAY
  MAXIMUM         32    259 PM  67    1905  33     -1       10
  MINIMUM          4    644 AM -16    2003  15    -11      -12
                                      1972
  AVERAGE         18                        24     -6       -1

PRECIPITATION (IN)
  YESTERDAY        0.00          0.27 1901   0.04  -0.04     0.00
  MONTH TO DATE    0.00                      0.07  -0.07     0.00
  SINCE MAR 1      0.00                      0.07  -0.07     0.00
  SINCE JAN 1      0.88                      0.93  -0.05     0.62

SNOWFALL (IN)
  YESTERDAY        0.0
  MONTH TO DATE    0.0
  SINCE OCT 1     23.1
  SINCE JUL 1     23.1
  SNOW DEPTH       2

DEGREE DAYS
 HEATING
  YESTERDAY       47                        41      6       66
  MONTH TO DATE   95                        83     12      138
  SINCE MAR 1     95                        83     12      138
  SINCE JUL 1   6364                      6342     22     6955

 COOLING
  YESTERDAY        0                         0      0        0
  MONTH TO DATE    0                         0      0        0
  SINCE MAR 1      0                         0      0        0
  SINCE JAN 1      0                         0      0        0
..................................................................


WIND (MPH)
  HIGHEST WIND SPEED    28   HIGHEST WIND DIRECTION     S (180)
  HIGHEST GUST SPEED    33   HIGHEST GUST DIRECTION     S (180)
  AVERAGE WIND SPEED    14.9


SKY COVER
  POSSIBLE SUNSHINE  MM
  AVERAGE SKY COVER 0.0


WEATHER CONDITIONS
 THE FOLLOWING WEATHER WAS RECORDED YESTERDAY.
  NO SIGNIFICANT WEATHER WAS OBSERVED.


RELATIVE HUMIDITY (PERCENT)
 HIGHEST    83           400 AM
 LOWEST     46          1100 AM
 AVERAGE    65

..........................................................


THE SISSETON SD CLIMATE NORMALS FOR TODAY
                         NORMAL    RECORD    YEAR
 MAXIMUM TEMPERATURE (F)   33        63      2000
 MINIMUM TEMPERATURE (F)   16       -10      2002


SUNRISE AND SUNSET
MARCH  3 2015.........SUNRISE   703 AM CST   SUNSET   617 PM CST
MARCH  4 2015.........SUNRISE   701 AM CST   SUNSET   619 PM CST


-  INDICATES NEGATIVE NUMBERS.
R  INDICATES RECORD WAS SET OR TIED.
MM INDICATES DATA IS MISSING.
T  INDICATES TRACE AMOUNT.




$$
