000
CDUS43 KABR 242236
CLI8D3


CLIMATE REPORT
NATIONAL WEATHER SERVICE ABERDEEN SD
535 PM CDT SUN SEP 24 2017


...................................

...THE SISSETON SD CLIMATE SUMMARY FOR SEPTEMBER 24 2017...
VALID TODAY AS OF 0500 PM LOCAL TIME.

CLIMATE NORMAL PERIOD 1981 TO 2010
CLIMATE RECORD PERIOD 1900 TO 2017


WEATHER ITEM   OBSERVED TIME   RECORD YEAR NORMAL DEPARTURE LAST
                VALUE   (LST)  VALUE       VALUE  FROM      YEAR
                                                  NORMAL
..................................................................
TEMPERATURE (F)
 TODAY
  MAXIMUM         66   1235 PM  96    1935  69     -3       80
  MINIMUM         56    112 AM  26    2002  44              63
                                      1951
  AVERAGE         61                        56      5       72

PRECIPITATION (IN)
  TODAY            0.17          1.40 1934   0.09   0.08     0.05
  MONTH TO DATE    3.72                      2.01   1.71     2.20
  SINCE SEP 1      3.72                      2.01   1.71     2.20
  SINCE JAN 1     16.44                     18.75  -2.31    17.64

DEGREE DAYS
 HEATING
  TODAY            4                         9     -5        0
  MONTH TO DATE   76                       138    -62       60
  SINCE SEP 1     76                       138    -62       60
  SINCE JUL 1     90                       181    -91       87

 COOLING
  TODAY            0                         1     -1        7
  MONTH TO DATE   81                        43     38       44
  SINCE SEP 1     81                        43     38       44
  SINCE JAN 1    549                       522     27      625
..................................................................


WIND (MPH)
  HIGHEST WIND SPEED    18   HIGHEST WIND DIRECTION    NW (300)
  HIGHEST GUST SPEED    22   HIGHEST GUST DIRECTION    NW (310)
  AVERAGE WIND SPEED     6.5


SKY COVER
  POSSIBLE SUNSHINE  MM
  AVERAGE SKY COVER 0.0


WEATHER CONDITIONS
 THE FOLLOWING WEATHER WAS RECORDED TODAY.
  NO SIGNIFICANT WEATHER WAS OBSERVED.


RELATIVE HUMIDITY (PERCENT)
 HIGHEST   100          1200 AM
 LOWEST     81          1200 PM
 AVERAGE    91

..........................................................


THE SISSETON SD CLIMATE NORMALS FOR TOMORROW
                         NORMAL    RECORD    YEAR
 MAXIMUM TEMPERATURE (F)   68        90      1938
 MINIMUM TEMPERATURE (F)   43        30      1982


SUNRISE AND SUNSET
SEPTEMBER 24 2017.....SUNRISE   718 AM CDT   SUNSET   721 PM CDT
SEPTEMBER 25 2017.....SUNRISE   719 AM CDT   SUNSET   719 PM CDT


-  INDICATES NEGATIVE NUMBERS.
R  INDICATES RECORD WAS SET OR TIED.
MM INDICATES DATA IS MISSING.
T  INDICATES TRACE AMOUNT.




$$
