000
CDUS43 KABR 220915
CLI8D3


CLIMATE REPORT
NATIONAL WEATHER SERVICE ABERDEEN SD
415 AM CDT FRI AUG 22 2014


...................................

...THE SISSETON SD CLIMATE SUMMARY FOR AUGUST 21 2014...

CLIMATE NORMAL PERIOD 1981 TO 2010
CLIMATE RECORD PERIOD 1900 TO 2014


WEATHER ITEM   OBSERVED TIME   RECORD YEAR NORMAL DEPARTURE LAST
                VALUE   (LST)  VALUE       VALUE  FROM      YEAR
                                                  NORMAL
..................................................................
TEMPERATURE (F)
 YESTERDAY
  MAXIMUM         84    440 PM 102    1947  80      4       84
  MINIMUM         66   1159 PM  35    2004  57      9       60
  AVERAGE         75                        68      7       72

PRECIPITATION (IN)
  YESTERDAY        1.23          2.58 1964   0.06   1.17     0.00
  MONTH TO DATE    1.71                      1.61   0.10     0.64
  SINCE JUN 1     12.12                      8.93   3.19     9.02
  SINCE JAN 1     20.49                     15.91   4.58    18.36

DEGREE DAYS
 HEATING
  YESTERDAY        0                         1     -1        0
  MONTH TO DATE    3                        12     -9       23
  SINCE JUN 1     58                        87    -29      118
  SINCE JUL 1     23                        25     -2       49

 COOLING
  YESTERDAY       10                         4      6        7
  MONTH TO DATE   97                       119    -22       61
  SINCE JUN 1    315                       418   -103      384
  SINCE JAN 1    376                       441    -65      409
..................................................................


WIND (MPH)
  HIGHEST WIND SPEED    21   HIGHEST WIND DIRECTION    NW (300)
  HIGHEST GUST SPEED    25   HIGHEST GUST DIRECTION    NW (300)
  AVERAGE WIND SPEED     6.7


SKY COVER
  POSSIBLE SUNSHINE  MM
  AVERAGE SKY COVER 0.0


WEATHER CONDITIONS
 THE FOLLOWING WEATHER WAS RECORDED YESTERDAY.
  NO SIGNIFICANT WEATHER WAS OBSERVED.


RELATIVE HUMIDITY (PERCENT)
 HIGHEST   100           200 AM
 LOWEST     65           400 PM
 AVERAGE    83

..........................................................


THE SISSETON SD CLIMATE NORMALS FOR TODAY
                         NORMAL    RECORD    YEAR
 MAXIMUM TEMPERATURE (F)   80       101      1947
 MINIMUM TEMPERATURE (F)   57        41      1987


SUNRISE AND SUNSET
AUGUST 22 2014........SUNRISE   637 AM CDT   SUNSET   824 PM CDT
AUGUST 23 2014........SUNRISE   638 AM CDT   SUNSET   822 PM CDT


-  INDICATES NEGATIVE NUMBERS.
R  INDICATES RECORD WAS SET OR TIED.
MM INDICATES DATA IS MISSING.
T  INDICATES TRACE AMOUNT.




$$
