000
CDUS43 KABR 271031
CLI8D3


CLIMATE REPORT
NATIONAL WEATHER SERVICE ABERDEEN SD
531 AM CDT WED MAY 27 2015


...................................

...THE SISSETON SD CLIMATE SUMMARY FOR MAY 26 2015...

CLIMATE NORMAL PERIOD 1981 TO 2010
CLIMATE RECORD PERIOD 1900 TO 2015


WEATHER ITEM   OBSERVED TIME   RECORD YEAR NORMAL DEPARTURE LAST
                VALUE   (LST)  VALUE       VALUE  FROM      YEAR
                                                  NORMAL
..................................................................
TEMPERATURE (F)
 YESTERDAY
  MAXIMUM         75    529 PM  94    1934  72      3       80
  MINIMUM         47    457 AM  32    1932  49     -2       62
  AVERAGE         61                        60      1       71

PRECIPITATION (IN)
  YESTERDAY        0.00          0.97 1960   0.09  -0.09     0.02
  MONTH TO DATE    4.26                      2.27   1.99     1.62
  SINCE MAR 1      5.84                      5.67   0.17     5.64
  SINCE JAN 1      6.72                      6.53   0.19     6.26

DEGREE DAYS
 HEATING
  YESTERDAY        4                         6     -2        0
  MONTH TO DATE  282                       237     45      311
  SINCE MAR 1   1718                      1937   -219     2238
  SINCE JUL 1   7987                      8196   -209     9055

 COOLING
  YESTERDAY        0                         1     -1        6
  MONTH TO DATE    2                        17    -15       21
  SINCE MAR 1      2                        18    -16       21
  SINCE JAN 1      2                        18    -16       21
..................................................................


WIND (MPH)
  HIGHEST WIND SPEED    17   HIGHEST WIND DIRECTION    NW (330)
  HIGHEST GUST SPEED    22   HIGHEST GUST DIRECTION    NW (330)
  AVERAGE WIND SPEED     5.7


SKY COVER
  POSSIBLE SUNSHINE  MM
  AVERAGE SKY COVER 0.0


WEATHER CONDITIONS
 THE FOLLOWING WEATHER WAS RECORDED YESTERDAY.
  NO SIGNIFICANT WEATHER WAS OBSERVED.


RELATIVE HUMIDITY (PERCENT)
 HIGHEST    96          1200 AM
 LOWEST     41           500 PM
 AVERAGE    69

..........................................................


THE SISSETON SD CLIMATE NORMALS FOR TODAY
                         NORMAL    RECORD    YEAR
 MAXIMUM TEMPERATURE (F)   73        98      1934
 MINIMUM TEMPERATURE (F)   49        32      1965


SUNRISE AND SUNSET
MAY 27 2015...........SUNRISE   545 AM CDT   SUNSET   905 PM CDT
MAY 28 2015...........SUNRISE   545 AM CDT   SUNSET   906 PM CDT


-  INDICATES NEGATIVE NUMBERS.
R  INDICATES RECORD WAS SET OR TIED.
MM INDICATES DATA IS MISSING.
T  INDICATES TRACE AMOUNT.




$$
