000
CDUS43 KABR 072320
CLI8D3


CLIMATE REPORT
NATIONAL WEATHER SERVICE ABERDEEN SD
519 PM CST SUN FEB 7 2016


...................................

...THE SISSETON SD CLIMATE SUMMARY FOR FEBRUARY 7 2016...
VALID TODAY AS OF 0500 PM LOCAL TIME.

CLIMATE NORMAL PERIOD 1981 TO 2010
CLIMATE RECORD PERIOD 1900 TO 2016


WEATHER ITEM   OBSERVED TIME   RECORD YEAR NORMAL DEPARTURE LAST
                VALUE   (LST)  VALUE       VALUE  FROM      YEAR
                                                  NORMAL
..................................................................
TEMPERATURE (F)
 TODAY
  MAXIMUM         40   1257 AM  61    1987  25     15       34
  MINIMUM         28    359 PM -30    1933   6              21
  AVERAGE         34                        16     18       28

PRECIPITATION (IN)
  TODAY           MM             0.63 1937   0.01  MM        0.00
  MONTH TO DATE    0.08                      0.07   0.01     0.13
  SINCE DEC 1      1.43                      0.89   0.54     1.20
  SINCE JAN 1      0.36                      0.50  -0.14     0.60

SNOWFALL (IN)
  TODAY           MM
  MONTH TO DATE    0.5
  SINCE OCT 1     19.4
  SINCE JUL 1     19.4
  SNOW DEPTH       T

DEGREE DAYS
 HEATING
  TODAY           31                        49    -18       37
  MONTH TO DATE  278                       351    -73      377
  SINCE DEC 1   3015                      3446   -431     3135
  SINCE JUL 1   4411                      5297   -886     5115
..................................................................


WIND (MPH)
  HIGHEST WIND SPEED    40   HIGHEST WIND DIRECTION     N (350)
  HIGHEST GUST SPEED    52   HIGHEST GUST DIRECTION     N (350)
  AVERAGE WIND SPEED    28.3


SKY COVER
  POSSIBLE SUNSHINE  MM
  AVERAGE SKY COVER 0.0


WEATHER CONDITIONS
 THE FOLLOWING WEATHER WAS RECORDED TODAY.
  NO SIGNIFICANT WEATHER WAS OBSERVED.


RELATIVE HUMIDITY (PERCENT)
 HIGHEST    82           100 PM
 LOWEST     59           400 AM
 AVERAGE    71

..........................................................


THE SISSETON SD CLIMATE NORMALS FOR TOMORROW
                         NORMAL    RECORD    YEAR
 MAXIMUM TEMPERATURE (F)   26        53      2000
 MINIMUM TEMPERATURE (F)    6       -28      1933


SUNRISE AND SUNSET
FEBRUARY  7 2016......SUNRISE   742 AM CST   SUNSET   542 PM CST
FEBRUARY  8 2016......SUNRISE   741 AM CST   SUNSET   544 PM CST


-  INDICATES NEGATIVE NUMBERS.
R  INDICATES RECORD WAS SET OR TIED.
MM INDICATES DATA IS MISSING.
T  INDICATES TRACE AMOUNT.




$$
