000
CDUS43 KABR 300906
CLI8D3


CLIMATE REPORT
NATIONAL WEATHER SERVICE ABERDEEN SD
405 AM CDT TUE MAY 30 2017


...................................

...THE SISSETON SD CLIMATE SUMMARY FOR MAY 29 2017...

CLIMATE NORMAL PERIOD 1981 TO 2010
CLIMATE RECORD PERIOD 1900 TO 2017


WEATHER ITEM   OBSERVED TIME   RECORD YEAR NORMAL DEPARTURE LAST
                VALUE   (LST)  VALUE       VALUE  FROM      YEAR
                                                  NORMAL
..................................................................
TEMPERATURE (F)
 YESTERDAY
  MAXIMUM         63    320 PM 100    1934  73    -10       81
  MINIMUM         52    914 AM  32    1947  50      2       55
  AVERAGE         58                        61     -3       68

PRECIPITATION (IN)
  YESTERDAY        0.01          1.29 2013   0.08  -0.07     0.00
  MONTH TO DATE    1.14                      2.52  -1.38     0.50
  SINCE MAR 1      2.97                      5.92  -2.95     3.50
  SINCE JAN 1      4.17                      6.78  -2.61     4.67

DEGREE DAYS
 HEATING
  YESTERDAY        7                         5      2        0
  MONTH TO DATE  223                       252    -29      199
  SINCE MAR 1   1873                      1952    -79     1609
  SINCE JUL 1   7137                      8211  -1074     6910

 COOLING
  YESTERDAY        0                         1     -1        3
  MONTH TO DATE   16                        20     -4       33
  SINCE MAR 1     16                        21     -5       33
  SINCE JAN 1     16                        21     -5       33
..................................................................


WIND (MPH)
  HIGHEST WIND SPEED    30   HIGHEST WIND DIRECTION     N (340)
  HIGHEST GUST SPEED    36   HIGHEST GUST DIRECTION    NW (320)
  AVERAGE WIND SPEED    16.2


SKY COVER
  POSSIBLE SUNSHINE  MM
  AVERAGE SKY COVER 0.0


WEATHER CONDITIONS
 THE FOLLOWING WEATHER WAS RECORDED YESTERDAY.
  NO SIGNIFICANT WEATHER WAS OBSERVED.


RELATIVE HUMIDITY (PERCENT)
 HIGHEST    93          1100 AM
 LOWEST     51           600 PM
 AVERAGE    72

..........................................................


THE SISSETON SD CLIMATE NORMALS FOR TODAY
                         NORMAL    RECORD    YEAR
 MAXIMUM TEMPERATURE (F)   73       113      1934
 MINIMUM TEMPERATURE (F)   50        33      1947


SUNRISE AND SUNSET
MAY 30 2017...........SUNRISE   543 AM CDT   SUNSET   909 PM CDT
MAY 31 2017...........SUNRISE   542 AM CDT   SUNSET   909 PM CDT


-  INDICATES NEGATIVE NUMBERS.
R  INDICATES RECORD WAS SET OR TIED.
MM INDICATES DATA IS MISSING.
T  INDICATES TRACE AMOUNT.




$$
