000
CDUS43 KABR 011039
CLI8D3


CLIMATE REPORT
NATIONAL WEATHER SERVICE ABERDEEN SD
538 AM CDT SAT OCT 1 2016


...................................

...THE SISSETON SD CLIMATE SUMMARY FOR SEPTEMBER 30 2016...

CLIMATE NORMAL PERIOD 1981 TO 2010
CLIMATE RECORD PERIOD 1900 TO 2016


WEATHER ITEM   OBSERVED TIME   RECORD YEAR NORMAL DEPARTURE LAST
                VALUE   (LST)  VALUE       VALUE  FROM      YEAR
                                                  NORMAL
..................................................................
TEMPERATURE (F)
 YESTERDAY
  MAXIMUM         71    353 PM  90    1976  66      5       72
  MINIMUM         38    418 AM  26    2003  41     -3       42
                                      1939
  AVERAGE         55                        53      2       57

PRECIPITATION (IN)
  YESTERDAY        0.00          1.03 1903   0.08  -0.08     0.00
  MONTH TO DATE    2.20                      2.54  -0.34     0.34
  SINCE SEP 1      2.20                      2.54  -0.34     0.34
  SINCE JAN 1     17.64                     19.28  -1.64    14.73

DEGREE DAYS
 HEATING
  YESTERDAY       10                        12     -2        8
  MONTH TO DATE  118                       203    -85       92
  SINCE SEP 1    118                       202    -84       92
  SINCE JUL 1    145                       245   -100      150

 COOLING
  YESTERDAY        0                         0      0        0
  MONTH TO DATE   44                        44      0      118
  SINCE SEP 1     44                        44      0      118
  SINCE JAN 1    625                       523    102      619
..................................................................


WIND (MPH)
  HIGHEST WIND SPEED    17   HIGHEST WIND DIRECTION     S (160)
  HIGHEST GUST SPEED    23   HIGHEST GUST DIRECTION     S (180)
  AVERAGE WIND SPEED     7.1


SKY COVER
  POSSIBLE SUNSHINE  MM
  AVERAGE SKY COVER 0.0


WEATHER CONDITIONS
 THE FOLLOWING WEATHER WAS RECORDED YESTERDAY.
  NO SIGNIFICANT WEATHER WAS OBSERVED.


RELATIVE HUMIDITY (PERCENT)
 HIGHEST   100           300 AM
 LOWEST     44           300 PM
 AVERAGE    72

..........................................................


THE SISSETON SD CLIMATE NORMALS FOR TODAY
                         NORMAL    RECORD    YEAR
 MAXIMUM TEMPERATURE (F)   65        90      1992
 MINIMUM TEMPERATURE (F)   41        22      2003


SUNRISE AND SUNSET
OCTOBER  1 2016.......SUNRISE   727 AM CDT   SUNSET   707 PM CDT
OCTOBER  2 2016.......SUNRISE   728 AM CDT   SUNSET   705 PM CDT


-  INDICATES NEGATIVE NUMBERS.
R  INDICATES RECORD WAS SET OR TIED.
MM INDICATES DATA IS MISSING.
T  INDICATES TRACE AMOUNT.




$$
