000
CDUS46 KMFR 280835
CLIAAT


CLIMATE REPORT
NATIONAL WEATHER SERVICE MEDFORD, OR
135 AM PDT WED JUN 28 2017


...................................

...THE ALTURAS CA CLIMATE SUMMARY FOR JUNE 27 2017...

CLIMATE NORMAL PERIOD 1981 TO 2010
CLIMATE RECORD PERIOD 1905 TO 2017


WEATHER ITEM   OBSERVED TIME   RECORD YEAR NORMAL DEPARTURE LAST
                VALUE   (LST)  VALUE       VALUE  FROM      YEAR
                                                  NORMAL
..................................................................
TEMPERATURE (F)
 YESTERDAY
  MAXIMUM         86        MM  99    2015  82      4       93
                                      1956
  MINIMUM         44        MM  30    1980  43      1       46
  AVERAGE         65                        63      2       70

PRECIPITATION (IN)
  YESTERDAY        0.00          0.45 1970   0.01  -0.01     0.00
  MONTH TO DATE    1.16                      0.88   0.28     0.56
  SINCE OCT 1     14.28                     12.93   1.35    13.37
  SINCE JAN 1     10.53                      8.42   2.11     7.39

SNOWFALL (IN)
  YESTERDAY       MM                        MM     MM       MM
  MONTH TO DATE   MM                        MM     MM       MM
  SINCE JUL 1     MM                        MM     MM       MM
  SNOW DEPTH      MM

DEGREE DAYS
 HEATING
  YESTERDAY        0                         3     -3        0
  MONTH TO DATE  109                       171    -62      118
  SINCE JUN 1    109                       171    -62      118
  SINCE JUL 1   6354                      6928   -574     5993

 COOLING
  YESTERDAY        0                         1     -1        5
  MONTH TO DATE   79                         6     73       29
  SINCE JUN 1     79                         6     73       29
  SINCE JAN 1     79                         6     73       29
..................................................................


WIND (MPH)
  HIGHEST WIND SPEED    20   HIGHEST WIND DIRECTION     W (280)
  HIGHEST GUST SPEED    25   HIGHEST GUST DIRECTION    SW (240)
  AVERAGE WIND SPEED     6.4


SKY COVER
  POSSIBLE SUNSHINE  MM
  AVERAGE SKY COVER 0.0


WEATHER CONDITIONS
 THE FOLLOWING WEATHER WAS RECORDED YESTERDAY.
  NO SIGNIFICANT WEATHER WAS OBSERVED.


RELATIVE HUMIDITY (PERCENT)
 HIGHEST    83           500 AM
 LOWEST     10          1200 PM
 AVERAGE    47

..........................................................


THE ALTURAS CA CLIMATE NORMALS FOR TODAY
                         NORMAL    RECORD    YEAR
 MAXIMUM TEMPERATURE (F)   83        99      1956
                                             1973
 MINIMUM TEMPERATURE (F)   43        32      1983


SUNRISE AND SUNSET
JUNE 28 2017..........SUNRISE   531 AM PDT   SUNSET   840 PM PDT
JUNE 29 2017..........SUNRISE   531 AM PDT   SUNSET   840 PM PDT


-  INDICATES NEGATIVE NUMBERS.
R  INDICATES RECORD WAS SET OR TIED.
MM INDICATES DATA IS MISSING.
T  INDICATES TRACE AMOUNT.




$$
