000
CDUS46 KMFR 050037
CLIAAT


CLIMATE REPORT
NATIONAL WEATHER SERVICE MEDFORD, OR
537 PM PDT TUE AUG 4 2015


...................................

...THE ALTURAS CA CLIMATE SUMMARY FOR AUGUST 4 2015...
VALID TODAY AS OF 0500 PM LOCAL TIME.

CLIMATE NORMAL PERIOD 1981 TO 2010
CLIMATE RECORD PERIOD 1905 TO 2015


WEATHER ITEM   OBSERVED TIME   RECORD YEAR NORMAL DEPARTURE LAST
                VALUE   (LST)  VALUE       VALUE  FROM      YEAR
                                                  NORMAL
..................................................................
TEMPERATURE (F)
 TODAY
  MAXIMUM         89    304 PM 106    1961  89      0       89
  MINIMUM         46    527 AM  33    1963  45      1       59
  AVERAGE         68                        67      1       74

PRECIPITATION (IN)
  TODAY            0.00          0.08 2014   0.01  -0.01     0.08
  MONTH TO DATE    0.08                      0.04   0.04     0.08
  SINCE OCT 1     11.16                     13.33  -2.17     6.53
  SINCE JAN 1      6.65                      8.82  -2.17     5.90

SNOWFALL (IN)
  TODAY           MM                        MM     MM       MM
  MONTH TO DATE   MM                        MM     MM       MM
  SINCE JUL 1     MM                        MM     MM       MM
  SNOW DEPTH      MM

DEGREE DAYS
 HEATING
  TODAY            0                         1     -1        0
  MONTH TO DATE    0                         4     -4        0
  SINCE JUN 1     53                       225   -172       95
  SINCE JUL 1     23                        45    -22        6

 COOLING
  TODAY            3                         3      0        9
  MONTH TO DATE   32                        12     20       28
  SINCE JUN 1    266                       107    159      301
  SINCE JAN 1    266                       107    159      301
..................................................................


WIND (MPH)
  HIGHEST WIND SPEED    20   HIGHEST WIND DIRECTION     W (270)
  HIGHEST GUST SPEED    24   HIGHEST GUST DIRECTION     W (270)
  AVERAGE WIND SPEED     3.7


SKY COVER
  POSSIBLE SUNSHINE  MM
  AVERAGE SKY COVER 0.0


WEATHER CONDITIONS
 THE FOLLOWING WEATHER WAS RECORDED TODAY.
  NO SIGNIFICANT WEATHER WAS OBSERVED.


RELATIVE HUMIDITY (PERCENT)
 HIGHEST    86           300 AM
 LOWEST     12           300 PM
 AVERAGE    49

..........................................................


THE ALTURAS CA CLIMATE NORMALS FOR TOMORROW
                         NORMAL    RECORD    YEAR
 MAXIMUM TEMPERATURE (F)   89       104      1961
 MINIMUM TEMPERATURE (F)   45        31      1969


SUNRISE AND SUNSET
AUGUST  4 2015........SUNRISE   600 AM PDT   SUNSET   816 PM PDT
AUGUST  5 2015........SUNRISE   601 AM PDT   SUNSET   815 PM PDT


-  INDICATES NEGATIVE NUMBERS.
R  INDICATES RECORD WAS SET OR TIED.
MM INDICATES DATA IS MISSING.
T  INDICATES TRACE AMOUNT.




$$
