744
CDUS46 KMFR 230835
CLIAAT


CLIMATE REPORT
NATIONAL WEATHER SERVICE MEDFORD, OR
1235 AM PST THU FEB 23 2017


...................................

...THE ALTURAS CA CLIMATE SUMMARY FOR FEBRUARY 22 2017...

CLIMATE NORMAL PERIOD 1981 TO 2010
CLIMATE RECORD PERIOD 1905 TO 2017


WEATHER ITEM   OBSERVED TIME   RECORD YEAR NORMAL DEPARTURE LAST
                VALUE   (LST)  VALUE       VALUE  FROM      YEAR
                                                  NORMAL
..................................................................
TEMPERATURE (F)
 YESTERDAY
  MAXIMUM         35   1239 PM  66    1995  48    -13       49
  MINIMUM         23   1159 PM -14    1913  23      0       23
  AVERAGE         29                        35     -6       36

PRECIPITATION (IN)
  YESTERDAY        0.29          0.58 1968   0.06   0.23     0.00
  MONTH TO DATE    3.04                      1.12   1.92     0.45
  SINCE OCT 1     10.05                      7.28   2.77     8.43
  SINCE JAN 1      6.30                      2.77   3.53     2.45

SNOWFALL (IN)
  YESTERDAY       MM                        MM     MM       MM
  MONTH TO DATE   MM                        MM     MM       MM
  SINCE JUL 1     MM                        MM     MM       MM
  SNOW DEPTH      MM

DEGREE DAYS
 HEATING
  YESTERDAY       36                        30      6       29
  MONTH TO DATE  558                       695   -137      587
  SINCE DEC 1   2911                      2883     28     2703
  SINCE JUL 1   4419                      4693   -274     4230

 COOLING
  YESTERDAY        0                         0      0        0
  MONTH TO DATE    0                         0      0        0
  SINCE DEC 1      0                         0      0        0
  SINCE JAN 1      0                         0      0        0
..................................................................


WIND (MPH)
  HIGHEST WIND SPEED    25   HIGHEST WIND DIRECTION    NW (300)
  HIGHEST GUST SPEED    30   HIGHEST GUST DIRECTION    NW (310)
  AVERAGE WIND SPEED     5.3


SKY COVER
  POSSIBLE SUNSHINE  MM
  AVERAGE SKY COVER 0.8


WEATHER CONDITIONS
 THE FOLLOWING WEATHER WAS RECORDED YESTERDAY.
  HEAVY SNOW
  SNOW
  LIGHT SNOW
  FOG
  FOG W/VISIBILITY <= 1/4 MILE
  HAZE


RELATIVE HUMIDITY (PERCENT)
 HIGHEST   100           100 AM
 LOWEST     69          1100 AM
 AVERAGE    85

..........................................................


THE ALTURAS CA CLIMATE NORMALS FOR TODAY
                         NORMAL    RECORD    YEAR
 MAXIMUM TEMPERATURE (F)   48        68      1995
 MINIMUM TEMPERATURE (F)   23         0      1919


SUNRISE AND SUNSET
FEBRUARY 23 2017......SUNRISE   645 AM PST   SUNSET   546 PM PST
FEBRUARY 24 2017......SUNRISE   644 AM PST   SUNSET   547 PM PST


-  INDICATES NEGATIVE NUMBERS.
R  INDICATES RECORD WAS SET OR TIED.
MM INDICATES DATA IS MISSING.
T  INDICATES TRACE AMOUNT.




$$
