000
CDUS46 KMFR 070849
CLIAAT


CLIMATE REPORT
NATIONAL WEATHER SERVICE MEDFORD, OR
149 AM PDT TUE JUL 7 2015


...................................

...THE ALTURAS CA CLIMATE SUMMARY FOR JULY 6 2015...

CLIMATE NORMAL PERIOD 1981 TO 2010
CLIMATE RECORD PERIOD 1905 TO 2015


WEATHER ITEM   OBSERVED TIME   RECORD YEAR NORMAL DEPARTURE LAST
                VALUE   (LST)  VALUE       VALUE  FROM      YEAR
                                                  NORMAL
..................................................................
TEMPERATURE (F)
 YESTERDAY
  MAXIMUM         90    207 PM  99    2014  86      4       99
  MINIMUM         54    502 AM  30    1961  44     10       42
  AVERAGE         72                        65      7       71

PRECIPITATION (IN)
  YESTERDAY        0.00          T    2007   0.01  -0.01     0.00
  MONTH TO DATE    0.26                      0.06   0.20     0.00
  SINCE OCT 1     10.17                     13.01  -2.84     6.04
  SINCE JAN 1      5.66                      8.50  -2.84     5.41

SNOWFALL (IN)
  YESTERDAY       MM                        MM     MM       MM
  MONTH TO DATE   MM                        MM     MM       MM
  SINCE JUL 1     MM                        MM     MM       MM
  SNOW DEPTH      MM

DEGREE DAYS
 HEATING
  YESTERDAY        0                         2     -2        0
  MONTH TO DATE    0                        13    -13        0
  SINCE JUN 1     30                       193   -163       89
  SINCE JUL 1      0                        13    -13        0

 COOLING
  YESTERDAY        7                         2      5        6
  MONTH TO DATE   68                         9     59       38
  SINCE JUN 1    171                        20    151       58
  SINCE JAN 1    171                        20    151       58
..................................................................


WIND (MPH)
  HIGHEST WIND SPEED    21   HIGHEST WIND DIRECTION     W (270)
  HIGHEST GUST SPEED    26   HIGHEST GUST DIRECTION     W (270)
  AVERAGE WIND SPEED     3.5


SKY COVER
  POSSIBLE SUNSHINE  MM
  AVERAGE SKY COVER 0.1


WEATHER CONDITIONS
 THE FOLLOWING WEATHER WAS RECORDED YESTERDAY.
  THUNDERSTORM


RELATIVE HUMIDITY (PERCENT)
 HIGHEST    93           200 AM
 LOWEST     21           200 PM
 AVERAGE    57

..........................................................


THE ALTURAS CA CLIMATE NORMALS FOR TODAY
                         NORMAL    RECORD    YEAR
 MAXIMUM TEMPERATURE (F)   86       102      2014
 MINIMUM TEMPERATURE (F)   44        29      1929


SUNRISE AND SUNSET
JULY  7 2015..........SUNRISE   536 AM PDT   SUNSET   838 PM PDT
JULY  8 2015..........SUNRISE   536 AM PDT   SUNSET   838 PM PDT


-  INDICATES NEGATIVE NUMBERS.
R  INDICATES RECORD WAS SET OR TIED.
MM INDICATES DATA IS MISSING.
T  INDICATES TRACE AMOUNT.




$$
