000
CDUS46 KMFR 120837
CLIAAT


CLIMATE REPORT
NATIONAL WEATHER SERVICE MEDFORD, OR
1236 AM PST FRI FEB 12 2016


...................................

...THE ALTURAS CA CLIMATE SUMMARY FOR FEBRUARY 11 2016...

CLIMATE NORMAL PERIOD 1981 TO 2010
CLIMATE RECORD PERIOD 1905 TO 2016


WEATHER ITEM   OBSERVED TIME   RECORD YEAR NORMAL DEPARTURE LAST
                VALUE   (LST)  VALUE       VALUE  FROM      YEAR
                                                  NORMAL
..................................................................
TEMPERATURE (F)
 YESTERDAY
  MAXIMUM         66R   129 PM  63    1963  45     21       60
  MINIMUM         30    416 AM  -3    1913  21      9       28
  AVERAGE         48                        33     15       44

PRECIPITATION (IN)
  YESTERDAY        0.00          0.65 1941   0.05  -0.05     0.00
  MONTH TO DATE    0.09                      0.53  -0.44     0.86
  SINCE OCT 1      8.07                      6.69   1.38     5.48
  SINCE JAN 1      2.09                      2.18  -0.09     0.97

SNOWFALL (IN)
  YESTERDAY       MM                        MM     MM       MM
  MONTH TO DATE   MM                        MM     MM       MM
  SINCE JUL 1     MM                        MM     MM       MM
  SNOW DEPTH      MM

DEGREE DAYS
 HEATING
  YESTERDAY       17                        32    -15       21
  MONTH TO DATE  337                       358    -21      228
  SINCE DEC 1   2453                      2546    -93     1919
  SINCE JUL 1   3980                      4356   -376     3210

 COOLING
  YESTERDAY        0                         0      0        0
  MONTH TO DATE    0                         0      0        0
  SINCE DEC 1      0                         0      0        0
  SINCE JAN 1      0                         0      0        0
..................................................................


WIND (MPH)
  HIGHEST WIND SPEED    16   HIGHEST WIND DIRECTION     S (180)
  HIGHEST GUST SPEED    21   HIGHEST GUST DIRECTION     S (170)
  AVERAGE WIND SPEED     4.4


SKY COVER
  POSSIBLE SUNSHINE  MM
  AVERAGE SKY COVER 0.1


WEATHER CONDITIONS
 THE FOLLOWING WEATHER WAS RECORDED YESTERDAY.
  HAZE


RELATIVE HUMIDITY (PERCENT)
 HIGHEST    92           300 AM
 LOWEST     27           200 PM
 AVERAGE    60

..........................................................


THE ALTURAS CA CLIMATE NORMALS FOR TODAY
                         NORMAL    RECORD    YEAR
 MAXIMUM TEMPERATURE (F)   46        75      1934
 MINIMUM TEMPERATURE (F)   21       -10      1959


SUNRISE AND SUNSET
FEBRUARY 12 2016......SUNRISE   702 AM PST   SUNSET   532 PM PST
FEBRUARY 13 2016......SUNRISE   700 AM PST   SUNSET   533 PM PST


-  INDICATES NEGATIVE NUMBERS.
R  INDICATES RECORD WAS SET OR TIED.
MM INDICATES DATA IS MISSING.
T  INDICATES TRACE AMOUNT.




$$
