000
CDUS46 KMFR 230837
CLIAAT


CLIMATE REPORT
NATIONAL WEATHER SERVICE MEDFORD, OR
137 AM PDT WED APR 23 2014


...................................

...THE ALTURAS CA CLIMATE SUMMARY FOR APRIL 22 2014...

CLIMATE NORMAL PERIOD 1981 TO 2010
CLIMATE RECORD PERIOD 1905 TO 2014


WEATHER ITEM   OBSERVED TIME   RECORD YEAR NORMAL DEPARTURE LAST
                VALUE   (LST)  VALUE       VALUE  FROM      YEAR
                                                  NORMAL
..................................................................
TEMPERATURE (F)
 YESTERDAY
  MAXIMUM         52    231 PM  84    2012  60     -8       59
  MINIMUM         33   1016 PM  14    1968  30      3       25
  AVERAGE         43                        45     -2       42

PRECIPITATION (IN)
  YESTERDAY        0.03          0.58 1988   0.06  -0.03     0.00
  MONTH TO DATE    0.23                      1.13  -0.90     1.44
  SINCE SEP 1      5.13                     10.78  -5.65     6.83
  SINCE JAN 1      3.99                      5.75  -1.76     2.49

SNOWFALL (IN)
  YESTERDAY       MM                        MM     MM       MM
  MONTH TO DATE   MM                        MM     MM       MM
  SINCE JUL 1      0.0                      MM     MM       MM
  SNOW DEPTH      MM

DEGREE DAYS
 HEATING
  YESTERDAY       22                        20      2       23
  MONTH TO DATE  385                       501   -116      487
  SINCE MAR 1   1129                      1326   -197     1254
  SINCE JUL 1   5894                      6193   -299     5840

 COOLING
  YESTERDAY        0                         0      0        0
  MONTH TO DATE    0                         0      0        0
  SINCE MAR 1      0                         0      0        0
  SINCE JAN 1      0                         0      0        0
..................................................................


WIND (MPH)
  HIGHEST WIND SPEED    26   HIGHEST WIND DIRECTION    NW (320)
  HIGHEST GUST SPEED    34   HIGHEST GUST DIRECTION    NW (320)
  AVERAGE WIND SPEED    12.1


SKY COVER
  POSSIBLE SUNSHINE  MM
  AVERAGE SKY COVER 0.8


WEATHER CONDITIONS
 THE FOLLOWING WEATHER WAS RECORDED YESTERDAY.
  LIGHT SNOW
  FOG


RELATIVE HUMIDITY (PERCENT)
 HIGHEST    96          1100 PM
 LOWEST     24           300 PM
 AVERAGE    60

..........................................................


THE ALTURAS CA CLIMATE NORMALS FOR TODAY
                         NORMAL    RECORD    YEAR
 MAXIMUM TEMPERATURE (F)   60        85      1910
 MINIMUM TEMPERATURE (F)   30        19      2008
                                             1976


SUNRISE AND SUNSET
APRIL 23 2014.........SUNRISE   610 AM PDT   SUNSET   752 PM PDT
APRIL 24 2014.........SUNRISE   609 AM PDT   SUNSET   753 PM PDT


-  INDICATES NEGATIVE NUMBERS.
R  INDICATES RECORD WAS SET OR TIED.
MM INDICATES DATA IS MISSING.
T  INDICATES TRACE AMOUNT.




$$
