000
CDUS46 KMFR 120844
CLIAAT


CLIMATE REPORT
NATIONAL WEATHER SERVICE MEDFORD, OR
144 AM PDT SAT JUL 12 2014


...................................

...THE ALTURAS CA CLIMATE SUMMARY FOR JULY 11 2014...

CLIMATE NORMAL PERIOD 1981 TO 2010
CLIMATE RECORD PERIOD 1905 TO 2014


WEATHER ITEM   OBSERVED TIME   RECORD YEAR NORMAL DEPARTURE LAST
                VALUE   (LST)  VALUE       VALUE  FROM      YEAR
                                                  NORMAL
..................................................................
TEMPERATURE (F)
 YESTERDAY
  MAXIMUM         85    509 PM 107    2002  87     -2       89
  MINIMUM         62    334 AM  32    1997  45     17       40
  AVERAGE         74                        66      8       65

PRECIPITATION (IN)
  YESTERDAY        0.01          0.15 1952   0.01   0.00     0.00
  MONTH TO DATE    0.36                      0.09   0.27      T
  SINCE SEP 1      6.91                     13.56  -6.65     8.77
  SINCE JAN 1      5.77                      8.53  -2.76     4.43

SNOWFALL (IN)
  YESTERDAY       MM                        MM     MM       MM
  MONTH TO DATE   MM                        MM     MM       MM
  SINCE JUL 1     MM                        MM     MM       MM
  SNOW DEPTH      MM

DEGREE DAYS
 HEATING
  YESTERDAY        0                         1     -1        0
  MONTH TO DATE    0                        21    -21        0
  SINCE JUN 1     89                       201   -112      156
  SINCE JUL 1      0                        21    -21        0

 COOLING
  YESTERDAY        9                         2      7        0
  MONTH TO DATE   95                        19     76       69
  SINCE JUN 1    115                        30     85      112
  SINCE JAN 1    115                        30     85      112
..................................................................


WIND (MPH)
  HIGHEST WIND SPEED    13   HIGHEST WIND DIRECTION     W (260)
  HIGHEST GUST SPEED    17   HIGHEST GUST DIRECTION     N (350)
  AVERAGE WIND SPEED     3.5


SKY COVER
  POSSIBLE SUNSHINE  MM
  AVERAGE SKY COVER 0.3


WEATHER CONDITIONS
 THE FOLLOWING WEATHER WAS RECORDED YESTERDAY.
  LIGHT RAIN


RELATIVE HUMIDITY (PERCENT)
 HIGHEST    52          1000 PM
 LOWEST     27           100 PM
 AVERAGE    40

..........................................................


THE ALTURAS CA CLIMATE NORMALS FOR TODAY
                         NORMAL    RECORD    YEAR
 MAXIMUM TEMPERATURE (F)   88       101      1961
 MINIMUM TEMPERATURE (F)   45        30      1974


SUNRISE AND SUNSET
JULY 12 2014..........SUNRISE   539 AM PDT   SUNSET   836 PM PDT
JULY 13 2014..........SUNRISE   540 AM PDT   SUNSET   836 PM PDT


-  INDICATES NEGATIVE NUMBERS.
R  INDICATES RECORD WAS SET OR TIED.
MM INDICATES DATA IS MISSING.
T  INDICATES TRACE AMOUNT.




$$
